{"id":197977,"date":"2014-11-26T03:18:52","date_gmt":"2014-11-26T09:18:52","guid":{"rendered":"http:\/\/www.diarioimagen.net\/wp-content\/uploads\/2014\/11\/eruviel-2494.jpg"},"modified":"2014-11-26T03:19:04","modified_gmt":"2014-11-26T09:19:04","slug":"eruviel-2494","status":"inherit","type":"attachment","link":"https:\/\/www.diarioimagen.net\/?attachment_id=197977","title":{"rendered":"eruviel-2494"},"author":1,"featured_media":0,"comment_status":"open","ping_status":"open","template":"","meta":{"_monsterinsights_skip_tracking":false,"_monsterinsights_sitenote_active":false,"_monsterinsights_sitenote_note":"","_monsterinsights_sitenote_category":0},"class_list":["post-197977","attachment","type-attachment","status-inherit","hentry"],"description":{"rendered":"<p class=\"attachment\"><a href='https:\/\/www.diarioimagen.net\/wp-content\/uploads\/2014\/11\/eruviel-2494.jpg'><img loading=\"lazy\" decoding=\"async\" width=\"240\" height=\"135\" src=\"https:\/\/www.diarioimagen.net\/wp-content\/uploads\/2014\/11\/eruviel-2494-240x135.jpg\" class=\"attachment-medium size-medium\" alt=\"\" srcset=\"https:\/\/www.diarioimagen.net\/wp-content\/uploads\/2014\/11\/eruviel-2494-240x135.jpg 240w, https:\/\/www.diarioimagen.net\/wp-content\/uploads\/2014\/11\/eruviel-2494-420x236.jpg 420w, https:\/\/www.diarioimagen.net\/wp-content\/uploads\/2014\/11\/eruviel-2494-480x270.jpg 480w, https:\/\/www.diarioimagen.net\/wp-content\/uploads\/2014\/11\/eruviel-2494-235x132.jpg 235w, https:\/\/www.diarioimagen.net\/wp-content\/uploads\/2014\/11\/eruviel-2494-202x114.jpg 202w, https:\/\/www.diarioimagen.net\/wp-content\/uploads\/2014\/11\/eruviel-2494-350x196.jpg 350w, https:\/\/www.diarioimagen.net\/wp-content\/uploads\/2014\/11\/eruviel-2494-220x123.jpg 220w, https:\/\/www.diarioimagen.net\/wp-content\/uploads\/2014\/11\/eruviel-2494-237x132.jpg 237w, https:\/\/www.diarioimagen.net\/wp-content\/uploads\/2014\/11\/eruviel-2494.jpg 1200w\" sizes=\"auto, (max-width: 240px) 100vw, 240px\" \/><\/a><\/p>\n"},"caption":{"rendered":"<p>El gobernador del Estado de M\u00e9xico, Eruviel \u00c1vila Villegas, hizo un llamado para que sociedad y gobierno realicen una cruzada para prevenir y sancionar la violencia contra la mujer y destac\u00f3 que la administraci\u00f3n estatal est\u00e1 en alerta permanente para sancionar a los agresores y brinda apoyos para el desarrollo del sector femenil de la poblaci\u00f3n mediante programas dise\u00f1ados especialmente para ellas.<\/p>\n"},"alt_text":"","media_type":"image","mime_type":"image\/jpeg","media_details":{"width":1200,"height":675,"file":"2014\/11\/eruviel-2494.jpg","sizes":{"thumbnail":{"file":"eruviel-2494-150x150.jpg","width":150,"height":150,"mime_type":"image\/jpeg","source_url":"https:\/\/www.diarioimagen.net\/wp-content\/uploads\/2014\/11\/eruviel-2494-150x150.jpg"},"medium":{"file":"eruviel-2494-240x135.jpg","width":240,"height":135,"mime_type":"image\/jpeg","source_url":"https:\/\/www.diarioimagen.net\/wp-content\/uploads\/2014\/11\/eruviel-2494-240x135.jpg"},"large":{"file":"eruviel-2494-420x236.jpg","width":420,"height":236,"mime_type":"image\/jpeg","source_url":"https:\/\/www.diarioimagen.net\/wp-content\/uploads\/2014\/11\/eruviel-2494-420x236.jpg"},"post-thumbnail":{"file":"eruviel-2494-50x50.jpg","width":50,"height":50,"mime_type":"image\/jpeg","source_url":"https:\/\/www.diarioimagen.net\/wp-content\/uploads\/2014\/11\/eruviel-2494-50x50.jpg"},"blgn-featured":{"file":"eruviel-2494-480x270.jpg","width":480,"height":270,"mime_type":"image\/jpeg","source_url":"https:\/\/www.diarioimagen.net\/wp-content\/uploads\/2014\/11\/eruviel-2494-480x270.jpg"},"blgn-below_featured":{"file":"eruviel-2494-235x132.jpg","width":235,"height":132,"mime_type":"image\/jpeg","source_url":"https:\/\/www.diarioimagen.net\/wp-content\/uploads\/2014\/11\/eruviel-2494-235x132.jpg"},"blgn-mediabar":{"file":"eruviel-2494-202x114.jpg","width":202,"height":114,"mime_type":"image\/jpeg","source_url":"https:\/\/www.diarioimagen.net\/wp-content\/uploads\/2014\/11\/eruviel-2494-202x114.jpg"},"blgn-secondary_left":{"file":"eruviel-2494-75x75.jpg","width":75,"height":75,"mime_type":"image\/jpeg","source_url":"https:\/\/www.diarioimagen.net\/wp-content\/uploads\/2014\/11\/eruviel-2494-75x75.jpg"},"blgn-secondary_right":{"file":"eruviel-2494-75x75.jpg","width":75,"height":75,"mime_type":"image\/jpeg","source_url":"https:\/\/www.diarioimagen.net\/wp-content\/uploads\/2014\/11\/eruviel-2494-75x75.jpg"},"blgn-secondary_mid_big":{"file":"eruviel-2494-350x196.jpg","width":350,"height":196,"mime_type":"image\/jpeg","source_url":"https:\/\/www.diarioimagen.net\/wp-content\/uploads\/2014\/11\/eruviel-2494-350x196.jpg"},"blgn-secondary_mid_small":{"file":"eruviel-2494-70x70.jpg","width":70,"height":70,"mime_type":"image\/jpeg","source_url":"https:\/\/www.diarioimagen.net\/wp-content\/uploads\/2014\/11\/eruviel-2494-70x70.jpg"},"blgn-subnews":{"file":"eruviel-2494-220x123.jpg","width":220,"height":123,"mime_type":"image\/jpeg","source_url":"https:\/\/www.diarioimagen.net\/wp-content\/uploads\/2014\/11\/eruviel-2494-220x123.jpg"},"blgn-excerpt_thumb":{"file":"eruviel-2494-90x65.jpg","width":90,"height":65,"mime_type":"image\/jpeg","source_url":"https:\/\/www.diarioimagen.net\/wp-content\/uploads\/2014\/11\/eruviel-2494-90x65.jpg"},"blgn-media_gallery":{"file":"eruviel-2494-237x132.jpg","width":237,"height":132,"mime_type":"image\/jpeg","source_url":"https:\/\/www.diarioimagen.net\/wp-content\/uploads\/2014\/11\/eruviel-2494-237x132.jpg"},"full":{"file":"eruviel-2494.jpg","width":1200,"height":675,"mime_type":"image\/jpeg","source_url":"https:\/\/www.diarioimagen.net\/wp-content\/uploads\/2014\/11\/eruviel-2494.jpg"}},"image_meta":{"aperture":0,"credit":"","camera":"","caption":"","created_timestamp":0,"copyright":"","focal_length":0,"iso":0,"shutter_speed":0,"title":"","orientation":0}},"post":197908,"source_url":"https:\/\/www.diarioimagen.net\/wp-content\/uploads\/2014\/11\/eruviel-2494.jpg","_links":{"self":[{"href":"https:\/\/www.diarioimagen.net\/index.php?rest_route=\/wp\/v2\/media\/197977","targetHints":{"allow":["GET"]}}],"collection":[{"href":"https:\/\/www.diarioimagen.net\/index.php?rest_route=\/wp\/v2\/media"}],"about":[{"href":"https:\/\/www.diarioimagen.net\/index.php?rest_route=\/wp\/v2\/types\/attachment"}],"author":[{"embeddable":true,"href":"https:\/\/www.diarioimagen.net\/index.php?rest_route=\/wp\/v2\/users\/1"}],"replies":[{"embeddable":true,"href":"https:\/\/www.diarioimagen.net\/index.php?rest_route=%2Fwp%2Fv2%2Fcomments&post=197977"}]}}

<p>El gobernador del Estado de México, Eruviel Ávila Villegas, hizo un llamado para que sociedad y gobierno realicen una cruzada para prevenir y sancionar la violencia contra la mujer y destacó que la administración estatal está en alerta permanente para sancionar a los agresores y brinda apoyos para el desarrollo del sector femenil de la población mediante programas diseñados especialmente para ellas.</p>
