{"id":198121,"date":"2014-11-27T03:28:36","date_gmt":"2014-11-27T09:28:36","guid":{"rendered":"http:\/\/www.diarioimagen.net\/wp-content\/uploads\/2014\/11\/eruviel-2495.jpg"},"modified":"2014-11-27T03:28:56","modified_gmt":"2014-11-27T09:28:56","slug":"eruviel-2495","status":"inherit","type":"attachment","link":"https:\/\/www.diarioimagen.net\/?attachment_id=198121","title":{"rendered":"eruviel-2495"},"author":1,"featured_media":0,"comment_status":"open","ping_status":"open","template":"","meta":{"_monsterinsights_skip_tracking":false,"_monsterinsights_sitenote_active":false,"_monsterinsights_sitenote_note":"","_monsterinsights_sitenote_category":0},"class_list":["post-198121","attachment","type-attachment","status-inherit","hentry"],"description":{"rendered":"<p class=\"attachment\"><a href='https:\/\/www.diarioimagen.net\/wp-content\/uploads\/2014\/11\/eruviel-2495.jpg'><img loading=\"lazy\" decoding=\"async\" width=\"240\" height=\"159\" src=\"https:\/\/www.diarioimagen.net\/wp-content\/uploads\/2014\/11\/eruviel-2495-240x159.jpg\" class=\"attachment-medium size-medium\" alt=\"\" srcset=\"https:\/\/www.diarioimagen.net\/wp-content\/uploads\/2014\/11\/eruviel-2495-240x159.jpg 240w, https:\/\/www.diarioimagen.net\/wp-content\/uploads\/2014\/11\/eruviel-2495-420x278.jpg 420w, https:\/\/www.diarioimagen.net\/wp-content\/uploads\/2014\/11\/eruviel-2495.jpg 1200w\" sizes=\"auto, (max-width: 240px) 100vw, 240px\" \/><\/a><\/p>\n"},"caption":{"rendered":"<p>Durante la entrega de las Acciones para la Mujer en este municipio, el gobernador Eruviel \u00c1vila Villegas inaugur\u00f3 la Plaza Estado de M\u00e9xico y destac\u00f3 que, de acuerdo con la Encuesta Nacional sobre Percepci\u00f3n de Inseguridad, Conductas de Riesgo y Participaci\u00f3n Social en Espacios P\u00fablicos, 8 de cada 10 personas se sienten m\u00e1s seguras en espacios p\u00fablicos rescatados.<\/p>\n"},"alt_text":"","media_type":"image","mime_type":"image\/jpeg","media_details":{"width":1200,"height":797,"file":"2014\/11\/eruviel-2495.jpg","sizes":{"thumbnail":{"file":"eruviel-2495-150x150.jpg","width":150,"height":150,"mime_type":"image\/jpeg","source_url":"https:\/\/www.diarioimagen.net\/wp-content\/uploads\/2014\/11\/eruviel-2495-150x150.jpg"},"medium":{"file":"eruviel-2495-240x159.jpg","width":240,"height":159,"mime_type":"image\/jpeg","source_url":"https:\/\/www.diarioimagen.net\/wp-content\/uploads\/2014\/11\/eruviel-2495-240x159.jpg"},"large":{"file":"eruviel-2495-420x278.jpg","width":420,"height":278,"mime_type":"image\/jpeg","source_url":"https:\/\/www.diarioimagen.net\/wp-content\/uploads\/2014\/11\/eruviel-2495-420x278.jpg"},"post-thumbnail":{"file":"eruviel-2495-50x50.jpg","width":50,"height":50,"mime_type":"image\/jpeg","source_url":"https:\/\/www.diarioimagen.net\/wp-content\/uploads\/2014\/11\/eruviel-2495-50x50.jpg"},"blgn-featured":{"file":"eruviel-2495-480x270.jpg","width":480,"height":270,"mime_type":"image\/jpeg","source_url":"https:\/\/www.diarioimagen.net\/wp-content\/uploads\/2014\/11\/eruviel-2495-480x270.jpg"},"blgn-below_featured":{"file":"eruviel-2495-235x132.jpg","width":235,"height":132,"mime_type":"image\/jpeg","source_url":"https:\/\/www.diarioimagen.net\/wp-content\/uploads\/2014\/11\/eruviel-2495-235x132.jpg"},"blgn-mediabar":{"file":"eruviel-2495-202x114.jpg","width":202,"height":114,"mime_type":"image\/jpeg","source_url":"https:\/\/www.diarioimagen.net\/wp-content\/uploads\/2014\/11\/eruviel-2495-202x114.jpg"},"blgn-secondary_left":{"file":"eruviel-2495-75x75.jpg","width":75,"height":75,"mime_type":"image\/jpeg","source_url":"https:\/\/www.diarioimagen.net\/wp-content\/uploads\/2014\/11\/eruviel-2495-75x75.jpg"},"blgn-secondary_right":{"file":"eruviel-2495-75x75.jpg","width":75,"height":75,"mime_type":"image\/jpeg","source_url":"https:\/\/www.diarioimagen.net\/wp-content\/uploads\/2014\/11\/eruviel-2495-75x75.jpg"},"blgn-secondary_mid_big":{"file":"eruviel-2495-350x196.jpg","width":350,"height":196,"mime_type":"image\/jpeg","source_url":"https:\/\/www.diarioimagen.net\/wp-content\/uploads\/2014\/11\/eruviel-2495-350x196.jpg"},"blgn-secondary_mid_small":{"file":"eruviel-2495-70x70.jpg","width":70,"height":70,"mime_type":"image\/jpeg","source_url":"https:\/\/www.diarioimagen.net\/wp-content\/uploads\/2014\/11\/eruviel-2495-70x70.jpg"},"blgn-subnews":{"file":"eruviel-2495-220x123.jpg","width":220,"height":123,"mime_type":"image\/jpeg","source_url":"https:\/\/www.diarioimagen.net\/wp-content\/uploads\/2014\/11\/eruviel-2495-220x123.jpg"},"blgn-excerpt_thumb":{"file":"eruviel-2495-90x65.jpg","width":90,"height":65,"mime_type":"image\/jpeg","source_url":"https:\/\/www.diarioimagen.net\/wp-content\/uploads\/2014\/11\/eruviel-2495-90x65.jpg"},"blgn-media_gallery":{"file":"eruviel-2495-237x132.jpg","width":237,"height":132,"mime_type":"image\/jpeg","source_url":"https:\/\/www.diarioimagen.net\/wp-content\/uploads\/2014\/11\/eruviel-2495-237x132.jpg"},"full":{"file":"eruviel-2495.jpg","width":1200,"height":797,"mime_type":"image\/jpeg","source_url":"https:\/\/www.diarioimagen.net\/wp-content\/uploads\/2014\/11\/eruviel-2495.jpg"}},"image_meta":{"aperture":0,"credit":"","camera":"","caption":"","created_timestamp":0,"copyright":"","focal_length":0,"iso":0,"shutter_speed":0,"title":"","orientation":0}},"post":198064,"source_url":"https:\/\/www.diarioimagen.net\/wp-content\/uploads\/2014\/11\/eruviel-2495.jpg","_links":{"self":[{"href":"https:\/\/www.diarioimagen.net\/index.php?rest_route=\/wp\/v2\/media\/198121","targetHints":{"allow":["GET"]}}],"collection":[{"href":"https:\/\/www.diarioimagen.net\/index.php?rest_route=\/wp\/v2\/media"}],"about":[{"href":"https:\/\/www.diarioimagen.net\/index.php?rest_route=\/wp\/v2\/types\/attachment"}],"author":[{"embeddable":true,"href":"https:\/\/www.diarioimagen.net\/index.php?rest_route=\/wp\/v2\/users\/1"}],"replies":[{"embeddable":true,"href":"https:\/\/www.diarioimagen.net\/index.php?rest_route=%2Fwp%2Fv2%2Fcomments&post=198121"}]}}

<p>Durante la entrega de las Acciones para la Mujer en este municipio, el gobernador Eruviel Ávila Villegas inauguró la Plaza Estado de México y destacó que, de acuerdo con la Encuesta Nacional sobre Percepción de Inseguridad, Conductas de Riesgo y Participación Social en Espacios Públicos, 8 de cada 10 personas se sienten más seguras en espacios públicos rescatados.</p>
