{"id":199965,"date":"2014-12-11T03:30:38","date_gmt":"2014-12-11T09:30:38","guid":{"rendered":"http:\/\/www.diarioimagen.net\/wp-content\/uploads\/2014\/12\/eruviel-2505.jpg"},"modified":"2014-12-11T03:30:44","modified_gmt":"2014-12-11T09:30:44","slug":"eruviel-2505","status":"inherit","type":"attachment","link":"https:\/\/www.diarioimagen.net\/?attachment_id=199965","title":{"rendered":"eruviel-2505"},"author":1,"featured_media":0,"comment_status":"open","ping_status":"open","template":"","meta":{"_monsterinsights_skip_tracking":false,"_monsterinsights_sitenote_active":false,"_monsterinsights_sitenote_note":"","_monsterinsights_sitenote_category":0},"class_list":["post-199965","attachment","type-attachment","status-inherit","hentry"],"description":{"rendered":"<p class=\"attachment\"><a href='https:\/\/www.diarioimagen.net\/wp-content\/uploads\/2014\/12\/eruviel-2505.jpg'><img loading=\"lazy\" decoding=\"async\" width=\"240\" height=\"159\" src=\"https:\/\/www.diarioimagen.net\/wp-content\/uploads\/2014\/12\/eruviel-2505-240x159.jpg\" class=\"attachment-medium size-medium\" alt=\"\" srcset=\"https:\/\/www.diarioimagen.net\/wp-content\/uploads\/2014\/12\/eruviel-2505-240x159.jpg 240w, https:\/\/www.diarioimagen.net\/wp-content\/uploads\/2014\/12\/eruviel-2505-420x278.jpg 420w, https:\/\/www.diarioimagen.net\/wp-content\/uploads\/2014\/12\/eruviel-2505.jpg 1200w\" sizes=\"auto, (max-width: 240px) 100vw, 240px\" \/><\/a><\/p>\n"},"caption":{"rendered":"<p>El gobernador Eruviel \u00c1vila Villegas y la titular de la Secretar\u00eda de Salud federal, Mercedes Juan L\u00f3pez, pusieron en marcha el programa \u201c6 pasos de la salud con prevenci\u00f3n\u201d para combatir y prevenir enfermedades relacionadas con la falta de higiene e inauguraron simb\u00f3licamente el Centro Integral de Servicios de la Cofepris del Estado de M\u00e9xico.<\/p>\n"},"alt_text":"","media_type":"image","mime_type":"image\/jpeg","media_details":{"width":1200,"height":797,"file":"2014\/12\/eruviel-2505.jpg","sizes":{"thumbnail":{"file":"eruviel-2505-150x150.jpg","width":150,"height":150,"mime_type":"image\/jpeg","source_url":"https:\/\/www.diarioimagen.net\/wp-content\/uploads\/2014\/12\/eruviel-2505-150x150.jpg"},"medium":{"file":"eruviel-2505-240x159.jpg","width":240,"height":159,"mime_type":"image\/jpeg","source_url":"https:\/\/www.diarioimagen.net\/wp-content\/uploads\/2014\/12\/eruviel-2505-240x159.jpg"},"large":{"file":"eruviel-2505-420x278.jpg","width":420,"height":278,"mime_type":"image\/jpeg","source_url":"https:\/\/www.diarioimagen.net\/wp-content\/uploads\/2014\/12\/eruviel-2505-420x278.jpg"},"post-thumbnail":{"file":"eruviel-2505-50x50.jpg","width":50,"height":50,"mime_type":"image\/jpeg","source_url":"https:\/\/www.diarioimagen.net\/wp-content\/uploads\/2014\/12\/eruviel-2505-50x50.jpg"},"blgn-featured":{"file":"eruviel-2505-480x270.jpg","width":480,"height":270,"mime_type":"image\/jpeg","source_url":"https:\/\/www.diarioimagen.net\/wp-content\/uploads\/2014\/12\/eruviel-2505-480x270.jpg"},"blgn-below_featured":{"file":"eruviel-2505-235x132.jpg","width":235,"height":132,"mime_type":"image\/jpeg","source_url":"https:\/\/www.diarioimagen.net\/wp-content\/uploads\/2014\/12\/eruviel-2505-235x132.jpg"},"blgn-mediabar":{"file":"eruviel-2505-202x114.jpg","width":202,"height":114,"mime_type":"image\/jpeg","source_url":"https:\/\/www.diarioimagen.net\/wp-content\/uploads\/2014\/12\/eruviel-2505-202x114.jpg"},"blgn-secondary_left":{"file":"eruviel-2505-75x75.jpg","width":75,"height":75,"mime_type":"image\/jpeg","source_url":"https:\/\/www.diarioimagen.net\/wp-content\/uploads\/2014\/12\/eruviel-2505-75x75.jpg"},"blgn-secondary_right":{"file":"eruviel-2505-75x75.jpg","width":75,"height":75,"mime_type":"image\/jpeg","source_url":"https:\/\/www.diarioimagen.net\/wp-content\/uploads\/2014\/12\/eruviel-2505-75x75.jpg"},"blgn-secondary_mid_big":{"file":"eruviel-2505-350x196.jpg","width":350,"height":196,"mime_type":"image\/jpeg","source_url":"https:\/\/www.diarioimagen.net\/wp-content\/uploads\/2014\/12\/eruviel-2505-350x196.jpg"},"blgn-secondary_mid_small":{"file":"eruviel-2505-70x70.jpg","width":70,"height":70,"mime_type":"image\/jpeg","source_url":"https:\/\/www.diarioimagen.net\/wp-content\/uploads\/2014\/12\/eruviel-2505-70x70.jpg"},"blgn-subnews":{"file":"eruviel-2505-220x123.jpg","width":220,"height":123,"mime_type":"image\/jpeg","source_url":"https:\/\/www.diarioimagen.net\/wp-content\/uploads\/2014\/12\/eruviel-2505-220x123.jpg"},"blgn-excerpt_thumb":{"file":"eruviel-2505-90x65.jpg","width":90,"height":65,"mime_type":"image\/jpeg","source_url":"https:\/\/www.diarioimagen.net\/wp-content\/uploads\/2014\/12\/eruviel-2505-90x65.jpg"},"blgn-media_gallery":{"file":"eruviel-2505-237x132.jpg","width":237,"height":132,"mime_type":"image\/jpeg","source_url":"https:\/\/www.diarioimagen.net\/wp-content\/uploads\/2014\/12\/eruviel-2505-237x132.jpg"},"full":{"file":"eruviel-2505.jpg","width":1200,"height":797,"mime_type":"image\/jpeg","source_url":"https:\/\/www.diarioimagen.net\/wp-content\/uploads\/2014\/12\/eruviel-2505.jpg"}},"image_meta":{"aperture":0,"credit":"","camera":"","caption":"","created_timestamp":0,"copyright":"","focal_length":0,"iso":0,"shutter_speed":0,"title":"","orientation":0}},"post":199910,"source_url":"https:\/\/www.diarioimagen.net\/wp-content\/uploads\/2014\/12\/eruviel-2505.jpg","_links":{"self":[{"href":"https:\/\/www.diarioimagen.net\/index.php?rest_route=\/wp\/v2\/media\/199965","targetHints":{"allow":["GET"]}}],"collection":[{"href":"https:\/\/www.diarioimagen.net\/index.php?rest_route=\/wp\/v2\/media"}],"about":[{"href":"https:\/\/www.diarioimagen.net\/index.php?rest_route=\/wp\/v2\/types\/attachment"}],"author":[{"embeddable":true,"href":"https:\/\/www.diarioimagen.net\/index.php?rest_route=\/wp\/v2\/users\/1"}],"replies":[{"embeddable":true,"href":"https:\/\/www.diarioimagen.net\/index.php?rest_route=%2Fwp%2Fv2%2Fcomments&post=199965"}]}}

<p>El gobernador Eruviel Ávila Villegas y la titular de la Secretaría de Salud federal, Mercedes Juan López, pusieron en marcha el programa “6 pasos de la salud con prevención” para combatir y prevenir enfermedades relacionadas con la falta de higiene e inauguraron simbólicamente el Centro Integral de Servicios de la Cofepris del Estado de México.</p>
