{"id":201147,"date":"2014-12-19T04:06:21","date_gmt":"2014-12-19T10:06:21","guid":{"rendered":"http:\/\/www.diarioimagen.net\/wp-content\/uploads\/2014\/12\/arco-2511.jpg"},"modified":"2014-12-19T04:06:29","modified_gmt":"2014-12-19T10:06:29","slug":"arco-2511","status":"inherit","type":"attachment","link":"https:\/\/www.diarioimagen.net\/?attachment_id=201147","title":{"rendered":"arco-2511"},"author":1,"featured_media":0,"comment_status":"open","ping_status":"open","template":"","meta":{"_monsterinsights_skip_tracking":false,"_monsterinsights_sitenote_active":false,"_monsterinsights_sitenote_note":"","_monsterinsights_sitenote_category":0},"class_list":["post-201147","attachment","type-attachment","status-inherit","hentry"],"description":{"rendered":"<p class=\"attachment\"><a href='https:\/\/www.diarioimagen.net\/wp-content\/uploads\/2014\/12\/arco-2511.jpg'><img loading=\"lazy\" decoding=\"async\" width=\"240\" height=\"156\" src=\"https:\/\/www.diarioimagen.net\/wp-content\/uploads\/2014\/12\/arco-2511-240x156.jpg\" class=\"attachment-medium size-medium\" alt=\"\" srcset=\"https:\/\/www.diarioimagen.net\/wp-content\/uploads\/2014\/12\/arco-2511-240x156.jpg 240w, https:\/\/www.diarioimagen.net\/wp-content\/uploads\/2014\/12\/arco-2511-420x273.jpg 420w, https:\/\/www.diarioimagen.net\/wp-content\/uploads\/2014\/12\/arco-2511.jpg 1200w\" sizes=\"auto, (max-width: 240px) 100vw, 240px\" \/><\/a><\/p>\n"},"caption":{"rendered":"<p>En su calidad de coordinador de la Comisi\u00f3n de Asuntos Internacionales y Migratorios, de la Conferencia Nacional de Gobernadores, el gobernador Eruviel \u00c1vila Villegas, anunci\u00f3 que propondr\u00e1 que las entidades del pa\u00eds que cuenten con espacios de representaci\u00f3n en los Estados Unidos, brinden atenci\u00f3n, apoyo y asesor\u00eda a los connacionales que radican en la uni\u00f3n americana sin importar su estado de origen, con la finalidad de mejorar sus condiciones de vida.<\/p>\n"},"alt_text":"","media_type":"image","mime_type":"image\/jpeg","media_details":{"width":1200,"height":781,"file":"2014\/12\/arco-2511.jpg","sizes":{"thumbnail":{"file":"arco-2511-150x150.jpg","width":150,"height":150,"mime_type":"image\/jpeg","source_url":"https:\/\/www.diarioimagen.net\/wp-content\/uploads\/2014\/12\/arco-2511-150x150.jpg"},"medium":{"file":"arco-2511-240x156.jpg","width":240,"height":156,"mime_type":"image\/jpeg","source_url":"https:\/\/www.diarioimagen.net\/wp-content\/uploads\/2014\/12\/arco-2511-240x156.jpg"},"large":{"file":"arco-2511-420x273.jpg","width":420,"height":273,"mime_type":"image\/jpeg","source_url":"https:\/\/www.diarioimagen.net\/wp-content\/uploads\/2014\/12\/arco-2511-420x273.jpg"},"post-thumbnail":{"file":"arco-2511-50x50.jpg","width":50,"height":50,"mime_type":"image\/jpeg","source_url":"https:\/\/www.diarioimagen.net\/wp-content\/uploads\/2014\/12\/arco-2511-50x50.jpg"},"blgn-featured":{"file":"arco-2511-480x270.jpg","width":480,"height":270,"mime_type":"image\/jpeg","source_url":"https:\/\/www.diarioimagen.net\/wp-content\/uploads\/2014\/12\/arco-2511-480x270.jpg"},"blgn-below_featured":{"file":"arco-2511-235x132.jpg","width":235,"height":132,"mime_type":"image\/jpeg","source_url":"https:\/\/www.diarioimagen.net\/wp-content\/uploads\/2014\/12\/arco-2511-235x132.jpg"},"blgn-mediabar":{"file":"arco-2511-202x114.jpg","width":202,"height":114,"mime_type":"image\/jpeg","source_url":"https:\/\/www.diarioimagen.net\/wp-content\/uploads\/2014\/12\/arco-2511-202x114.jpg"},"blgn-secondary_left":{"file":"arco-2511-75x75.jpg","width":75,"height":75,"mime_type":"image\/jpeg","source_url":"https:\/\/www.diarioimagen.net\/wp-content\/uploads\/2014\/12\/arco-2511-75x75.jpg"},"blgn-secondary_right":{"file":"arco-2511-75x75.jpg","width":75,"height":75,"mime_type":"image\/jpeg","source_url":"https:\/\/www.diarioimagen.net\/wp-content\/uploads\/2014\/12\/arco-2511-75x75.jpg"},"blgn-secondary_mid_big":{"file":"arco-2511-350x196.jpg","width":350,"height":196,"mime_type":"image\/jpeg","source_url":"https:\/\/www.diarioimagen.net\/wp-content\/uploads\/2014\/12\/arco-2511-350x196.jpg"},"blgn-secondary_mid_small":{"file":"arco-2511-70x70.jpg","width":70,"height":70,"mime_type":"image\/jpeg","source_url":"https:\/\/www.diarioimagen.net\/wp-content\/uploads\/2014\/12\/arco-2511-70x70.jpg"},"blgn-subnews":{"file":"arco-2511-220x123.jpg","width":220,"height":123,"mime_type":"image\/jpeg","source_url":"https:\/\/www.diarioimagen.net\/wp-content\/uploads\/2014\/12\/arco-2511-220x123.jpg"},"blgn-excerpt_thumb":{"file":"arco-2511-90x65.jpg","width":90,"height":65,"mime_type":"image\/jpeg","source_url":"https:\/\/www.diarioimagen.net\/wp-content\/uploads\/2014\/12\/arco-2511-90x65.jpg"},"blgn-media_gallery":{"file":"arco-2511-237x132.jpg","width":237,"height":132,"mime_type":"image\/jpeg","source_url":"https:\/\/www.diarioimagen.net\/wp-content\/uploads\/2014\/12\/arco-2511-237x132.jpg"},"full":{"file":"arco-2511.jpg","width":1200,"height":781,"mime_type":"image\/jpeg","source_url":"https:\/\/www.diarioimagen.net\/wp-content\/uploads\/2014\/12\/arco-2511.jpg"}},"image_meta":{"aperture":0,"credit":"","camera":"","caption":"","created_timestamp":0,"copyright":"","focal_length":0,"iso":0,"shutter_speed":0,"title":"","orientation":0}},"post":201077,"source_url":"https:\/\/www.diarioimagen.net\/wp-content\/uploads\/2014\/12\/arco-2511.jpg","_links":{"self":[{"href":"https:\/\/www.diarioimagen.net\/index.php?rest_route=\/wp\/v2\/media\/201147","targetHints":{"allow":["GET"]}}],"collection":[{"href":"https:\/\/www.diarioimagen.net\/index.php?rest_route=\/wp\/v2\/media"}],"about":[{"href":"https:\/\/www.diarioimagen.net\/index.php?rest_route=\/wp\/v2\/types\/attachment"}],"author":[{"embeddable":true,"href":"https:\/\/www.diarioimagen.net\/index.php?rest_route=\/wp\/v2\/users\/1"}],"replies":[{"embeddable":true,"href":"https:\/\/www.diarioimagen.net\/index.php?rest_route=%2Fwp%2Fv2%2Fcomments&post=201147"}]}}

<p>En su calidad de coordinador de la Comisión de Asuntos Internacionales y Migratorios, de la Conferencia Nacional de Gobernadores, el gobernador Eruviel Ávila Villegas, anunció que propondrá que las entidades del país que cuenten con espacios de representación en los Estados Unidos, brinden atención, apoyo y asesoría a los connacionales que radican en la unión americana sin importar su estado de origen, con la finalidad de mejorar sus condiciones de vida.</p>
