{"id":202634,"date":"2015-01-12T04:18:23","date_gmt":"2015-01-12T10:18:23","guid":{"rendered":"http:\/\/www.diarioimagen.net\/wp-content\/uploads\/2015\/01\/Edgar-2525.jpg"},"modified":"2015-01-12T04:18:30","modified_gmt":"2015-01-12T10:18:30","slug":"edgar-2525","status":"inherit","type":"attachment","link":"https:\/\/www.diarioimagen.net\/?attachment_id=202634","title":{"rendered":"Edgar-2525"},"author":1,"featured_media":0,"comment_status":"open","ping_status":"open","template":"","meta":{"_monsterinsights_skip_tracking":false,"_monsterinsights_sitenote_active":false,"_monsterinsights_sitenote_note":"","_monsterinsights_sitenote_category":0},"class_list":["post-202634","attachment","type-attachment","status-inherit","hentry"],"description":{"rendered":"<p class=\"attachment\"><a href='https:\/\/www.diarioimagen.net\/wp-content\/uploads\/2015\/01\/Edgar-2525.jpg'><img loading=\"lazy\" decoding=\"async\" width=\"240\" height=\"135\" src=\"https:\/\/www.diarioimagen.net\/wp-content\/uploads\/2015\/01\/Edgar-2525-240x135.jpg\" class=\"attachment-medium size-medium\" alt=\"\" srcset=\"https:\/\/www.diarioimagen.net\/wp-content\/uploads\/2015\/01\/Edgar-2525-240x135.jpg 240w, https:\/\/www.diarioimagen.net\/wp-content\/uploads\/2015\/01\/Edgar-2525-420x236.jpg 420w, https:\/\/www.diarioimagen.net\/wp-content\/uploads\/2015\/01\/Edgar-2525.jpg 480w, https:\/\/www.diarioimagen.net\/wp-content\/uploads\/2015\/01\/Edgar-2525-235x132.jpg 235w, https:\/\/www.diarioimagen.net\/wp-content\/uploads\/2015\/01\/Edgar-2525-202x114.jpg 202w, https:\/\/www.diarioimagen.net\/wp-content\/uploads\/2015\/01\/Edgar-2525-350x196.jpg 350w, https:\/\/www.diarioimagen.net\/wp-content\/uploads\/2015\/01\/Edgar-2525-220x123.jpg 220w, https:\/\/www.diarioimagen.net\/wp-content\/uploads\/2015\/01\/Edgar-2525-237x132.jpg 237w\" sizes=\"auto, (max-width: 240px) 100vw, 240px\" \/><\/a><\/p>\n"},"caption":{"rendered":"<p>El magistrado Edgar El\u00edas Azar dice que el TSJDF proceder\u00e1 contra Ficrea, igual que como lo han hecho los dem\u00e1s ahorradores defraudados.<\/p>\n"},"alt_text":"","media_type":"image","mime_type":"image\/jpeg","media_details":{"width":480,"height":270,"file":"2015\/01\/Edgar-2525.jpg","sizes":{"thumbnail":{"file":"Edgar-2525-150x150.jpg","width":150,"height":150,"mime_type":"image\/jpeg","source_url":"https:\/\/www.diarioimagen.net\/wp-content\/uploads\/2015\/01\/Edgar-2525-150x150.jpg"},"medium":{"file":"Edgar-2525-240x135.jpg","width":240,"height":135,"mime_type":"image\/jpeg","source_url":"https:\/\/www.diarioimagen.net\/wp-content\/uploads\/2015\/01\/Edgar-2525-240x135.jpg"},"large":{"file":"Edgar-2525-420x236.jpg","width":420,"height":236,"mime_type":"image\/jpeg","source_url":"https:\/\/www.diarioimagen.net\/wp-content\/uploads\/2015\/01\/Edgar-2525-420x236.jpg"},"post-thumbnail":{"file":"Edgar-2525-50x50.jpg","width":50,"height":50,"mime_type":"image\/jpeg","source_url":"https:\/\/www.diarioimagen.net\/wp-content\/uploads\/2015\/01\/Edgar-2525-50x50.jpg"},"blgn-featured":{"file":"Edgar-2525-480x270.jpg","width":480,"height":270,"mime_type":"image\/jpeg","source_url":"https:\/\/www.diarioimagen.net\/wp-content\/uploads\/2015\/01\/Edgar-2525-480x270.jpg"},"blgn-below_featured":{"file":"Edgar-2525-235x132.jpg","width":235,"height":132,"mime_type":"image\/jpeg","source_url":"https:\/\/www.diarioimagen.net\/wp-content\/uploads\/2015\/01\/Edgar-2525-235x132.jpg"},"blgn-mediabar":{"file":"Edgar-2525-202x114.jpg","width":202,"height":114,"mime_type":"image\/jpeg","source_url":"https:\/\/www.diarioimagen.net\/wp-content\/uploads\/2015\/01\/Edgar-2525-202x114.jpg"},"blgn-secondary_left":{"file":"Edgar-2525-75x75.jpg","width":75,"height":75,"mime_type":"image\/jpeg","source_url":"https:\/\/www.diarioimagen.net\/wp-content\/uploads\/2015\/01\/Edgar-2525-75x75.jpg"},"blgn-secondary_right":{"file":"Edgar-2525-75x75.jpg","width":75,"height":75,"mime_type":"image\/jpeg","source_url":"https:\/\/www.diarioimagen.net\/wp-content\/uploads\/2015\/01\/Edgar-2525-75x75.jpg"},"blgn-secondary_mid_big":{"file":"Edgar-2525-350x196.jpg","width":350,"height":196,"mime_type":"image\/jpeg","source_url":"https:\/\/www.diarioimagen.net\/wp-content\/uploads\/2015\/01\/Edgar-2525-350x196.jpg"},"blgn-secondary_mid_small":{"file":"Edgar-2525-70x70.jpg","width":70,"height":70,"mime_type":"image\/jpeg","source_url":"https:\/\/www.diarioimagen.net\/wp-content\/uploads\/2015\/01\/Edgar-2525-70x70.jpg"},"blgn-subnews":{"file":"Edgar-2525-220x123.jpg","width":220,"height":123,"mime_type":"image\/jpeg","source_url":"https:\/\/www.diarioimagen.net\/wp-content\/uploads\/2015\/01\/Edgar-2525-220x123.jpg"},"blgn-excerpt_thumb":{"file":"Edgar-2525-90x65.jpg","width":90,"height":65,"mime_type":"image\/jpeg","source_url":"https:\/\/www.diarioimagen.net\/wp-content\/uploads\/2015\/01\/Edgar-2525-90x65.jpg"},"blgn-media_gallery":{"file":"Edgar-2525-237x132.jpg","width":237,"height":132,"mime_type":"image\/jpeg","source_url":"https:\/\/www.diarioimagen.net\/wp-content\/uploads\/2015\/01\/Edgar-2525-237x132.jpg"},"full":{"file":"Edgar-2525.jpg","width":480,"height":270,"mime_type":"image\/jpeg","source_url":"https:\/\/www.diarioimagen.net\/wp-content\/uploads\/2015\/01\/Edgar-2525.jpg"}},"image_meta":{"aperture":0,"credit":"","camera":"","caption":"","created_timestamp":0,"copyright":"","focal_length":0,"iso":0,"shutter_speed":0,"title":"","orientation":0}},"post":202633,"source_url":"https:\/\/www.diarioimagen.net\/wp-content\/uploads\/2015\/01\/Edgar-2525.jpg","_links":{"self":[{"href":"https:\/\/www.diarioimagen.net\/index.php?rest_route=\/wp\/v2\/media\/202634","targetHints":{"allow":["GET"]}}],"collection":[{"href":"https:\/\/www.diarioimagen.net\/index.php?rest_route=\/wp\/v2\/media"}],"about":[{"href":"https:\/\/www.diarioimagen.net\/index.php?rest_route=\/wp\/v2\/types\/attachment"}],"author":[{"embeddable":true,"href":"https:\/\/www.diarioimagen.net\/index.php?rest_route=\/wp\/v2\/users\/1"}],"replies":[{"embeddable":true,"href":"https:\/\/www.diarioimagen.net\/index.php?rest_route=%2Fwp%2Fv2%2Fcomments&post=202634"}]}}

<p>El magistrado Edgar Elías Azar dice que el TSJDF procederá contra Ficrea, igual que como lo han hecho los demás ahorradores defraudados.</p>
