{"id":204097,"date":"2015-01-23T02:31:48","date_gmt":"2015-01-23T08:31:48","guid":{"rendered":"http:\/\/www.diarioimagen.net\/wp-content\/uploads\/2015\/01\/castillo-2534.jpg"},"modified":"2015-01-23T02:31:54","modified_gmt":"2015-01-23T08:31:54","slug":"castillo-2534","status":"inherit","type":"attachment","link":"https:\/\/www.diarioimagen.net\/?attachment_id=204097","title":{"rendered":"castillo-2534"},"author":1,"featured_media":0,"comment_status":"open","ping_status":"open","template":"","meta":{"_monsterinsights_skip_tracking":false,"_monsterinsights_sitenote_active":false,"_monsterinsights_sitenote_note":"","_monsterinsights_sitenote_category":0},"class_list":["post-204097","attachment","type-attachment","status-inherit","hentry"],"description":{"rendered":"<p class=\"attachment\"><a href='https:\/\/www.diarioimagen.net\/wp-content\/uploads\/2015\/01\/castillo-2534.jpg'><img loading=\"lazy\" decoding=\"async\" width=\"240\" height=\"159\" src=\"https:\/\/www.diarioimagen.net\/wp-content\/uploads\/2015\/01\/castillo-2534-240x159.jpg\" class=\"attachment-medium size-medium\" alt=\"\" srcset=\"https:\/\/www.diarioimagen.net\/wp-content\/uploads\/2015\/01\/castillo-2534-240x159.jpg 240w, https:\/\/www.diarioimagen.net\/wp-content\/uploads\/2015\/01\/castillo-2534-420x278.jpg 420w, https:\/\/www.diarioimagen.net\/wp-content\/uploads\/2015\/01\/castillo-2534.jpg 700w\" sizes=\"auto, (max-width: 240px) 100vw, 240px\" \/><\/a><\/p>\n"},"caption":{"rendered":"<p>Alfredo Castillo deja Michoac\u00e1n, tras m\u00e1s de un a\u00f1o como comisionado federal para la Seguridad y el Desarrollo Integral.<\/p>\n"},"alt_text":"","media_type":"image","mime_type":"image\/jpeg","media_details":{"width":700,"height":464,"file":"2015\/01\/castillo-2534.jpg","sizes":{"thumbnail":{"file":"castillo-2534-150x150.jpg","width":150,"height":150,"mime_type":"image\/jpeg","source_url":"https:\/\/www.diarioimagen.net\/wp-content\/uploads\/2015\/01\/castillo-2534-150x150.jpg"},"medium":{"file":"castillo-2534-240x159.jpg","width":240,"height":159,"mime_type":"image\/jpeg","source_url":"https:\/\/www.diarioimagen.net\/wp-content\/uploads\/2015\/01\/castillo-2534-240x159.jpg"},"large":{"file":"castillo-2534-420x278.jpg","width":420,"height":278,"mime_type":"image\/jpeg","source_url":"https:\/\/www.diarioimagen.net\/wp-content\/uploads\/2015\/01\/castillo-2534-420x278.jpg"},"post-thumbnail":{"file":"castillo-2534-50x50.jpg","width":50,"height":50,"mime_type":"image\/jpeg","source_url":"https:\/\/www.diarioimagen.net\/wp-content\/uploads\/2015\/01\/castillo-2534-50x50.jpg"},"blgn-featured":{"file":"castillo-2534-480x270.jpg","width":480,"height":270,"mime_type":"image\/jpeg","source_url":"https:\/\/www.diarioimagen.net\/wp-content\/uploads\/2015\/01\/castillo-2534-480x270.jpg"},"blgn-below_featured":{"file":"castillo-2534-235x132.jpg","width":235,"height":132,"mime_type":"image\/jpeg","source_url":"https:\/\/www.diarioimagen.net\/wp-content\/uploads\/2015\/01\/castillo-2534-235x132.jpg"},"blgn-mediabar":{"file":"castillo-2534-202x114.jpg","width":202,"height":114,"mime_type":"image\/jpeg","source_url":"https:\/\/www.diarioimagen.net\/wp-content\/uploads\/2015\/01\/castillo-2534-202x114.jpg"},"blgn-secondary_left":{"file":"castillo-2534-75x75.jpg","width":75,"height":75,"mime_type":"image\/jpeg","source_url":"https:\/\/www.diarioimagen.net\/wp-content\/uploads\/2015\/01\/castillo-2534-75x75.jpg"},"blgn-secondary_right":{"file":"castillo-2534-75x75.jpg","width":75,"height":75,"mime_type":"image\/jpeg","source_url":"https:\/\/www.diarioimagen.net\/wp-content\/uploads\/2015\/01\/castillo-2534-75x75.jpg"},"blgn-secondary_mid_big":{"file":"castillo-2534-350x196.jpg","width":350,"height":196,"mime_type":"image\/jpeg","source_url":"https:\/\/www.diarioimagen.net\/wp-content\/uploads\/2015\/01\/castillo-2534-350x196.jpg"},"blgn-secondary_mid_small":{"file":"castillo-2534-70x70.jpg","width":70,"height":70,"mime_type":"image\/jpeg","source_url":"https:\/\/www.diarioimagen.net\/wp-content\/uploads\/2015\/01\/castillo-2534-70x70.jpg"},"blgn-subnews":{"file":"castillo-2534-220x123.jpg","width":220,"height":123,"mime_type":"image\/jpeg","source_url":"https:\/\/www.diarioimagen.net\/wp-content\/uploads\/2015\/01\/castillo-2534-220x123.jpg"},"blgn-excerpt_thumb":{"file":"castillo-2534-90x65.jpg","width":90,"height":65,"mime_type":"image\/jpeg","source_url":"https:\/\/www.diarioimagen.net\/wp-content\/uploads\/2015\/01\/castillo-2534-90x65.jpg"},"blgn-media_gallery":{"file":"castillo-2534-237x132.jpg","width":237,"height":132,"mime_type":"image\/jpeg","source_url":"https:\/\/www.diarioimagen.net\/wp-content\/uploads\/2015\/01\/castillo-2534-237x132.jpg"},"full":{"file":"castillo-2534.jpg","width":700,"height":464,"mime_type":"image\/jpeg","source_url":"https:\/\/www.diarioimagen.net\/wp-content\/uploads\/2015\/01\/castillo-2534.jpg"}},"image_meta":{"aperture":0,"credit":"","camera":"","caption":"","created_timestamp":0,"copyright":"","focal_length":0,"iso":0,"shutter_speed":0,"title":"","orientation":0}},"post":203983,"source_url":"https:\/\/www.diarioimagen.net\/wp-content\/uploads\/2015\/01\/castillo-2534.jpg","_links":{"self":[{"href":"https:\/\/www.diarioimagen.net\/index.php?rest_route=\/wp\/v2\/media\/204097","targetHints":{"allow":["GET"]}}],"collection":[{"href":"https:\/\/www.diarioimagen.net\/index.php?rest_route=\/wp\/v2\/media"}],"about":[{"href":"https:\/\/www.diarioimagen.net\/index.php?rest_route=\/wp\/v2\/types\/attachment"}],"author":[{"embeddable":true,"href":"https:\/\/www.diarioimagen.net\/index.php?rest_route=\/wp\/v2\/users\/1"}],"replies":[{"embeddable":true,"href":"https:\/\/www.diarioimagen.net\/index.php?rest_route=%2Fwp%2Fv2%2Fcomments&post=204097"}]}}

<p>Alfredo Castillo deja Michoacán, tras más de un año como comisionado federal para la Seguridad y el Desarrollo Integral.</p>
