{"id":204420,"date":"2015-01-27T04:50:06","date_gmt":"2015-01-27T10:50:06","guid":{"rendered":"http:\/\/www.diarioimagen.net\/wp-content\/uploads\/2015\/01\/aeropuerto-2536.jpg"},"modified":"2015-01-27T04:50:13","modified_gmt":"2015-01-27T10:50:13","slug":"aeropuerto-2536","status":"inherit","type":"attachment","link":"https:\/\/www.diarioimagen.net\/?attachment_id=204420","title":{"rendered":"aeropuerto-2536"},"author":1,"featured_media":0,"comment_status":"open","ping_status":"open","template":"","meta":{"_monsterinsights_skip_tracking":false,"_monsterinsights_sitenote_active":false,"_monsterinsights_sitenote_note":"","_monsterinsights_sitenote_category":0},"class_list":["post-204420","attachment","type-attachment","status-inherit","hentry"],"description":{"rendered":"<p class=\"attachment\"><a href='https:\/\/www.diarioimagen.net\/wp-content\/uploads\/2015\/01\/aeropuerto-2536.jpg'><img loading=\"lazy\" decoding=\"async\" width=\"240\" height=\"121\" src=\"https:\/\/www.diarioimagen.net\/wp-content\/uploads\/2015\/01\/aeropuerto-2536-240x121.jpg\" class=\"attachment-medium size-medium\" alt=\"\" srcset=\"https:\/\/www.diarioimagen.net\/wp-content\/uploads\/2015\/01\/aeropuerto-2536-240x121.jpg 240w, https:\/\/www.diarioimagen.net\/wp-content\/uploads\/2015\/01\/aeropuerto-2536-420x212.jpg 420w, https:\/\/www.diarioimagen.net\/wp-content\/uploads\/2015\/01\/aeropuerto-2536.jpg 1200w\" sizes=\"auto, (max-width: 240px) 100vw, 240px\" \/><\/a><\/p>\n"},"caption":{"rendered":"<p>La concesi\u00f3n tendr\u00e1 una vigencia de 50 a\u00f1os, contados a partir del inicio de operaciones del aeropuerto, la cual podr\u00e1 ser prorrogable.<\/p>\n"},"alt_text":"","media_type":"image","mime_type":"image\/jpeg","media_details":{"width":1200,"height":606,"file":"2015\/01\/aeropuerto-2536.jpg","sizes":{"thumbnail":{"file":"aeropuerto-2536-150x150.jpg","width":150,"height":150,"mime_type":"image\/jpeg","source_url":"https:\/\/www.diarioimagen.net\/wp-content\/uploads\/2015\/01\/aeropuerto-2536-150x150.jpg"},"medium":{"file":"aeropuerto-2536-240x121.jpg","width":240,"height":121,"mime_type":"image\/jpeg","source_url":"https:\/\/www.diarioimagen.net\/wp-content\/uploads\/2015\/01\/aeropuerto-2536-240x121.jpg"},"large":{"file":"aeropuerto-2536-420x212.jpg","width":420,"height":212,"mime_type":"image\/jpeg","source_url":"https:\/\/www.diarioimagen.net\/wp-content\/uploads\/2015\/01\/aeropuerto-2536-420x212.jpg"},"post-thumbnail":{"file":"aeropuerto-2536-50x50.jpg","width":50,"height":50,"mime_type":"image\/jpeg","source_url":"https:\/\/www.diarioimagen.net\/wp-content\/uploads\/2015\/01\/aeropuerto-2536-50x50.jpg"},"blgn-featured":{"file":"aeropuerto-2536-480x270.jpg","width":480,"height":270,"mime_type":"image\/jpeg","source_url":"https:\/\/www.diarioimagen.net\/wp-content\/uploads\/2015\/01\/aeropuerto-2536-480x270.jpg"},"blgn-below_featured":{"file":"aeropuerto-2536-235x132.jpg","width":235,"height":132,"mime_type":"image\/jpeg","source_url":"https:\/\/www.diarioimagen.net\/wp-content\/uploads\/2015\/01\/aeropuerto-2536-235x132.jpg"},"blgn-mediabar":{"file":"aeropuerto-2536-202x114.jpg","width":202,"height":114,"mime_type":"image\/jpeg","source_url":"https:\/\/www.diarioimagen.net\/wp-content\/uploads\/2015\/01\/aeropuerto-2536-202x114.jpg"},"blgn-secondary_left":{"file":"aeropuerto-2536-75x75.jpg","width":75,"height":75,"mime_type":"image\/jpeg","source_url":"https:\/\/www.diarioimagen.net\/wp-content\/uploads\/2015\/01\/aeropuerto-2536-75x75.jpg"},"blgn-secondary_right":{"file":"aeropuerto-2536-75x75.jpg","width":75,"height":75,"mime_type":"image\/jpeg","source_url":"https:\/\/www.diarioimagen.net\/wp-content\/uploads\/2015\/01\/aeropuerto-2536-75x75.jpg"},"blgn-secondary_mid_big":{"file":"aeropuerto-2536-350x196.jpg","width":350,"height":196,"mime_type":"image\/jpeg","source_url":"https:\/\/www.diarioimagen.net\/wp-content\/uploads\/2015\/01\/aeropuerto-2536-350x196.jpg"},"blgn-secondary_mid_small":{"file":"aeropuerto-2536-70x70.jpg","width":70,"height":70,"mime_type":"image\/jpeg","source_url":"https:\/\/www.diarioimagen.net\/wp-content\/uploads\/2015\/01\/aeropuerto-2536-70x70.jpg"},"blgn-subnews":{"file":"aeropuerto-2536-220x123.jpg","width":220,"height":123,"mime_type":"image\/jpeg","source_url":"https:\/\/www.diarioimagen.net\/wp-content\/uploads\/2015\/01\/aeropuerto-2536-220x123.jpg"},"blgn-excerpt_thumb":{"file":"aeropuerto-2536-90x65.jpg","width":90,"height":65,"mime_type":"image\/jpeg","source_url":"https:\/\/www.diarioimagen.net\/wp-content\/uploads\/2015\/01\/aeropuerto-2536-90x65.jpg"},"blgn-media_gallery":{"file":"aeropuerto-2536-237x132.jpg","width":237,"height":132,"mime_type":"image\/jpeg","source_url":"https:\/\/www.diarioimagen.net\/wp-content\/uploads\/2015\/01\/aeropuerto-2536-237x132.jpg"},"full":{"file":"aeropuerto-2536.jpg","width":1200,"height":606,"mime_type":"image\/jpeg","source_url":"https:\/\/www.diarioimagen.net\/wp-content\/uploads\/2015\/01\/aeropuerto-2536.jpg"}},"image_meta":{"aperture":0,"credit":"","camera":"","caption":"","created_timestamp":0,"copyright":"","focal_length":0,"iso":0,"shutter_speed":0,"title":"","orientation":0}},"post":204419,"source_url":"https:\/\/www.diarioimagen.net\/wp-content\/uploads\/2015\/01\/aeropuerto-2536.jpg","_links":{"self":[{"href":"https:\/\/www.diarioimagen.net\/index.php?rest_route=\/wp\/v2\/media\/204420","targetHints":{"allow":["GET"]}}],"collection":[{"href":"https:\/\/www.diarioimagen.net\/index.php?rest_route=\/wp\/v2\/media"}],"about":[{"href":"https:\/\/www.diarioimagen.net\/index.php?rest_route=\/wp\/v2\/types\/attachment"}],"author":[{"embeddable":true,"href":"https:\/\/www.diarioimagen.net\/index.php?rest_route=\/wp\/v2\/users\/1"}],"replies":[{"embeddable":true,"href":"https:\/\/www.diarioimagen.net\/index.php?rest_route=%2Fwp%2Fv2%2Fcomments&post=204420"}]}}

<p>La concesión tendrá una vigencia de 50 años, contados a partir del inicio de operaciones del aeropuerto, la cual podrá ser prorrogable.</p>
