{"id":209291,"date":"2015-03-09T02:33:53","date_gmt":"2015-03-09T08:33:53","guid":{"rendered":"http:\/\/www.diarioimagen.net\/wp-content\/uploads\/2015\/03\/UAEM-2565.jpg"},"modified":"2015-03-09T02:34:00","modified_gmt":"2015-03-09T08:34:00","slug":"uaem-2565","status":"inherit","type":"attachment","link":"https:\/\/www.diarioimagen.net\/?attachment_id=209291","title":{"rendered":"UAEM-2565"},"author":1,"featured_media":0,"comment_status":"open","ping_status":"open","template":"","meta":{"_monsterinsights_skip_tracking":false,"_monsterinsights_sitenote_active":false,"_monsterinsights_sitenote_note":"","_monsterinsights_sitenote_category":0},"class_list":["post-209291","attachment","type-attachment","status-inherit","hentry"],"description":{"rendered":"<p class=\"attachment\"><a href='https:\/\/www.diarioimagen.net\/wp-content\/uploads\/2015\/03\/UAEM-2565.jpg'><img loading=\"lazy\" decoding=\"async\" width=\"240\" height=\"135\" src=\"https:\/\/www.diarioimagen.net\/wp-content\/uploads\/2015\/03\/UAEM-2565-240x135.jpg\" class=\"attachment-medium size-medium\" alt=\"\" srcset=\"https:\/\/www.diarioimagen.net\/wp-content\/uploads\/2015\/03\/UAEM-2565-240x135.jpg 240w, https:\/\/www.diarioimagen.net\/wp-content\/uploads\/2015\/03\/UAEM-2565-420x236.jpg 420w, https:\/\/www.diarioimagen.net\/wp-content\/uploads\/2015\/03\/UAEM-2565.jpg 480w, https:\/\/www.diarioimagen.net\/wp-content\/uploads\/2015\/03\/UAEM-2565-235x132.jpg 235w, https:\/\/www.diarioimagen.net\/wp-content\/uploads\/2015\/03\/UAEM-2565-202x114.jpg 202w, https:\/\/www.diarioimagen.net\/wp-content\/uploads\/2015\/03\/UAEM-2565-350x196.jpg 350w, https:\/\/www.diarioimagen.net\/wp-content\/uploads\/2015\/03\/UAEM-2565-220x123.jpg 220w, https:\/\/www.diarioimagen.net\/wp-content\/uploads\/2015\/03\/UAEM-2565-237x132.jpg 237w\" sizes=\"auto, (max-width: 240px) 100vw, 240px\" \/><\/a><\/p>\n"},"caption":{"rendered":"<p>La UAEM ocupa el primer lugar entre las universidades p\u00fablicas estatales del pa\u00eds, por el n\u00famero de programas educativos de nivel superior reconocidos por su calidad, con el Nivel 1 de los Comit\u00e9s Interinstitucionales para la Evaluaci\u00f3n de la Educaci\u00f3n Superior (CIEES), inform\u00f3 el secretario de Docencia, Alfredo Barrera Baca.<\/p>\n"},"alt_text":"","media_type":"image","mime_type":"image\/jpeg","media_details":{"width":480,"height":270,"file":"2015\/03\/UAEM-2565.jpg","sizes":{"thumbnail":{"file":"UAEM-2565-150x150.jpg","width":150,"height":150,"mime_type":"image\/jpeg","source_url":"https:\/\/www.diarioimagen.net\/wp-content\/uploads\/2015\/03\/UAEM-2565-150x150.jpg"},"medium":{"file":"UAEM-2565-240x135.jpg","width":240,"height":135,"mime_type":"image\/jpeg","source_url":"https:\/\/www.diarioimagen.net\/wp-content\/uploads\/2015\/03\/UAEM-2565-240x135.jpg"},"large":{"file":"UAEM-2565-420x236.jpg","width":420,"height":236,"mime_type":"image\/jpeg","source_url":"https:\/\/www.diarioimagen.net\/wp-content\/uploads\/2015\/03\/UAEM-2565-420x236.jpg"},"post-thumbnail":{"file":"UAEM-2565-50x50.jpg","width":50,"height":50,"mime_type":"image\/jpeg","source_url":"https:\/\/www.diarioimagen.net\/wp-content\/uploads\/2015\/03\/UAEM-2565-50x50.jpg"},"blgn-featured":{"file":"UAEM-2565-480x270.jpg","width":480,"height":270,"mime_type":"image\/jpeg","source_url":"https:\/\/www.diarioimagen.net\/wp-content\/uploads\/2015\/03\/UAEM-2565-480x270.jpg"},"blgn-below_featured":{"file":"UAEM-2565-235x132.jpg","width":235,"height":132,"mime_type":"image\/jpeg","source_url":"https:\/\/www.diarioimagen.net\/wp-content\/uploads\/2015\/03\/UAEM-2565-235x132.jpg"},"blgn-mediabar":{"file":"UAEM-2565-202x114.jpg","width":202,"height":114,"mime_type":"image\/jpeg","source_url":"https:\/\/www.diarioimagen.net\/wp-content\/uploads\/2015\/03\/UAEM-2565-202x114.jpg"},"blgn-secondary_left":{"file":"UAEM-2565-75x75.jpg","width":75,"height":75,"mime_type":"image\/jpeg","source_url":"https:\/\/www.diarioimagen.net\/wp-content\/uploads\/2015\/03\/UAEM-2565-75x75.jpg"},"blgn-secondary_right":{"file":"UAEM-2565-75x75.jpg","width":75,"height":75,"mime_type":"image\/jpeg","source_url":"https:\/\/www.diarioimagen.net\/wp-content\/uploads\/2015\/03\/UAEM-2565-75x75.jpg"},"blgn-secondary_mid_big":{"file":"UAEM-2565-350x196.jpg","width":350,"height":196,"mime_type":"image\/jpeg","source_url":"https:\/\/www.diarioimagen.net\/wp-content\/uploads\/2015\/03\/UAEM-2565-350x196.jpg"},"blgn-secondary_mid_small":{"file":"UAEM-2565-70x70.jpg","width":70,"height":70,"mime_type":"image\/jpeg","source_url":"https:\/\/www.diarioimagen.net\/wp-content\/uploads\/2015\/03\/UAEM-2565-70x70.jpg"},"blgn-subnews":{"file":"UAEM-2565-220x123.jpg","width":220,"height":123,"mime_type":"image\/jpeg","source_url":"https:\/\/www.diarioimagen.net\/wp-content\/uploads\/2015\/03\/UAEM-2565-220x123.jpg"},"blgn-excerpt_thumb":{"file":"UAEM-2565-90x65.jpg","width":90,"height":65,"mime_type":"image\/jpeg","source_url":"https:\/\/www.diarioimagen.net\/wp-content\/uploads\/2015\/03\/UAEM-2565-90x65.jpg"},"blgn-media_gallery":{"file":"UAEM-2565-237x132.jpg","width":237,"height":132,"mime_type":"image\/jpeg","source_url":"https:\/\/www.diarioimagen.net\/wp-content\/uploads\/2015\/03\/UAEM-2565-237x132.jpg"},"full":{"file":"UAEM-2565.jpg","width":480,"height":270,"mime_type":"image\/jpeg","source_url":"https:\/\/www.diarioimagen.net\/wp-content\/uploads\/2015\/03\/UAEM-2565.jpg"}},"image_meta":{"aperture":0,"credit":"","camera":"","caption":"","created_timestamp":0,"copyright":"","focal_length":0,"iso":0,"shutter_speed":0,"title":"","orientation":0}},"post":209290,"source_url":"https:\/\/www.diarioimagen.net\/wp-content\/uploads\/2015\/03\/UAEM-2565.jpg","_links":{"self":[{"href":"https:\/\/www.diarioimagen.net\/index.php?rest_route=\/wp\/v2\/media\/209291","targetHints":{"allow":["GET"]}}],"collection":[{"href":"https:\/\/www.diarioimagen.net\/index.php?rest_route=\/wp\/v2\/media"}],"about":[{"href":"https:\/\/www.diarioimagen.net\/index.php?rest_route=\/wp\/v2\/types\/attachment"}],"author":[{"embeddable":true,"href":"https:\/\/www.diarioimagen.net\/index.php?rest_route=\/wp\/v2\/users\/1"}],"replies":[{"embeddable":true,"href":"https:\/\/www.diarioimagen.net\/index.php?rest_route=%2Fwp%2Fv2%2Fcomments&post=209291"}]}}

<p>La UAEM ocupa el primer lugar entre las universidades públicas estatales del país, por el número de programas educativos de nivel superior reconocidos por su calidad, con el Nivel 1 de los Comités Interinstitucionales para la Evaluación de la Educación Superior (CIEES), informó el secretario de Docencia, Alfredo Barrera Baca.</p>
