{"id":215443,"date":"2015-04-28T05:54:04","date_gmt":"2015-04-28T10:54:04","guid":{"rendered":"http:\/\/www.diarioimagen.net\/wp-content\/uploads\/2015\/04\/DESNUTRICION-2599.jpg"},"modified":"2015-04-28T05:54:09","modified_gmt":"2015-04-28T10:54:09","slug":"desnutricion-2599","status":"inherit","type":"attachment","link":"https:\/\/www.diarioimagen.net\/?attachment_id=215443","title":{"rendered":"DESNUTRICION-2599"},"author":1,"featured_media":0,"comment_status":"open","ping_status":"open","template":"","meta":{"_monsterinsights_skip_tracking":false,"_monsterinsights_sitenote_active":false,"_monsterinsights_sitenote_note":"","_monsterinsights_sitenote_category":0},"class_list":["post-215443","attachment","type-attachment","status-inherit","hentry"],"description":{"rendered":"<p class=\"attachment\"><a href='https:\/\/www.diarioimagen.net\/wp-content\/uploads\/2015\/04\/DESNUTRICION-2599.jpg'><img loading=\"lazy\" decoding=\"async\" width=\"240\" height=\"135\" src=\"https:\/\/www.diarioimagen.net\/wp-content\/uploads\/2015\/04\/DESNUTRICION-2599-240x135.jpg\" class=\"attachment-medium size-medium\" alt=\"\" srcset=\"https:\/\/www.diarioimagen.net\/wp-content\/uploads\/2015\/04\/DESNUTRICION-2599-240x135.jpg 240w, https:\/\/www.diarioimagen.net\/wp-content\/uploads\/2015\/04\/DESNUTRICION-2599-420x236.jpg 420w, https:\/\/www.diarioimagen.net\/wp-content\/uploads\/2015\/04\/DESNUTRICION-2599-235x132.jpg 235w, https:\/\/www.diarioimagen.net\/wp-content\/uploads\/2015\/04\/DESNUTRICION-2599-202x114.jpg 202w, https:\/\/www.diarioimagen.net\/wp-content\/uploads\/2015\/04\/DESNUTRICION-2599-350x196.jpg 350w, https:\/\/www.diarioimagen.net\/wp-content\/uploads\/2015\/04\/DESNUTRICION-2599-220x123.jpg 220w, https:\/\/www.diarioimagen.net\/wp-content\/uploads\/2015\/04\/DESNUTRICION-2599-237x132.jpg 237w, https:\/\/www.diarioimagen.net\/wp-content\/uploads\/2015\/04\/DESNUTRICION-2599.jpg 480w\" sizes=\"auto, (max-width: 240px) 100vw, 240px\" \/><\/a><\/p>\n"},"caption":{"rendered":"<p>Oaxaca, Chiapas, Guerrero, Veracruz, M\u00e9xico, San Luis Potos\u00ed y Michoac\u00e1n son los estados que reportan las tasas m\u00e1s altas de desnutrici\u00f3n en el pa\u00eds.<\/p>\n"},"alt_text":"","media_type":"image","mime_type":"image\/jpeg","media_details":{"width":480,"height":270,"file":"2015\/04\/DESNUTRICION-2599.jpg","sizes":{"thumbnail":{"file":"DESNUTRICION-2599-150x150.jpg","width":150,"height":150,"mime_type":"image\/jpeg","source_url":"https:\/\/www.diarioimagen.net\/wp-content\/uploads\/2015\/04\/DESNUTRICION-2599-150x150.jpg"},"medium":{"file":"DESNUTRICION-2599-240x135.jpg","width":240,"height":135,"mime_type":"image\/jpeg","source_url":"https:\/\/www.diarioimagen.net\/wp-content\/uploads\/2015\/04\/DESNUTRICION-2599-240x135.jpg"},"large":{"file":"DESNUTRICION-2599-420x236.jpg","width":420,"height":236,"mime_type":"image\/jpeg","source_url":"https:\/\/www.diarioimagen.net\/wp-content\/uploads\/2015\/04\/DESNUTRICION-2599-420x236.jpg"},"post-thumbnail":{"file":"DESNUTRICION-2599-50x50.jpg","width":50,"height":50,"mime_type":"image\/jpeg","source_url":"https:\/\/www.diarioimagen.net\/wp-content\/uploads\/2015\/04\/DESNUTRICION-2599-50x50.jpg"},"blgn-below_featured":{"file":"DESNUTRICION-2599-235x132.jpg","width":235,"height":132,"mime_type":"image\/jpeg","source_url":"https:\/\/www.diarioimagen.net\/wp-content\/uploads\/2015\/04\/DESNUTRICION-2599-235x132.jpg"},"blgn-mediabar":{"file":"DESNUTRICION-2599-202x114.jpg","width":202,"height":114,"mime_type":"image\/jpeg","source_url":"https:\/\/www.diarioimagen.net\/wp-content\/uploads\/2015\/04\/DESNUTRICION-2599-202x114.jpg"},"blgn-secondary_left":{"file":"DESNUTRICION-2599-75x75.jpg","width":75,"height":75,"mime_type":"image\/jpeg","source_url":"https:\/\/www.diarioimagen.net\/wp-content\/uploads\/2015\/04\/DESNUTRICION-2599-75x75.jpg"},"blgn-secondary_right":{"file":"DESNUTRICION-2599-75x75.jpg","width":75,"height":75,"mime_type":"image\/jpeg","source_url":"https:\/\/www.diarioimagen.net\/wp-content\/uploads\/2015\/04\/DESNUTRICION-2599-75x75.jpg"},"blgn-secondary_mid_big":{"file":"DESNUTRICION-2599-350x196.jpg","width":350,"height":196,"mime_type":"image\/jpeg","source_url":"https:\/\/www.diarioimagen.net\/wp-content\/uploads\/2015\/04\/DESNUTRICION-2599-350x196.jpg"},"blgn-secondary_mid_small":{"file":"DESNUTRICION-2599-70x70.jpg","width":70,"height":70,"mime_type":"image\/jpeg","source_url":"https:\/\/www.diarioimagen.net\/wp-content\/uploads\/2015\/04\/DESNUTRICION-2599-70x70.jpg"},"blgn-subnews":{"file":"DESNUTRICION-2599-220x123.jpg","width":220,"height":123,"mime_type":"image\/jpeg","source_url":"https:\/\/www.diarioimagen.net\/wp-content\/uploads\/2015\/04\/DESNUTRICION-2599-220x123.jpg"},"blgn-excerpt_thumb":{"file":"DESNUTRICION-2599-90x65.jpg","width":90,"height":65,"mime_type":"image\/jpeg","source_url":"https:\/\/www.diarioimagen.net\/wp-content\/uploads\/2015\/04\/DESNUTRICION-2599-90x65.jpg"},"blgn-media_gallery":{"file":"DESNUTRICION-2599-237x132.jpg","width":237,"height":132,"mime_type":"image\/jpeg","source_url":"https:\/\/www.diarioimagen.net\/wp-content\/uploads\/2015\/04\/DESNUTRICION-2599-237x132.jpg"},"full":{"file":"DESNUTRICION-2599.jpg","width":480,"height":270,"mime_type":"image\/jpeg","source_url":"https:\/\/www.diarioimagen.net\/wp-content\/uploads\/2015\/04\/DESNUTRICION-2599.jpg"}},"image_meta":{"aperture":0,"credit":"","camera":"","caption":"","created_timestamp":0,"copyright":"","focal_length":0,"iso":0,"shutter_speed":0,"title":"","orientation":0}},"post":215354,"source_url":"https:\/\/www.diarioimagen.net\/wp-content\/uploads\/2015\/04\/DESNUTRICION-2599.jpg","_links":{"self":[{"href":"https:\/\/www.diarioimagen.net\/index.php?rest_route=\/wp\/v2\/media\/215443","targetHints":{"allow":["GET"]}}],"collection":[{"href":"https:\/\/www.diarioimagen.net\/index.php?rest_route=\/wp\/v2\/media"}],"about":[{"href":"https:\/\/www.diarioimagen.net\/index.php?rest_route=\/wp\/v2\/types\/attachment"}],"author":[{"embeddable":true,"href":"https:\/\/www.diarioimagen.net\/index.php?rest_route=\/wp\/v2\/users\/1"}],"replies":[{"embeddable":true,"href":"https:\/\/www.diarioimagen.net\/index.php?rest_route=%2Fwp%2Fv2%2Fcomments&post=215443"}]}}

<p>Oaxaca, Chiapas, Guerrero, Veracruz, México, San Luis Potosí y Michoacán son los estados que reportan las tasas más altas de desnutrición en el país.</p>
