{"id":215962,"date":"2015-05-04T03:12:44","date_gmt":"2015-05-04T08:12:44","guid":{"rendered":"http:\/\/www.diarioimagen.net\/wp-content\/uploads\/2015\/05\/UAEM-2602.jpg"},"modified":"2015-05-04T03:12:51","modified_gmt":"2015-05-04T08:12:51","slug":"uaem-2602","status":"inherit","type":"attachment","link":"https:\/\/www.diarioimagen.net\/?attachment_id=215962","title":{"rendered":"UAEM-2602"},"author":1,"featured_media":0,"comment_status":"open","ping_status":"open","template":"","meta":{"_monsterinsights_skip_tracking":false,"_monsterinsights_sitenote_active":false,"_monsterinsights_sitenote_note":"","_monsterinsights_sitenote_category":0},"class_list":["post-215962","attachment","type-attachment","status-inherit","hentry"],"description":{"rendered":"<p class=\"attachment\"><a href='https:\/\/www.diarioimagen.net\/wp-content\/uploads\/2015\/05\/UAEM-2602.jpg'><img loading=\"lazy\" decoding=\"async\" width=\"240\" height=\"160\" src=\"https:\/\/www.diarioimagen.net\/wp-content\/uploads\/2015\/05\/UAEM-2602-240x160.jpg\" class=\"attachment-medium size-medium\" alt=\"\" srcset=\"https:\/\/www.diarioimagen.net\/wp-content\/uploads\/2015\/05\/UAEM-2602-240x160.jpg 240w, https:\/\/www.diarioimagen.net\/wp-content\/uploads\/2015\/05\/UAEM-2602-420x280.jpg 420w, https:\/\/www.diarioimagen.net\/wp-content\/uploads\/2015\/05\/UAEM-2602.jpg 1200w\" sizes=\"auto, (max-width: 240px) 100vw, 240px\" \/><\/a><\/p>\n"},"caption":{"rendered":"<p>El rector de la UAEM, Jorge Olvera Garc\u00eda, encabez\u00f3 la clausura del Foro Nacional \u201cEmpleo, Capacitaci\u00f3n y Productividad en el \u00c1mbito Estatal y Nacional\u201d, marco en el cual el secretario del Trabajo del gobierno del Estado de M\u00e9xico, Francisco Javier Garc\u00eda Bejos, dict\u00f3 la Conferencia Magistral \u201cImplicaciones de la Reforma Laboral, del papel a la pr\u00e1ctica\u201d.<\/p>\n"},"alt_text":"","media_type":"image","mime_type":"image\/jpeg","media_details":{"width":1200,"height":800,"file":"2015\/05\/UAEM-2602.jpg","sizes":{"thumbnail":{"file":"UAEM-2602-150x150.jpg","width":150,"height":150,"mime_type":"image\/jpeg","source_url":"https:\/\/www.diarioimagen.net\/wp-content\/uploads\/2015\/05\/UAEM-2602-150x150.jpg"},"medium":{"file":"UAEM-2602-240x160.jpg","width":240,"height":160,"mime_type":"image\/jpeg","source_url":"https:\/\/www.diarioimagen.net\/wp-content\/uploads\/2015\/05\/UAEM-2602-240x160.jpg"},"large":{"file":"UAEM-2602-420x280.jpg","width":420,"height":280,"mime_type":"image\/jpeg","source_url":"https:\/\/www.diarioimagen.net\/wp-content\/uploads\/2015\/05\/UAEM-2602-420x280.jpg"},"post-thumbnail":{"file":"UAEM-2602-50x50.jpg","width":50,"height":50,"mime_type":"image\/jpeg","source_url":"https:\/\/www.diarioimagen.net\/wp-content\/uploads\/2015\/05\/UAEM-2602-50x50.jpg"},"blgn-featured":{"file":"UAEM-2602-480x270.jpg","width":480,"height":270,"mime_type":"image\/jpeg","source_url":"https:\/\/www.diarioimagen.net\/wp-content\/uploads\/2015\/05\/UAEM-2602-480x270.jpg"},"blgn-below_featured":{"file":"UAEM-2602-235x132.jpg","width":235,"height":132,"mime_type":"image\/jpeg","source_url":"https:\/\/www.diarioimagen.net\/wp-content\/uploads\/2015\/05\/UAEM-2602-235x132.jpg"},"blgn-mediabar":{"file":"UAEM-2602-202x114.jpg","width":202,"height":114,"mime_type":"image\/jpeg","source_url":"https:\/\/www.diarioimagen.net\/wp-content\/uploads\/2015\/05\/UAEM-2602-202x114.jpg"},"blgn-secondary_left":{"file":"UAEM-2602-75x75.jpg","width":75,"height":75,"mime_type":"image\/jpeg","source_url":"https:\/\/www.diarioimagen.net\/wp-content\/uploads\/2015\/05\/UAEM-2602-75x75.jpg"},"blgn-secondary_right":{"file":"UAEM-2602-75x75.jpg","width":75,"height":75,"mime_type":"image\/jpeg","source_url":"https:\/\/www.diarioimagen.net\/wp-content\/uploads\/2015\/05\/UAEM-2602-75x75.jpg"},"blgn-secondary_mid_big":{"file":"UAEM-2602-350x196.jpg","width":350,"height":196,"mime_type":"image\/jpeg","source_url":"https:\/\/www.diarioimagen.net\/wp-content\/uploads\/2015\/05\/UAEM-2602-350x196.jpg"},"blgn-secondary_mid_small":{"file":"UAEM-2602-70x70.jpg","width":70,"height":70,"mime_type":"image\/jpeg","source_url":"https:\/\/www.diarioimagen.net\/wp-content\/uploads\/2015\/05\/UAEM-2602-70x70.jpg"},"blgn-subnews":{"file":"UAEM-2602-220x123.jpg","width":220,"height":123,"mime_type":"image\/jpeg","source_url":"https:\/\/www.diarioimagen.net\/wp-content\/uploads\/2015\/05\/UAEM-2602-220x123.jpg"},"blgn-excerpt_thumb":{"file":"UAEM-2602-90x65.jpg","width":90,"height":65,"mime_type":"image\/jpeg","source_url":"https:\/\/www.diarioimagen.net\/wp-content\/uploads\/2015\/05\/UAEM-2602-90x65.jpg"},"blgn-media_gallery":{"file":"UAEM-2602-237x132.jpg","width":237,"height":132,"mime_type":"image\/jpeg","source_url":"https:\/\/www.diarioimagen.net\/wp-content\/uploads\/2015\/05\/UAEM-2602-237x132.jpg"},"full":{"file":"UAEM-2602.jpg","width":1200,"height":800,"mime_type":"image\/jpeg","source_url":"https:\/\/www.diarioimagen.net\/wp-content\/uploads\/2015\/05\/UAEM-2602.jpg"}},"image_meta":{"aperture":0,"credit":"","camera":"","caption":"","created_timestamp":0,"copyright":"","focal_length":0,"iso":0,"shutter_speed":0,"title":"","orientation":0}},"post":215881,"source_url":"https:\/\/www.diarioimagen.net\/wp-content\/uploads\/2015\/05\/UAEM-2602.jpg","_links":{"self":[{"href":"https:\/\/www.diarioimagen.net\/index.php?rest_route=\/wp\/v2\/media\/215962","targetHints":{"allow":["GET"]}}],"collection":[{"href":"https:\/\/www.diarioimagen.net\/index.php?rest_route=\/wp\/v2\/media"}],"about":[{"href":"https:\/\/www.diarioimagen.net\/index.php?rest_route=\/wp\/v2\/types\/attachment"}],"author":[{"embeddable":true,"href":"https:\/\/www.diarioimagen.net\/index.php?rest_route=\/wp\/v2\/users\/1"}],"replies":[{"embeddable":true,"href":"https:\/\/www.diarioimagen.net\/index.php?rest_route=%2Fwp%2Fv2%2Fcomments&post=215962"}]}}

<p>El rector de la UAEM, Jorge Olvera García, encabezó la clausura del Foro Nacional “Empleo, Capacitación y Productividad en el Ámbito Estatal y Nacional”, marco en el cual el secretario del Trabajo del gobierno del Estado de México, Francisco Javier García Bejos, dictó la Conferencia Magistral “Implicaciones de la Reforma Laboral, del papel a la práctica”.</p>
