{"id":226522,"date":"2015-07-20T15:59:22","date_gmt":"2015-07-20T20:59:22","guid":{"rendered":"http:\/\/www.diarioimagen.net\/wp-content\/uploads\/2015\/07\/PGR21.jpg"},"modified":"2015-07-20T15:59:42","modified_gmt":"2015-07-20T20:59:42","slug":"comenzara-manana-visita-oficial-del-canciller-de-belice-a-mex","status":"inherit","type":"attachment","link":"https:\/\/www.diarioimagen.net\/?attachment_id=226522","title":{"rendered":"COMENZAR\u00c1 MA\u00d1ANA VISITA OFICIAL DEL CANCILLER DE BELICE A M\u00c9X"},"author":5,"featured_media":0,"comment_status":"open","ping_status":"open","template":"","meta":{"_monsterinsights_skip_tracking":false,"_monsterinsights_sitenote_active":false,"_monsterinsights_sitenote_note":"","_monsterinsights_sitenote_category":0},"class_list":["post-226522","attachment","type-attachment","status-inherit","hentry"],"description":{"rendered":"<p class=\"attachment\"><a href='https:\/\/www.diarioimagen.net\/wp-content\/uploads\/2015\/07\/PGR21.jpg'><img loading=\"lazy\" decoding=\"async\" width=\"240\" height=\"166\" src=\"https:\/\/www.diarioimagen.net\/wp-content\/uploads\/2015\/07\/PGR21-240x166.jpg\" class=\"attachment-medium size-medium\" alt=\"\" srcset=\"https:\/\/www.diarioimagen.net\/wp-content\/uploads\/2015\/07\/PGR21-240x166.jpg 240w, https:\/\/www.diarioimagen.net\/wp-content\/uploads\/2015\/07\/PGR21-420x290.jpg 420w, https:\/\/www.diarioimagen.net\/wp-content\/uploads\/2015\/07\/PGR21.jpg 1104w\" sizes=\"auto, (max-width: 240px) 100vw, 240px\" \/><\/a><\/p>\n"},"caption":{"rendered":"<p>Sobre el proceso de extradici\u00f3n de Joaqu\u00edn Guzm\u00e1n Loera, el caniller Jos\u00e9 Antonio Meade se\u00f1al\u00f3 es un proceso que toma tiempo, que est\u00e1 sujeto a un calendario con diferentes etapas.<\/p>\n"},"alt_text":"","media_type":"image","mime_type":"image\/jpeg","media_details":{"width":1104,"height":762,"file":"2015\/07\/PGR21.jpg","sizes":{"thumbnail":{"file":"PGR21-150x150.jpg","width":150,"height":150,"mime_type":"image\/jpeg","source_url":"https:\/\/www.diarioimagen.net\/wp-content\/uploads\/2015\/07\/PGR21-150x150.jpg"},"medium":{"file":"PGR21-240x166.jpg","width":240,"height":166,"mime_type":"image\/jpeg","source_url":"https:\/\/www.diarioimagen.net\/wp-content\/uploads\/2015\/07\/PGR21-240x166.jpg"},"large":{"file":"PGR21-420x290.jpg","width":420,"height":290,"mime_type":"image\/jpeg","source_url":"https:\/\/www.diarioimagen.net\/wp-content\/uploads\/2015\/07\/PGR21-420x290.jpg"},"post-thumbnail":{"file":"PGR21-50x50.jpg","width":50,"height":50,"mime_type":"image\/jpeg","source_url":"https:\/\/www.diarioimagen.net\/wp-content\/uploads\/2015\/07\/PGR21-50x50.jpg"},"blgn-featured":{"file":"PGR21-480x270.jpg","width":480,"height":270,"mime_type":"image\/jpeg","source_url":"https:\/\/www.diarioimagen.net\/wp-content\/uploads\/2015\/07\/PGR21-480x270.jpg"},"blgn-below_featured":{"file":"PGR21-235x132.jpg","width":235,"height":132,"mime_type":"image\/jpeg","source_url":"https:\/\/www.diarioimagen.net\/wp-content\/uploads\/2015\/07\/PGR21-235x132.jpg"},"blgn-mediabar":{"file":"PGR21-202x114.jpg","width":202,"height":114,"mime_type":"image\/jpeg","source_url":"https:\/\/www.diarioimagen.net\/wp-content\/uploads\/2015\/07\/PGR21-202x114.jpg"},"blgn-secondary_left":{"file":"PGR21-75x75.jpg","width":75,"height":75,"mime_type":"image\/jpeg","source_url":"https:\/\/www.diarioimagen.net\/wp-content\/uploads\/2015\/07\/PGR21-75x75.jpg"},"blgn-secondary_right":{"file":"PGR21-75x75.jpg","width":75,"height":75,"mime_type":"image\/jpeg","source_url":"https:\/\/www.diarioimagen.net\/wp-content\/uploads\/2015\/07\/PGR21-75x75.jpg"},"blgn-secondary_mid_big":{"file":"PGR21-350x196.jpg","width":350,"height":196,"mime_type":"image\/jpeg","source_url":"https:\/\/www.diarioimagen.net\/wp-content\/uploads\/2015\/07\/PGR21-350x196.jpg"},"blgn-secondary_mid_small":{"file":"PGR21-70x70.jpg","width":70,"height":70,"mime_type":"image\/jpeg","source_url":"https:\/\/www.diarioimagen.net\/wp-content\/uploads\/2015\/07\/PGR21-70x70.jpg"},"blgn-subnews":{"file":"PGR21-220x123.jpg","width":220,"height":123,"mime_type":"image\/jpeg","source_url":"https:\/\/www.diarioimagen.net\/wp-content\/uploads\/2015\/07\/PGR21-220x123.jpg"},"blgn-excerpt_thumb":{"file":"PGR21-90x65.jpg","width":90,"height":65,"mime_type":"image\/jpeg","source_url":"https:\/\/www.diarioimagen.net\/wp-content\/uploads\/2015\/07\/PGR21-90x65.jpg"},"blgn-media_gallery":{"file":"PGR21-237x132.jpg","width":237,"height":132,"mime_type":"image\/jpeg","source_url":"https:\/\/www.diarioimagen.net\/wp-content\/uploads\/2015\/07\/PGR21-237x132.jpg"},"full":{"file":"PGR21.jpg","width":1104,"height":762,"mime_type":"image\/jpeg","source_url":"https:\/\/www.diarioimagen.net\/wp-content\/uploads\/2015\/07\/PGR21.jpg"}},"image_meta":{"aperture":0,"credit":"NOTIMEX","camera":"","caption":"50720036. M\u00e9xico.-  El ministro de Asuntos Exteriores de Belice, Wilfred Elrington, inici\u00f3 este lunes una visita oficial a M\u00e9xico y fue recibido por el canciller Jos\u00e9 Antonio Meade Kuribre\u00f1a. En el marco de la visita, ambos cancilleres suscriben diversos instrumentos jur\u00eddicos en cooperaci\u00f3n mar\u00edtima, transporte, energ\u00eda y propiedad intelectual,  M\u00e9xico es el primer socio comercial de Belice en Am\u00e9rica Latina y el Caribe y el tercero a nivel mundial, con un comercio bilateral de 143 millones de d\u00f3lares.\rNOTIMEX\/FOTO\/SRE\/COR\/POL\/","created_timestamp":1437350400,"copyright":"","focal_length":0,"iso":0,"shutter_speed":0,"title":"COMENZAR\u00c1 MA\u00d1ANA VISITA OFICIAL DEL CANCILLER DE BELICE A M\u00c9X","orientation":0}},"post":226521,"source_url":"https:\/\/www.diarioimagen.net\/wp-content\/uploads\/2015\/07\/PGR21.jpg","_links":{"self":[{"href":"https:\/\/www.diarioimagen.net\/index.php?rest_route=\/wp\/v2\/media\/226522","targetHints":{"allow":["GET"]}}],"collection":[{"href":"https:\/\/www.diarioimagen.net\/index.php?rest_route=\/wp\/v2\/media"}],"about":[{"href":"https:\/\/www.diarioimagen.net\/index.php?rest_route=\/wp\/v2\/types\/attachment"}],"author":[{"embeddable":true,"href":"https:\/\/www.diarioimagen.net\/index.php?rest_route=\/wp\/v2\/users\/5"}],"replies":[{"embeddable":true,"href":"https:\/\/www.diarioimagen.net\/index.php?rest_route=%2Fwp%2Fv2%2Fcomments&post=226522"}]}}

COMENZARÁ MAÑANA VISITA OFICIAL DEL CANCILLER DE BELICE A MÉX

<p>Sobre el proceso de extradición de Joaquín Guzmán Loera, el caniller José Antonio Meade señaló es un proceso que toma tiempo, que está sujeto a un calendario con diferentes etapas.</p>

50720036. México.-  El ministro de Asuntos Exteriores de Belice, Wilfred Elrington, inició este lunes una visita oficial a México y fue recibido por el canciller José Antonio Meade Kuribreña. En el marco de la visita, ambos cancilleres suscriben diversos instrumentos jurídicos en cooperación marítima, transporte, energía y propiedad intelectual,  México es el primer socio comercial de Belice en América Latina y el Caribe y el tercero a nivel mundial, con un comercio bilateral de 143 millones de dólares.NOTIMEX/FOTO/SRE/COR/POL/
