{"id":237208,"date":"2015-10-06T04:26:38","date_gmt":"2015-10-06T09:26:38","guid":{"rendered":"http:\/\/www.diarioimagen.net\/wp-content\/uploads\/2015\/10\/mancera-2712.jpg"},"modified":"2015-10-06T04:26:52","modified_gmt":"2015-10-06T09:26:52","slug":"mancera-2712","status":"inherit","type":"attachment","link":"https:\/\/www.diarioimagen.net\/?attachment_id=237208","title":{"rendered":"mancera-2712"},"author":1,"featured_media":0,"comment_status":"open","ping_status":"closed","template":"","meta":{"_monsterinsights_skip_tracking":false,"_monsterinsights_sitenote_active":false,"_monsterinsights_sitenote_note":"","_monsterinsights_sitenote_category":0},"class_list":["post-237208","attachment","type-attachment","status-inherit","hentry"],"description":{"rendered":"<p class=\"attachment\"><a href='https:\/\/www.diarioimagen.net\/wp-content\/uploads\/2015\/10\/mancera-2712.jpg'><img loading=\"lazy\" decoding=\"async\" width=\"240\" height=\"100\" src=\"https:\/\/www.diarioimagen.net\/wp-content\/uploads\/2015\/10\/mancera-2712-240x100.jpg\" class=\"attachment-medium size-medium\" alt=\"\" srcset=\"https:\/\/www.diarioimagen.net\/wp-content\/uploads\/2015\/10\/mancera-2712-240x100.jpg 240w, https:\/\/www.diarioimagen.net\/wp-content\/uploads\/2015\/10\/mancera-2712-420x175.jpg 420w, https:\/\/www.diarioimagen.net\/wp-content\/uploads\/2015\/10\/mancera-2712.jpg 1200w\" sizes=\"auto, (max-width: 240px) 100vw, 240px\" \/><\/a><\/p>\n"},"caption":{"rendered":"<p>A la inauguraci\u00f3n asistieron la directora general del Inmujeres CDMX, Teresa Inch\u00e1ustegui Romero; el coordinador general de Asuntos Internacionales de Gobierno de la ciudad, Cuauht\u00e9moc C\u00e1rdenas Sol\u00f3rzano; el secretario de Desarrollo Social, Jos\u00e9 Ram\u00f3n Amieva G\u00e1lvez. Adem\u00e1s, la presidenta de la Comisi\u00f3n Especial de Equidad de G\u00e9nero del Consejo Universitario y directora de la Escuela Nacional de Trabajo Social de la UNAM, Leticia Cano Soriano; y el presidente del Tribunal Superior de Justicia local, Edgar El\u00edas Azar, entre otros.<\/p>\n"},"alt_text":"","media_type":"image","mime_type":"image\/jpeg","media_details":{"width":1200,"height":500,"file":"2015\/10\/mancera-2712.jpg","sizes":{"thumbnail":{"file":"mancera-2712-150x150.jpg","width":150,"height":150,"mime_type":"image\/jpeg","source_url":"https:\/\/www.diarioimagen.net\/wp-content\/uploads\/2015\/10\/mancera-2712-150x150.jpg"},"medium":{"file":"mancera-2712-240x100.jpg","width":240,"height":100,"mime_type":"image\/jpeg","source_url":"https:\/\/www.diarioimagen.net\/wp-content\/uploads\/2015\/10\/mancera-2712-240x100.jpg"},"large":{"file":"mancera-2712-420x175.jpg","width":420,"height":175,"mime_type":"image\/jpeg","source_url":"https:\/\/www.diarioimagen.net\/wp-content\/uploads\/2015\/10\/mancera-2712-420x175.jpg"},"post-thumbnail":{"file":"mancera-2712-50x50.jpg","width":50,"height":50,"mime_type":"image\/jpeg","source_url":"https:\/\/www.diarioimagen.net\/wp-content\/uploads\/2015\/10\/mancera-2712-50x50.jpg"},"blgn-featured":{"file":"mancera-2712-480x270.jpg","width":480,"height":270,"mime_type":"image\/jpeg","source_url":"https:\/\/www.diarioimagen.net\/wp-content\/uploads\/2015\/10\/mancera-2712-480x270.jpg"},"blgn-below_featured":{"file":"mancera-2712-235x132.jpg","width":235,"height":132,"mime_type":"image\/jpeg","source_url":"https:\/\/www.diarioimagen.net\/wp-content\/uploads\/2015\/10\/mancera-2712-235x132.jpg"},"blgn-mediabar":{"file":"mancera-2712-202x114.jpg","width":202,"height":114,"mime_type":"image\/jpeg","source_url":"https:\/\/www.diarioimagen.net\/wp-content\/uploads\/2015\/10\/mancera-2712-202x114.jpg"},"blgn-secondary_left":{"file":"mancera-2712-75x75.jpg","width":75,"height":75,"mime_type":"image\/jpeg","source_url":"https:\/\/www.diarioimagen.net\/wp-content\/uploads\/2015\/10\/mancera-2712-75x75.jpg"},"blgn-secondary_right":{"file":"mancera-2712-75x75.jpg","width":75,"height":75,"mime_type":"image\/jpeg","source_url":"https:\/\/www.diarioimagen.net\/wp-content\/uploads\/2015\/10\/mancera-2712-75x75.jpg"},"blgn-secondary_mid_big":{"file":"mancera-2712-350x196.jpg","width":350,"height":196,"mime_type":"image\/jpeg","source_url":"https:\/\/www.diarioimagen.net\/wp-content\/uploads\/2015\/10\/mancera-2712-350x196.jpg"},"blgn-secondary_mid_small":{"file":"mancera-2712-70x70.jpg","width":70,"height":70,"mime_type":"image\/jpeg","source_url":"https:\/\/www.diarioimagen.net\/wp-content\/uploads\/2015\/10\/mancera-2712-70x70.jpg"},"blgn-subnews":{"file":"mancera-2712-220x123.jpg","width":220,"height":123,"mime_type":"image\/jpeg","source_url":"https:\/\/www.diarioimagen.net\/wp-content\/uploads\/2015\/10\/mancera-2712-220x123.jpg"},"blgn-excerpt_thumb":{"file":"mancera-2712-90x65.jpg","width":90,"height":65,"mime_type":"image\/jpeg","source_url":"https:\/\/www.diarioimagen.net\/wp-content\/uploads\/2015\/10\/mancera-2712-90x65.jpg"},"blgn-media_gallery":{"file":"mancera-2712-237x132.jpg","width":237,"height":132,"mime_type":"image\/jpeg","source_url":"https:\/\/www.diarioimagen.net\/wp-content\/uploads\/2015\/10\/mancera-2712-237x132.jpg"},"full":{"file":"mancera-2712.jpg","width":1200,"height":500,"mime_type":"image\/jpeg","source_url":"https:\/\/www.diarioimagen.net\/wp-content\/uploads\/2015\/10\/mancera-2712.jpg"}},"image_meta":{"aperture":0,"credit":"","camera":"","caption":"","created_timestamp":0,"copyright":"","focal_length":0,"iso":0,"shutter_speed":0,"title":"","orientation":0}},"post":237113,"source_url":"https:\/\/www.diarioimagen.net\/wp-content\/uploads\/2015\/10\/mancera-2712.jpg","_links":{"self":[{"href":"https:\/\/www.diarioimagen.net\/index.php?rest_route=\/wp\/v2\/media\/237208","targetHints":{"allow":["GET"]}}],"collection":[{"href":"https:\/\/www.diarioimagen.net\/index.php?rest_route=\/wp\/v2\/media"}],"about":[{"href":"https:\/\/www.diarioimagen.net\/index.php?rest_route=\/wp\/v2\/types\/attachment"}],"author":[{"embeddable":true,"href":"https:\/\/www.diarioimagen.net\/index.php?rest_route=\/wp\/v2\/users\/1"}],"replies":[{"embeddable":true,"href":"https:\/\/www.diarioimagen.net\/index.php?rest_route=%2Fwp%2Fv2%2Fcomments&post=237208"}]}}

<p>A la inauguración asistieron la directora general del Inmujeres CDMX, Teresa Incháustegui Romero; el coordinador general de Asuntos Internacionales de Gobierno de la ciudad, Cuauhtémoc Cárdenas Solórzano; el secretario de Desarrollo Social, José Ramón Amieva Gálvez. Además, la presidenta de la Comisión Especial de Equidad de Género del Consejo Universitario y directora de la Escuela Nacional de Trabajo Social de la UNAM, Leticia Cano Soriano; y el presidente del Tribunal Superior de Justicia local, Edgar Elías Azar, entre otros.</p>
