{"id":241666,"date":"2015-11-06T03:20:20","date_gmt":"2015-11-06T09:20:20","guid":{"rendered":"http:\/\/www.diarioimagen.net\/wp-content\/uploads\/2015\/11\/EN-QUE-IRA-A-PARAR-jose-luis-2735.jpg"},"modified":"2015-11-06T03:20:41","modified_gmt":"2015-11-06T09:20:41","slug":"en-que-ira-a-parar-jose-luis-2735","status":"inherit","type":"attachment","link":"https:\/\/www.diarioimagen.net\/?attachment_id=241666","title":{"rendered":"EN-QUE-IRA-A-PARAR-jose-luis-2735"},"author":1,"featured_media":0,"comment_status":"open","ping_status":"closed","template":"","meta":{"_monsterinsights_skip_tracking":false,"_monsterinsights_sitenote_active":false,"_monsterinsights_sitenote_note":"","_monsterinsights_sitenote_category":0},"class_list":["post-241666","attachment","type-attachment","status-inherit","hentry"],"description":{"rendered":"<p class=\"attachment\"><a href='https:\/\/www.diarioimagen.net\/wp-content\/uploads\/2015\/11\/EN-QUE-IRA-A-PARAR-jose-luis-2735.jpg'><img loading=\"lazy\" decoding=\"async\" width=\"240\" height=\"240\" src=\"https:\/\/www.diarioimagen.net\/wp-content\/uploads\/2015\/11\/EN-QUE-IRA-A-PARAR-jose-luis-2735-240x240.jpg\" class=\"attachment-medium size-medium\" alt=\"\" srcset=\"https:\/\/www.diarioimagen.net\/wp-content\/uploads\/2015\/11\/EN-QUE-IRA-A-PARAR-jose-luis-2735-240x240.jpg 240w, https:\/\/www.diarioimagen.net\/wp-content\/uploads\/2015\/11\/EN-QUE-IRA-A-PARAR-jose-luis-2735-150x150.jpg 150w, https:\/\/www.diarioimagen.net\/wp-content\/uploads\/2015\/11\/EN-QUE-IRA-A-PARAR-jose-luis-2735-420x420.jpg 420w, https:\/\/www.diarioimagen.net\/wp-content\/uploads\/2015\/11\/EN-QUE-IRA-A-PARAR-jose-luis-2735-50x50.jpg 50w, https:\/\/www.diarioimagen.net\/wp-content\/uploads\/2015\/11\/EN-QUE-IRA-A-PARAR-jose-luis-2735-75x75.jpg 75w, https:\/\/www.diarioimagen.net\/wp-content\/uploads\/2015\/11\/EN-QUE-IRA-A-PARAR-jose-luis-2735-70x70.jpg 70w, https:\/\/www.diarioimagen.net\/wp-content\/uploads\/2015\/11\/EN-QUE-IRA-A-PARAR-jose-luis-2735.jpg 1200w\" sizes=\"auto, (max-width: 240px) 100vw, 240px\" \/><\/a><\/p>\n"},"caption":{"rendered":"<p>\u00bfEn qu\u00e9 ir\u00e1 a parar?.. | Jos\u00e9 Luis<\/p>\n"},"alt_text":"","media_type":"image","mime_type":"image\/jpeg","media_details":{"width":1200,"height":1203,"file":"2015\/11\/EN-QUE-IRA-A-PARAR-jose-luis-2735.jpg","sizes":{"thumbnail":{"file":"EN-QUE-IRA-A-PARAR-jose-luis-2735-150x150.jpg","width":150,"height":150,"mime_type":"image\/jpeg","source_url":"https:\/\/www.diarioimagen.net\/wp-content\/uploads\/2015\/11\/EN-QUE-IRA-A-PARAR-jose-luis-2735-150x150.jpg"},"medium":{"file":"EN-QUE-IRA-A-PARAR-jose-luis-2735-240x240.jpg","width":240,"height":240,"mime_type":"image\/jpeg","source_url":"https:\/\/www.diarioimagen.net\/wp-content\/uploads\/2015\/11\/EN-QUE-IRA-A-PARAR-jose-luis-2735-240x240.jpg"},"large":{"file":"EN-QUE-IRA-A-PARAR-jose-luis-2735-420x420.jpg","width":420,"height":420,"mime_type":"image\/jpeg","source_url":"https:\/\/www.diarioimagen.net\/wp-content\/uploads\/2015\/11\/EN-QUE-IRA-A-PARAR-jose-luis-2735-420x420.jpg"},"post-thumbnail":{"file":"EN-QUE-IRA-A-PARAR-jose-luis-2735-50x50.jpg","width":50,"height":50,"mime_type":"image\/jpeg","source_url":"https:\/\/www.diarioimagen.net\/wp-content\/uploads\/2015\/11\/EN-QUE-IRA-A-PARAR-jose-luis-2735-50x50.jpg"},"blgn-featured":{"file":"EN-QUE-IRA-A-PARAR-jose-luis-2735-480x270.jpg","width":480,"height":270,"mime_type":"image\/jpeg","source_url":"https:\/\/www.diarioimagen.net\/wp-content\/uploads\/2015\/11\/EN-QUE-IRA-A-PARAR-jose-luis-2735-480x270.jpg"},"blgn-below_featured":{"file":"EN-QUE-IRA-A-PARAR-jose-luis-2735-235x132.jpg","width":235,"height":132,"mime_type":"image\/jpeg","source_url":"https:\/\/www.diarioimagen.net\/wp-content\/uploads\/2015\/11\/EN-QUE-IRA-A-PARAR-jose-luis-2735-235x132.jpg"},"blgn-mediabar":{"file":"EN-QUE-IRA-A-PARAR-jose-luis-2735-202x114.jpg","width":202,"height":114,"mime_type":"image\/jpeg","source_url":"https:\/\/www.diarioimagen.net\/wp-content\/uploads\/2015\/11\/EN-QUE-IRA-A-PARAR-jose-luis-2735-202x114.jpg"},"blgn-secondary_left":{"file":"EN-QUE-IRA-A-PARAR-jose-luis-2735-75x75.jpg","width":75,"height":75,"mime_type":"image\/jpeg","source_url":"https:\/\/www.diarioimagen.net\/wp-content\/uploads\/2015\/11\/EN-QUE-IRA-A-PARAR-jose-luis-2735-75x75.jpg"},"blgn-secondary_right":{"file":"EN-QUE-IRA-A-PARAR-jose-luis-2735-75x75.jpg","width":75,"height":75,"mime_type":"image\/jpeg","source_url":"https:\/\/www.diarioimagen.net\/wp-content\/uploads\/2015\/11\/EN-QUE-IRA-A-PARAR-jose-luis-2735-75x75.jpg"},"blgn-secondary_mid_big":{"file":"EN-QUE-IRA-A-PARAR-jose-luis-2735-350x196.jpg","width":350,"height":196,"mime_type":"image\/jpeg","source_url":"https:\/\/www.diarioimagen.net\/wp-content\/uploads\/2015\/11\/EN-QUE-IRA-A-PARAR-jose-luis-2735-350x196.jpg"},"blgn-secondary_mid_small":{"file":"EN-QUE-IRA-A-PARAR-jose-luis-2735-70x70.jpg","width":70,"height":70,"mime_type":"image\/jpeg","source_url":"https:\/\/www.diarioimagen.net\/wp-content\/uploads\/2015\/11\/EN-QUE-IRA-A-PARAR-jose-luis-2735-70x70.jpg"},"blgn-subnews":{"file":"EN-QUE-IRA-A-PARAR-jose-luis-2735-220x123.jpg","width":220,"height":123,"mime_type":"image\/jpeg","source_url":"https:\/\/www.diarioimagen.net\/wp-content\/uploads\/2015\/11\/EN-QUE-IRA-A-PARAR-jose-luis-2735-220x123.jpg"},"blgn-excerpt_thumb":{"file":"EN-QUE-IRA-A-PARAR-jose-luis-2735-90x65.jpg","width":90,"height":65,"mime_type":"image\/jpeg","source_url":"https:\/\/www.diarioimagen.net\/wp-content\/uploads\/2015\/11\/EN-QUE-IRA-A-PARAR-jose-luis-2735-90x65.jpg"},"blgn-media_gallery":{"file":"EN-QUE-IRA-A-PARAR-jose-luis-2735-237x132.jpg","width":237,"height":132,"mime_type":"image\/jpeg","source_url":"https:\/\/www.diarioimagen.net\/wp-content\/uploads\/2015\/11\/EN-QUE-IRA-A-PARAR-jose-luis-2735-237x132.jpg"},"full":{"file":"EN-QUE-IRA-A-PARAR-jose-luis-2735.jpg","width":1200,"height":1203,"mime_type":"image\/jpeg","source_url":"https:\/\/www.diarioimagen.net\/wp-content\/uploads\/2015\/11\/EN-QUE-IRA-A-PARAR-jose-luis-2735.jpg"}},"image_meta":{"aperture":0,"credit":"","camera":"","caption":"","created_timestamp":0,"copyright":"","focal_length":0,"iso":0,"shutter_speed":0,"title":"","orientation":0}},"post":241630,"source_url":"https:\/\/www.diarioimagen.net\/wp-content\/uploads\/2015\/11\/EN-QUE-IRA-A-PARAR-jose-luis-2735.jpg","_links":{"self":[{"href":"https:\/\/www.diarioimagen.net\/index.php?rest_route=\/wp\/v2\/media\/241666","targetHints":{"allow":["GET"]}}],"collection":[{"href":"https:\/\/www.diarioimagen.net\/index.php?rest_route=\/wp\/v2\/media"}],"about":[{"href":"https:\/\/www.diarioimagen.net\/index.php?rest_route=\/wp\/v2\/types\/attachment"}],"author":[{"embeddable":true,"href":"https:\/\/www.diarioimagen.net\/index.php?rest_route=\/wp\/v2\/users\/1"}],"replies":[{"embeddable":true,"href":"https:\/\/www.diarioimagen.net\/index.php?rest_route=%2Fwp%2Fv2%2Fcomments&post=241666"}]}}

<p>¿En qué irá a parar?.. | José Luis</p>
