{"id":253316,"date":"2016-01-29T04:47:29","date_gmt":"2016-01-29T10:47:29","guid":{"rendered":"http:\/\/www.diarioimagen.net\/wp-content\/uploads\/2016\/01\/agua-2793.jpg"},"modified":"2016-01-29T04:47:38","modified_gmt":"2016-01-29T10:47:38","slug":"agua-2793","status":"inherit","type":"attachment","link":"https:\/\/www.diarioimagen.net\/?attachment_id=253316","title":{"rendered":"agua-2793"},"author":1,"featured_media":0,"comment_status":"open","ping_status":"closed","template":"","meta":{"_monsterinsights_skip_tracking":false,"_monsterinsights_sitenote_active":false,"_monsterinsights_sitenote_note":"","_monsterinsights_sitenote_category":0},"class_list":["post-253316","attachment","type-attachment","status-inherit","hentry"],"description":{"rendered":"<p class=\"attachment\"><a href='https:\/\/www.diarioimagen.net\/wp-content\/uploads\/2016\/01\/agua-2793.jpg'><img loading=\"lazy\" decoding=\"async\" width=\"240\" height=\"160\" src=\"https:\/\/www.diarioimagen.net\/wp-content\/uploads\/2016\/01\/agua-2793-240x160.jpg\" class=\"attachment-medium size-medium\" alt=\"\" srcset=\"https:\/\/www.diarioimagen.net\/wp-content\/uploads\/2016\/01\/agua-2793-240x160.jpg 240w, https:\/\/www.diarioimagen.net\/wp-content\/uploads\/2016\/01\/agua-2793-420x279.jpg 420w, https:\/\/www.diarioimagen.net\/wp-content\/uploads\/2016\/01\/agua-2793.jpg 720w\" sizes=\"auto, (max-width: 240px) 100vw, 240px\" \/><\/a><\/p>\n"},"caption":{"rendered":"<p>A partir de ma\u00f1ana se comenzar\u00e1 a resentir en la mitad de la ciudad de M\u00e9xico y parte del Estado de M\u00e9xico la falta de agua potable.<\/p>\n"},"alt_text":"","media_type":"image","mime_type":"image\/jpeg","media_details":{"width":720,"height":479,"file":"2016\/01\/agua-2793.jpg","sizes":{"thumbnail":{"file":"agua-2793-150x150.jpg","width":150,"height":150,"mime_type":"image\/jpeg","source_url":"https:\/\/www.diarioimagen.net\/wp-content\/uploads\/2016\/01\/agua-2793-150x150.jpg"},"medium":{"file":"agua-2793-240x160.jpg","width":240,"height":160,"mime_type":"image\/jpeg","source_url":"https:\/\/www.diarioimagen.net\/wp-content\/uploads\/2016\/01\/agua-2793-240x160.jpg"},"large":{"file":"agua-2793-420x279.jpg","width":420,"height":279,"mime_type":"image\/jpeg","source_url":"https:\/\/www.diarioimagen.net\/wp-content\/uploads\/2016\/01\/agua-2793-420x279.jpg"},"post-thumbnail":{"file":"agua-2793-50x50.jpg","width":50,"height":50,"mime_type":"image\/jpeg","source_url":"https:\/\/www.diarioimagen.net\/wp-content\/uploads\/2016\/01\/agua-2793-50x50.jpg"},"blgn-featured":{"file":"agua-2793-480x270.jpg","width":480,"height":270,"mime_type":"image\/jpeg","source_url":"https:\/\/www.diarioimagen.net\/wp-content\/uploads\/2016\/01\/agua-2793-480x270.jpg"},"blgn-below_featured":{"file":"agua-2793-235x132.jpg","width":235,"height":132,"mime_type":"image\/jpeg","source_url":"https:\/\/www.diarioimagen.net\/wp-content\/uploads\/2016\/01\/agua-2793-235x132.jpg"},"blgn-mediabar":{"file":"agua-2793-202x114.jpg","width":202,"height":114,"mime_type":"image\/jpeg","source_url":"https:\/\/www.diarioimagen.net\/wp-content\/uploads\/2016\/01\/agua-2793-202x114.jpg"},"blgn-secondary_left":{"file":"agua-2793-75x75.jpg","width":75,"height":75,"mime_type":"image\/jpeg","source_url":"https:\/\/www.diarioimagen.net\/wp-content\/uploads\/2016\/01\/agua-2793-75x75.jpg"},"blgn-secondary_right":{"file":"agua-2793-75x75.jpg","width":75,"height":75,"mime_type":"image\/jpeg","source_url":"https:\/\/www.diarioimagen.net\/wp-content\/uploads\/2016\/01\/agua-2793-75x75.jpg"},"blgn-secondary_mid_big":{"file":"agua-2793-350x196.jpg","width":350,"height":196,"mime_type":"image\/jpeg","source_url":"https:\/\/www.diarioimagen.net\/wp-content\/uploads\/2016\/01\/agua-2793-350x196.jpg"},"blgn-secondary_mid_small":{"file":"agua-2793-70x70.jpg","width":70,"height":70,"mime_type":"image\/jpeg","source_url":"https:\/\/www.diarioimagen.net\/wp-content\/uploads\/2016\/01\/agua-2793-70x70.jpg"},"blgn-subnews":{"file":"agua-2793-220x123.jpg","width":220,"height":123,"mime_type":"image\/jpeg","source_url":"https:\/\/www.diarioimagen.net\/wp-content\/uploads\/2016\/01\/agua-2793-220x123.jpg"},"blgn-excerpt_thumb":{"file":"agua-2793-90x65.jpg","width":90,"height":65,"mime_type":"image\/jpeg","source_url":"https:\/\/www.diarioimagen.net\/wp-content\/uploads\/2016\/01\/agua-2793-90x65.jpg"},"blgn-media_gallery":{"file":"agua-2793-237x132.jpg","width":237,"height":132,"mime_type":"image\/jpeg","source_url":"https:\/\/www.diarioimagen.net\/wp-content\/uploads\/2016\/01\/agua-2793-237x132.jpg"},"full":{"file":"agua-2793.jpg","width":720,"height":479,"mime_type":"image\/jpeg","source_url":"https:\/\/www.diarioimagen.net\/wp-content\/uploads\/2016\/01\/agua-2793.jpg"}},"image_meta":{"aperture":0,"credit":"","camera":"","caption":"","created_timestamp":0,"copyright":"","focal_length":0,"iso":0,"shutter_speed":0,"title":"","orientation":0,"keywords":[]}},"post":253109,"source_url":"https:\/\/www.diarioimagen.net\/wp-content\/uploads\/2016\/01\/agua-2793.jpg","_links":{"self":[{"href":"https:\/\/www.diarioimagen.net\/index.php?rest_route=\/wp\/v2\/media\/253316","targetHints":{"allow":["GET"]}}],"collection":[{"href":"https:\/\/www.diarioimagen.net\/index.php?rest_route=\/wp\/v2\/media"}],"about":[{"href":"https:\/\/www.diarioimagen.net\/index.php?rest_route=\/wp\/v2\/types\/attachment"}],"author":[{"embeddable":true,"href":"https:\/\/www.diarioimagen.net\/index.php?rest_route=\/wp\/v2\/users\/1"}],"replies":[{"embeddable":true,"href":"https:\/\/www.diarioimagen.net\/index.php?rest_route=%2Fwp%2Fv2%2Fcomments&post=253316"}]}}

<p>A partir de mañana se comenzará a resentir en la mitad de la ciudad de México y parte del Estado de México la falta de agua potable.</p>
