{"id":255306,"date":"2016-02-11T03:21:11","date_gmt":"2016-02-11T09:21:11","guid":{"rendered":"http:\/\/www.diarioimagen.net\/wp-content\/uploads\/2016\/02\/epn-2802.jpg"},"modified":"2016-02-11T03:21:16","modified_gmt":"2016-02-11T09:21:16","slug":"epn-2802","status":"inherit","type":"attachment","link":"https:\/\/www.diarioimagen.net\/?attachment_id=255306","title":{"rendered":"epn-2802"},"author":1,"featured_media":0,"comment_status":"open","ping_status":"closed","template":"","meta":{"_monsterinsights_skip_tracking":false,"_monsterinsights_sitenote_active":false,"_monsterinsights_sitenote_note":"","_monsterinsights_sitenote_category":0},"class_list":["post-255306","attachment","type-attachment","status-inherit","hentry"],"description":{"rendered":"<p class=\"attachment\"><a href='https:\/\/www.diarioimagen.net\/wp-content\/uploads\/2016\/02\/epn-2802.jpg'><img loading=\"lazy\" decoding=\"async\" width=\"240\" height=\"154\" src=\"https:\/\/www.diarioimagen.net\/wp-content\/uploads\/2016\/02\/epn-2802-240x154.jpg\" class=\"attachment-medium size-medium\" alt=\"\" srcset=\"https:\/\/www.diarioimagen.net\/wp-content\/uploads\/2016\/02\/epn-2802-240x154.jpg 240w, https:\/\/www.diarioimagen.net\/wp-content\/uploads\/2016\/02\/epn-2802-420x269.jpg 420w, https:\/\/www.diarioimagen.net\/wp-content\/uploads\/2016\/02\/epn-2802.jpg 700w\" sizes=\"auto, (max-width: 240px) 100vw, 240px\" \/><\/a><\/p>\n"},"caption":{"rendered":"<p>El presidente Enrique Pe\u00f1a Nieto encabez\u00f3 en Hermosillo, Sonora, la conmemoraci\u00f3n del 101 aniversario del D\u00eda de la Fuerza A\u00e9rea Mexicana.<\/p>\n"},"alt_text":"","media_type":"image","mime_type":"image\/jpeg","media_details":{"width":700,"height":449,"file":"2016\/02\/epn-2802.jpg","sizes":{"thumbnail":{"file":"epn-2802-150x150.jpg","width":150,"height":150,"mime_type":"image\/jpeg","source_url":"https:\/\/www.diarioimagen.net\/wp-content\/uploads\/2016\/02\/epn-2802-150x150.jpg"},"medium":{"file":"epn-2802-240x154.jpg","width":240,"height":154,"mime_type":"image\/jpeg","source_url":"https:\/\/www.diarioimagen.net\/wp-content\/uploads\/2016\/02\/epn-2802-240x154.jpg"},"large":{"file":"epn-2802-420x269.jpg","width":420,"height":269,"mime_type":"image\/jpeg","source_url":"https:\/\/www.diarioimagen.net\/wp-content\/uploads\/2016\/02\/epn-2802-420x269.jpg"},"post-thumbnail":{"file":"epn-2802-50x50.jpg","width":50,"height":50,"mime_type":"image\/jpeg","source_url":"https:\/\/www.diarioimagen.net\/wp-content\/uploads\/2016\/02\/epn-2802-50x50.jpg"},"blgn-featured":{"file":"epn-2802-480x270.jpg","width":480,"height":270,"mime_type":"image\/jpeg","source_url":"https:\/\/www.diarioimagen.net\/wp-content\/uploads\/2016\/02\/epn-2802-480x270.jpg"},"blgn-below_featured":{"file":"epn-2802-235x132.jpg","width":235,"height":132,"mime_type":"image\/jpeg","source_url":"https:\/\/www.diarioimagen.net\/wp-content\/uploads\/2016\/02\/epn-2802-235x132.jpg"},"blgn-mediabar":{"file":"epn-2802-202x114.jpg","width":202,"height":114,"mime_type":"image\/jpeg","source_url":"https:\/\/www.diarioimagen.net\/wp-content\/uploads\/2016\/02\/epn-2802-202x114.jpg"},"blgn-secondary_left":{"file":"epn-2802-75x75.jpg","width":75,"height":75,"mime_type":"image\/jpeg","source_url":"https:\/\/www.diarioimagen.net\/wp-content\/uploads\/2016\/02\/epn-2802-75x75.jpg"},"blgn-secondary_right":{"file":"epn-2802-75x75.jpg","width":75,"height":75,"mime_type":"image\/jpeg","source_url":"https:\/\/www.diarioimagen.net\/wp-content\/uploads\/2016\/02\/epn-2802-75x75.jpg"},"blgn-secondary_mid_big":{"file":"epn-2802-350x196.jpg","width":350,"height":196,"mime_type":"image\/jpeg","source_url":"https:\/\/www.diarioimagen.net\/wp-content\/uploads\/2016\/02\/epn-2802-350x196.jpg"},"blgn-secondary_mid_small":{"file":"epn-2802-70x70.jpg","width":70,"height":70,"mime_type":"image\/jpeg","source_url":"https:\/\/www.diarioimagen.net\/wp-content\/uploads\/2016\/02\/epn-2802-70x70.jpg"},"blgn-subnews":{"file":"epn-2802-220x123.jpg","width":220,"height":123,"mime_type":"image\/jpeg","source_url":"https:\/\/www.diarioimagen.net\/wp-content\/uploads\/2016\/02\/epn-2802-220x123.jpg"},"blgn-excerpt_thumb":{"file":"epn-2802-90x65.jpg","width":90,"height":65,"mime_type":"image\/jpeg","source_url":"https:\/\/www.diarioimagen.net\/wp-content\/uploads\/2016\/02\/epn-2802-90x65.jpg"},"blgn-media_gallery":{"file":"epn-2802-237x132.jpg","width":237,"height":132,"mime_type":"image\/jpeg","source_url":"https:\/\/www.diarioimagen.net\/wp-content\/uploads\/2016\/02\/epn-2802-237x132.jpg"},"full":{"file":"epn-2802.jpg","width":700,"height":449,"mime_type":"image\/jpeg","source_url":"https:\/\/www.diarioimagen.net\/wp-content\/uploads\/2016\/02\/epn-2802.jpg"}},"image_meta":{"aperture":"0","credit":"","camera":"","caption":"","created_timestamp":"0","copyright":"Julio Cesar Hernandez Reyes","focal_length":"0","iso":"0","shutter_speed":"0","title":"","orientation":"0","keywords":[]}},"post":255219,"source_url":"https:\/\/www.diarioimagen.net\/wp-content\/uploads\/2016\/02\/epn-2802.jpg","_links":{"self":[{"href":"https:\/\/www.diarioimagen.net\/index.php?rest_route=\/wp\/v2\/media\/255306","targetHints":{"allow":["GET"]}}],"collection":[{"href":"https:\/\/www.diarioimagen.net\/index.php?rest_route=\/wp\/v2\/media"}],"about":[{"href":"https:\/\/www.diarioimagen.net\/index.php?rest_route=\/wp\/v2\/types\/attachment"}],"author":[{"embeddable":true,"href":"https:\/\/www.diarioimagen.net\/index.php?rest_route=\/wp\/v2\/users\/1"}],"replies":[{"embeddable":true,"href":"https:\/\/www.diarioimagen.net\/index.php?rest_route=%2Fwp%2Fv2%2Fcomments&post=255306"}]}}

<p>El presidente Enrique Peña Nieto encabezó en Hermosillo, Sonora, la conmemoración del 101 aniversario del Día de la Fuerza Aérea Mexicana.</p>
