{"id":255327,"date":"2016-02-11T03:43:41","date_gmt":"2016-02-11T09:43:41","guid":{"rendered":"http:\/\/www.diarioimagen.net\/wp-content\/uploads\/2016\/02\/VIAJE-2802.jpg"},"modified":"2016-02-11T03:43:45","modified_gmt":"2016-02-11T09:43:45","slug":"viaje-2802","status":"inherit","type":"attachment","link":"https:\/\/www.diarioimagen.net\/?attachment_id=255327","title":{"rendered":"VIAJE-2802"},"author":1,"featured_media":0,"comment_status":"open","ping_status":"closed","template":"","meta":{"_monsterinsights_skip_tracking":false,"_monsterinsights_sitenote_active":false,"_monsterinsights_sitenote_note":"","_monsterinsights_sitenote_category":0},"class_list":["post-255327","attachment","type-attachment","status-inherit","hentry"],"description":{"rendered":"<p class=\"attachment\"><a href='https:\/\/www.diarioimagen.net\/wp-content\/uploads\/2016\/02\/VIAJE-2802.jpg'><img loading=\"lazy\" decoding=\"async\" width=\"240\" height=\"135\" src=\"https:\/\/www.diarioimagen.net\/wp-content\/uploads\/2016\/02\/VIAJE-2802-240x135.jpg\" class=\"attachment-medium size-medium\" alt=\"\" srcset=\"https:\/\/www.diarioimagen.net\/wp-content\/uploads\/2016\/02\/VIAJE-2802-240x135.jpg 240w, https:\/\/www.diarioimagen.net\/wp-content\/uploads\/2016\/02\/VIAJE-2802-420x236.jpg 420w, https:\/\/www.diarioimagen.net\/wp-content\/uploads\/2016\/02\/VIAJE-2802-235x132.jpg 235w, https:\/\/www.diarioimagen.net\/wp-content\/uploads\/2016\/02\/VIAJE-2802-202x114.jpg 202w, https:\/\/www.diarioimagen.net\/wp-content\/uploads\/2016\/02\/VIAJE-2802-350x196.jpg 350w, https:\/\/www.diarioimagen.net\/wp-content\/uploads\/2016\/02\/VIAJE-2802-220x123.jpg 220w, https:\/\/www.diarioimagen.net\/wp-content\/uploads\/2016\/02\/VIAJE-2802-237x132.jpg 237w, https:\/\/www.diarioimagen.net\/wp-content\/uploads\/2016\/02\/VIAJE-2802.jpg 480w\" sizes=\"auto, (max-width: 240px) 100vw, 240px\" \/><\/a><\/p>\n"},"caption":{"rendered":"<p>Los gobiernos de los estados de M\u00e9xico, Chiapas, Michoac\u00e1n y Chihuahua, a trav\u00e9s de sus sitios web, han transparentado los gastos destinados por las actividades del Papa.<\/p>\n"},"alt_text":"","media_type":"image","mime_type":"image\/jpeg","media_details":{"width":480,"height":270,"file":"2016\/02\/VIAJE-2802.jpg","sizes":{"thumbnail":{"file":"VIAJE-2802-150x150.jpg","width":150,"height":150,"mime_type":"image\/jpeg","source_url":"https:\/\/www.diarioimagen.net\/wp-content\/uploads\/2016\/02\/VIAJE-2802-150x150.jpg"},"medium":{"file":"VIAJE-2802-240x135.jpg","width":240,"height":135,"mime_type":"image\/jpeg","source_url":"https:\/\/www.diarioimagen.net\/wp-content\/uploads\/2016\/02\/VIAJE-2802-240x135.jpg"},"large":{"file":"VIAJE-2802-420x236.jpg","width":420,"height":236,"mime_type":"image\/jpeg","source_url":"https:\/\/www.diarioimagen.net\/wp-content\/uploads\/2016\/02\/VIAJE-2802-420x236.jpg"},"post-thumbnail":{"file":"VIAJE-2802-50x50.jpg","width":50,"height":50,"mime_type":"image\/jpeg","source_url":"https:\/\/www.diarioimagen.net\/wp-content\/uploads\/2016\/02\/VIAJE-2802-50x50.jpg"},"blgn-below_featured":{"file":"VIAJE-2802-235x132.jpg","width":235,"height":132,"mime_type":"image\/jpeg","source_url":"https:\/\/www.diarioimagen.net\/wp-content\/uploads\/2016\/02\/VIAJE-2802-235x132.jpg"},"blgn-mediabar":{"file":"VIAJE-2802-202x114.jpg","width":202,"height":114,"mime_type":"image\/jpeg","source_url":"https:\/\/www.diarioimagen.net\/wp-content\/uploads\/2016\/02\/VIAJE-2802-202x114.jpg"},"blgn-secondary_left":{"file":"VIAJE-2802-75x75.jpg","width":75,"height":75,"mime_type":"image\/jpeg","source_url":"https:\/\/www.diarioimagen.net\/wp-content\/uploads\/2016\/02\/VIAJE-2802-75x75.jpg"},"blgn-secondary_right":{"file":"VIAJE-2802-75x75.jpg","width":75,"height":75,"mime_type":"image\/jpeg","source_url":"https:\/\/www.diarioimagen.net\/wp-content\/uploads\/2016\/02\/VIAJE-2802-75x75.jpg"},"blgn-secondary_mid_big":{"file":"VIAJE-2802-350x196.jpg","width":350,"height":196,"mime_type":"image\/jpeg","source_url":"https:\/\/www.diarioimagen.net\/wp-content\/uploads\/2016\/02\/VIAJE-2802-350x196.jpg"},"blgn-secondary_mid_small":{"file":"VIAJE-2802-70x70.jpg","width":70,"height":70,"mime_type":"image\/jpeg","source_url":"https:\/\/www.diarioimagen.net\/wp-content\/uploads\/2016\/02\/VIAJE-2802-70x70.jpg"},"blgn-subnews":{"file":"VIAJE-2802-220x123.jpg","width":220,"height":123,"mime_type":"image\/jpeg","source_url":"https:\/\/www.diarioimagen.net\/wp-content\/uploads\/2016\/02\/VIAJE-2802-220x123.jpg"},"blgn-excerpt_thumb":{"file":"VIAJE-2802-90x65.jpg","width":90,"height":65,"mime_type":"image\/jpeg","source_url":"https:\/\/www.diarioimagen.net\/wp-content\/uploads\/2016\/02\/VIAJE-2802-90x65.jpg"},"blgn-media_gallery":{"file":"VIAJE-2802-237x132.jpg","width":237,"height":132,"mime_type":"image\/jpeg","source_url":"https:\/\/www.diarioimagen.net\/wp-content\/uploads\/2016\/02\/VIAJE-2802-237x132.jpg"},"full":{"file":"VIAJE-2802.jpg","width":480,"height":270,"mime_type":"image\/jpeg","source_url":"https:\/\/www.diarioimagen.net\/wp-content\/uploads\/2016\/02\/VIAJE-2802.jpg"}},"image_meta":{"aperture":"0","credit":"","camera":"","caption":"","created_timestamp":"0","copyright":"","focal_length":"0","iso":"0","shutter_speed":"0","title":"","orientation":"0","keywords":[]}},"post":255203,"source_url":"https:\/\/www.diarioimagen.net\/wp-content\/uploads\/2016\/02\/VIAJE-2802.jpg","_links":{"self":[{"href":"https:\/\/www.diarioimagen.net\/index.php?rest_route=\/wp\/v2\/media\/255327","targetHints":{"allow":["GET"]}}],"collection":[{"href":"https:\/\/www.diarioimagen.net\/index.php?rest_route=\/wp\/v2\/media"}],"about":[{"href":"https:\/\/www.diarioimagen.net\/index.php?rest_route=\/wp\/v2\/types\/attachment"}],"author":[{"embeddable":true,"href":"https:\/\/www.diarioimagen.net\/index.php?rest_route=\/wp\/v2\/users\/1"}],"replies":[{"embeddable":true,"href":"https:\/\/www.diarioimagen.net\/index.php?rest_route=%2Fwp%2Fv2%2Fcomments&post=255327"}]}}

<p>Los gobiernos de los estados de México, Chiapas, Michoacán y Chihuahua, a través de sus sitios web, han transparentado los gastos destinados por las actividades del Papa.</p>
