{"id":262768,"date":"2016-04-04T03:12:46","date_gmt":"2016-04-04T08:12:46","guid":{"rendered":"http:\/\/www.diarioimagen.net\/wp-content\/uploads\/2016\/04\/RELAMPAGOS-2837.jpg"},"modified":"2016-04-04T03:12:50","modified_gmt":"2016-04-04T08:12:50","slug":"relampagos-2837","status":"inherit","type":"attachment","link":"https:\/\/www.diarioimagen.net\/?attachment_id=262768","title":{"rendered":"RELAMPAGOS-2837"},"author":1,"featured_media":0,"comment_status":"open","ping_status":"closed","template":"","meta":{"_monsterinsights_skip_tracking":false,"_monsterinsights_sitenote_active":false,"_monsterinsights_sitenote_note":"","_monsterinsights_sitenote_category":0},"class_list":["post-262768","attachment","type-attachment","status-inherit","hentry"],"description":{"rendered":"<p class=\"attachment\"><a href='https:\/\/www.diarioimagen.net\/wp-content\/uploads\/2016\/04\/RELAMPAGOS-2837.jpg'><img loading=\"lazy\" decoding=\"async\" width=\"240\" height=\"135\" src=\"https:\/\/www.diarioimagen.net\/wp-content\/uploads\/2016\/04\/RELAMPAGOS-2837-240x135.jpg\" class=\"attachment-medium size-medium\" alt=\"\" srcset=\"https:\/\/www.diarioimagen.net\/wp-content\/uploads\/2016\/04\/RELAMPAGOS-2837-240x135.jpg 240w, https:\/\/www.diarioimagen.net\/wp-content\/uploads\/2016\/04\/RELAMPAGOS-2837-420x237.jpg 420w, https:\/\/www.diarioimagen.net\/wp-content\/uploads\/2016\/04\/RELAMPAGOS-2837-480x270.jpg 480w, https:\/\/www.diarioimagen.net\/wp-content\/uploads\/2016\/04\/RELAMPAGOS-2837-235x132.jpg 235w, https:\/\/www.diarioimagen.net\/wp-content\/uploads\/2016\/04\/RELAMPAGOS-2837-202x114.jpg 202w, https:\/\/www.diarioimagen.net\/wp-content\/uploads\/2016\/04\/RELAMPAGOS-2837-350x196.jpg 350w, https:\/\/www.diarioimagen.net\/wp-content\/uploads\/2016\/04\/RELAMPAGOS-2837-220x123.jpg 220w, https:\/\/www.diarioimagen.net\/wp-content\/uploads\/2016\/04\/RELAMPAGOS-2837-237x132.jpg 237w, https:\/\/www.diarioimagen.net\/wp-content\/uploads\/2016\/04\/RELAMPAGOS-2837.jpg 680w\" sizes=\"auto, (max-width: 240px) 100vw, 240px\" \/><\/a><\/p>\n"},"caption":{"rendered":"<p>Las instalaciones de la Unidad de Rescate A\u00e9reo Rel\u00e1mpagos y el Hangar de Servicios A\u00e9reos ser\u00e1n modernizados, con el fin de mejorar las condiciones de operaci\u00f3n y fortalecer la reacci\u00f3n oportuna.<\/p>\n"},"alt_text":"","media_type":"image","mime_type":"image\/jpeg","media_details":{"width":680,"height":383,"file":"2016\/04\/RELAMPAGOS-2837.jpg","sizes":{"thumbnail":{"file":"RELAMPAGOS-2837-150x150.jpg","width":150,"height":150,"mime_type":"image\/jpeg","source_url":"https:\/\/www.diarioimagen.net\/wp-content\/uploads\/2016\/04\/RELAMPAGOS-2837-150x150.jpg"},"medium":{"file":"RELAMPAGOS-2837-240x135.jpg","width":240,"height":135,"mime_type":"image\/jpeg","source_url":"https:\/\/www.diarioimagen.net\/wp-content\/uploads\/2016\/04\/RELAMPAGOS-2837-240x135.jpg"},"large":{"file":"RELAMPAGOS-2837-420x237.jpg","width":420,"height":237,"mime_type":"image\/jpeg","source_url":"https:\/\/www.diarioimagen.net\/wp-content\/uploads\/2016\/04\/RELAMPAGOS-2837-420x237.jpg"},"post-thumbnail":{"file":"RELAMPAGOS-2837-50x50.jpg","width":50,"height":50,"mime_type":"image\/jpeg","source_url":"https:\/\/www.diarioimagen.net\/wp-content\/uploads\/2016\/04\/RELAMPAGOS-2837-50x50.jpg"},"blgn-featured":{"file":"RELAMPAGOS-2837-480x270.jpg","width":480,"height":270,"mime_type":"image\/jpeg","source_url":"https:\/\/www.diarioimagen.net\/wp-content\/uploads\/2016\/04\/RELAMPAGOS-2837-480x270.jpg"},"blgn-below_featured":{"file":"RELAMPAGOS-2837-235x132.jpg","width":235,"height":132,"mime_type":"image\/jpeg","source_url":"https:\/\/www.diarioimagen.net\/wp-content\/uploads\/2016\/04\/RELAMPAGOS-2837-235x132.jpg"},"blgn-mediabar":{"file":"RELAMPAGOS-2837-202x114.jpg","width":202,"height":114,"mime_type":"image\/jpeg","source_url":"https:\/\/www.diarioimagen.net\/wp-content\/uploads\/2016\/04\/RELAMPAGOS-2837-202x114.jpg"},"blgn-secondary_left":{"file":"RELAMPAGOS-2837-75x75.jpg","width":75,"height":75,"mime_type":"image\/jpeg","source_url":"https:\/\/www.diarioimagen.net\/wp-content\/uploads\/2016\/04\/RELAMPAGOS-2837-75x75.jpg"},"blgn-secondary_right":{"file":"RELAMPAGOS-2837-75x75.jpg","width":75,"height":75,"mime_type":"image\/jpeg","source_url":"https:\/\/www.diarioimagen.net\/wp-content\/uploads\/2016\/04\/RELAMPAGOS-2837-75x75.jpg"},"blgn-secondary_mid_big":{"file":"RELAMPAGOS-2837-350x196.jpg","width":350,"height":196,"mime_type":"image\/jpeg","source_url":"https:\/\/www.diarioimagen.net\/wp-content\/uploads\/2016\/04\/RELAMPAGOS-2837-350x196.jpg"},"blgn-secondary_mid_small":{"file":"RELAMPAGOS-2837-70x70.jpg","width":70,"height":70,"mime_type":"image\/jpeg","source_url":"https:\/\/www.diarioimagen.net\/wp-content\/uploads\/2016\/04\/RELAMPAGOS-2837-70x70.jpg"},"blgn-subnews":{"file":"RELAMPAGOS-2837-220x123.jpg","width":220,"height":123,"mime_type":"image\/jpeg","source_url":"https:\/\/www.diarioimagen.net\/wp-content\/uploads\/2016\/04\/RELAMPAGOS-2837-220x123.jpg"},"blgn-excerpt_thumb":{"file":"RELAMPAGOS-2837-90x65.jpg","width":90,"height":65,"mime_type":"image\/jpeg","source_url":"https:\/\/www.diarioimagen.net\/wp-content\/uploads\/2016\/04\/RELAMPAGOS-2837-90x65.jpg"},"blgn-media_gallery":{"file":"RELAMPAGOS-2837-237x132.jpg","width":237,"height":132,"mime_type":"image\/jpeg","source_url":"https:\/\/www.diarioimagen.net\/wp-content\/uploads\/2016\/04\/RELAMPAGOS-2837-237x132.jpg"},"full":{"file":"RELAMPAGOS-2837.jpg","width":680,"height":383,"mime_type":"image\/jpeg","source_url":"https:\/\/www.diarioimagen.net\/wp-content\/uploads\/2016\/04\/RELAMPAGOS-2837.jpg"}},"image_meta":{"aperture":"0","credit":"","camera":"","caption":"","created_timestamp":"0","copyright":"","focal_length":"0","iso":"0","shutter_speed":"0","title":"","orientation":"0","keywords":[]}},"post":262684,"source_url":"https:\/\/www.diarioimagen.net\/wp-content\/uploads\/2016\/04\/RELAMPAGOS-2837.jpg","_links":{"self":[{"href":"https:\/\/www.diarioimagen.net\/index.php?rest_route=\/wp\/v2\/media\/262768","targetHints":{"allow":["GET"]}}],"collection":[{"href":"https:\/\/www.diarioimagen.net\/index.php?rest_route=\/wp\/v2\/media"}],"about":[{"href":"https:\/\/www.diarioimagen.net\/index.php?rest_route=\/wp\/v2\/types\/attachment"}],"author":[{"embeddable":true,"href":"https:\/\/www.diarioimagen.net\/index.php?rest_route=\/wp\/v2\/users\/1"}],"replies":[{"embeddable":true,"href":"https:\/\/www.diarioimagen.net\/index.php?rest_route=%2Fwp%2Fv2%2Fcomments&post=262768"}]}}

<p>Las instalaciones de la Unidad de Rescate Aéreo Relámpagos y el Hangar de Servicios Aéreos serán modernizados, con el fin de mejorar las condiciones de operación y fortalecer la reacción oportuna.</p>
