{"id":268789,"date":"2016-05-11T07:22:40","date_gmt":"2016-05-11T12:22:40","guid":{"rendered":"http:\/\/www.diarioimagen.net\/wp-content\/uploads\/2016\/05\/polucion-2864.jpg"},"modified":"2016-05-11T07:22:51","modified_gmt":"2016-05-11T12:22:51","slug":"inversion_termica-2","status":"inherit","type":"attachment","link":"https:\/\/www.diarioimagen.net\/?attachment_id=268789","title":{"rendered":"Inversion_Termica"},"author":1,"featured_media":0,"comment_status":"open","ping_status":"closed","template":"","meta":{"_monsterinsights_skip_tracking":false,"_monsterinsights_sitenote_active":false,"_monsterinsights_sitenote_note":"","_monsterinsights_sitenote_category":0},"class_list":["post-268789","attachment","type-attachment","status-inherit","hentry"],"description":{"rendered":"<p class=\"attachment\"><a href='https:\/\/www.diarioimagen.net\/wp-content\/uploads\/2016\/05\/polucion-2864.jpg'><img loading=\"lazy\" decoding=\"async\" width=\"240\" height=\"135\" src=\"https:\/\/www.diarioimagen.net\/wp-content\/uploads\/2016\/05\/polucion-2864-240x135.jpg\" class=\"attachment-medium size-medium\" alt=\"\" srcset=\"https:\/\/www.diarioimagen.net\/wp-content\/uploads\/2016\/05\/polucion-2864-240x135.jpg 240w, https:\/\/www.diarioimagen.net\/wp-content\/uploads\/2016\/05\/polucion-2864-420x236.jpg 420w, https:\/\/www.diarioimagen.net\/wp-content\/uploads\/2016\/05\/polucion-2864-235x132.jpg 235w, https:\/\/www.diarioimagen.net\/wp-content\/uploads\/2016\/05\/polucion-2864-202x114.jpg 202w, https:\/\/www.diarioimagen.net\/wp-content\/uploads\/2016\/05\/polucion-2864-350x196.jpg 350w, https:\/\/www.diarioimagen.net\/wp-content\/uploads\/2016\/05\/polucion-2864-220x123.jpg 220w, https:\/\/www.diarioimagen.net\/wp-content\/uploads\/2016\/05\/polucion-2864-237x132.jpg 237w, https:\/\/www.diarioimagen.net\/wp-content\/uploads\/2016\/05\/polucion-2864.jpg 480w\" sizes=\"auto, (max-width: 240px) 100vw, 240px\" \/><\/a><\/p>\n"},"caption":{"rendered":"<p>La Cofepris trabaja a fin de identificar los principales efectos de la contaminaci\u00f3n en la salud de los mexicanos.<\/p>\n"},"alt_text":"","media_type":"image","mime_type":"image\/jpeg","media_details":{"width":480,"height":270,"file":"2016\/05\/polucion-2864.jpg","sizes":{"thumbnail":{"file":"polucion-2864-150x150.jpg","width":150,"height":150,"mime_type":"image\/jpeg","source_url":"https:\/\/www.diarioimagen.net\/wp-content\/uploads\/2016\/05\/polucion-2864-150x150.jpg"},"medium":{"file":"polucion-2864-240x135.jpg","width":240,"height":135,"mime_type":"image\/jpeg","source_url":"https:\/\/www.diarioimagen.net\/wp-content\/uploads\/2016\/05\/polucion-2864-240x135.jpg"},"large":{"file":"polucion-2864-420x236.jpg","width":420,"height":236,"mime_type":"image\/jpeg","source_url":"https:\/\/www.diarioimagen.net\/wp-content\/uploads\/2016\/05\/polucion-2864-420x236.jpg"},"post-thumbnail":{"file":"polucion-2864-50x50.jpg","width":50,"height":50,"mime_type":"image\/jpeg","source_url":"https:\/\/www.diarioimagen.net\/wp-content\/uploads\/2016\/05\/polucion-2864-50x50.jpg"},"blgn-below_featured":{"file":"polucion-2864-235x132.jpg","width":235,"height":132,"mime_type":"image\/jpeg","source_url":"https:\/\/www.diarioimagen.net\/wp-content\/uploads\/2016\/05\/polucion-2864-235x132.jpg"},"blgn-mediabar":{"file":"polucion-2864-202x114.jpg","width":202,"height":114,"mime_type":"image\/jpeg","source_url":"https:\/\/www.diarioimagen.net\/wp-content\/uploads\/2016\/05\/polucion-2864-202x114.jpg"},"blgn-secondary_left":{"file":"polucion-2864-75x75.jpg","width":75,"height":75,"mime_type":"image\/jpeg","source_url":"https:\/\/www.diarioimagen.net\/wp-content\/uploads\/2016\/05\/polucion-2864-75x75.jpg"},"blgn-secondary_right":{"file":"polucion-2864-75x75.jpg","width":75,"height":75,"mime_type":"image\/jpeg","source_url":"https:\/\/www.diarioimagen.net\/wp-content\/uploads\/2016\/05\/polucion-2864-75x75.jpg"},"blgn-secondary_mid_big":{"file":"polucion-2864-350x196.jpg","width":350,"height":196,"mime_type":"image\/jpeg","source_url":"https:\/\/www.diarioimagen.net\/wp-content\/uploads\/2016\/05\/polucion-2864-350x196.jpg"},"blgn-secondary_mid_small":{"file":"polucion-2864-70x70.jpg","width":70,"height":70,"mime_type":"image\/jpeg","source_url":"https:\/\/www.diarioimagen.net\/wp-content\/uploads\/2016\/05\/polucion-2864-70x70.jpg"},"blgn-subnews":{"file":"polucion-2864-220x123.jpg","width":220,"height":123,"mime_type":"image\/jpeg","source_url":"https:\/\/www.diarioimagen.net\/wp-content\/uploads\/2016\/05\/polucion-2864-220x123.jpg"},"blgn-excerpt_thumb":{"file":"polucion-2864-90x65.jpg","width":90,"height":65,"mime_type":"image\/jpeg","source_url":"https:\/\/www.diarioimagen.net\/wp-content\/uploads\/2016\/05\/polucion-2864-90x65.jpg"},"blgn-media_gallery":{"file":"polucion-2864-237x132.jpg","width":237,"height":132,"mime_type":"image\/jpeg","source_url":"https:\/\/www.diarioimagen.net\/wp-content\/uploads\/2016\/05\/polucion-2864-237x132.jpg"},"full":{"file":"polucion-2864.jpg","width":480,"height":270,"mime_type":"image\/jpeg","source_url":"https:\/\/www.diarioimagen.net\/wp-content\/uploads\/2016\/05\/polucion-2864.jpg"}},"image_meta":{"aperture":"0","credit":"MARCOS FUENTES HERNANDEZ","camera":"","caption":"(M\u00e9xico - CDMX, 14 Feb 2016)  La Ciudad de M\u00e9xico amaneci\u00f3 con un alto \u00edndice de contaminaci\u00f3n al registrarse 119 puntos IMECA, acompa\u00f1ado de humo y un fuerte olor ale\u00f1a quemada, Una inversi\u00f3n t\u00e9rmica que esta ma\u00f1ana mantuvo estancada la masa de aire contaminado sobre la ciudad en una capa de menos de 1km de espesor debido a el incendio ocurrido en la zona de pastizales de la reserva del Lago de Texcoco","created_timestamp":"0","copyright":"","focal_length":"0","iso":"0","shutter_speed":"0","title":"Inversion_Termica","orientation":"0","keywords":["Contaminaci\u00f3n","Polucion","Bruma","Contaminantes","Niebla","CDMX","Humo","Smog","IMECA","Medio Ambiente","Inversion Termica"]}},"post":268788,"source_url":"https:\/\/www.diarioimagen.net\/wp-content\/uploads\/2016\/05\/polucion-2864.jpg","_links":{"self":[{"href":"https:\/\/www.diarioimagen.net\/index.php?rest_route=\/wp\/v2\/media\/268789","targetHints":{"allow":["GET"]}}],"collection":[{"href":"https:\/\/www.diarioimagen.net\/index.php?rest_route=\/wp\/v2\/media"}],"about":[{"href":"https:\/\/www.diarioimagen.net\/index.php?rest_route=\/wp\/v2\/types\/attachment"}],"author":[{"embeddable":true,"href":"https:\/\/www.diarioimagen.net\/index.php?rest_route=\/wp\/v2\/users\/1"}],"replies":[{"embeddable":true,"href":"https:\/\/www.diarioimagen.net\/index.php?rest_route=%2Fwp%2Fv2%2Fcomments&post=268789"}]}}

<p>La Cofepris trabaja a fin de identificar los principales efectos de la contaminación en la salud de los mexicanos.</p>

(México - CDMX, 14 Feb 2016)  La Ciudad de México amaneció con un alto índice de contaminación al registrarse 119 puntos IMECA, acompañado de humo y un fuerte olor aleña quemada, Una inversión térmica que esta mañana mantuvo estancada la masa de aire contaminado sobre la ciudad en una capa de menos de 1km de espesor debido a el incendio ocurrido en la zona de pastizales de la reserva del Lago de Texcoco

Contaminación
