{"id":276530,"date":"2016-06-28T06:30:13","date_gmt":"2016-06-28T11:30:13","guid":{"rendered":"http:\/\/www.diarioimagen.net\/wp-content\/uploads\/2016\/06\/METEPEC-2898.jpg"},"modified":"2016-06-28T06:30:20","modified_gmt":"2016-06-28T11:30:20","slug":"metepec-2898","status":"inherit","type":"attachment","link":"https:\/\/www.diarioimagen.net\/?attachment_id=276530","title":{"rendered":"METEPEC-2898"},"author":1,"featured_media":0,"comment_status":"open","ping_status":"closed","template":"","meta":{"_monsterinsights_skip_tracking":false,"_monsterinsights_sitenote_active":false,"_monsterinsights_sitenote_note":"","_monsterinsights_sitenote_category":0},"class_list":["post-276530","attachment","type-attachment","status-inherit","hentry"],"description":{"rendered":"<p class=\"attachment\"><a href='https:\/\/www.diarioimagen.net\/wp-content\/uploads\/2016\/06\/METEPEC-2898.jpg'><img loading=\"lazy\" decoding=\"async\" width=\"240\" height=\"86\" src=\"https:\/\/www.diarioimagen.net\/wp-content\/uploads\/2016\/06\/METEPEC-2898-240x86.jpg\" class=\"attachment-medium size-medium\" alt=\"\" srcset=\"https:\/\/www.diarioimagen.net\/wp-content\/uploads\/2016\/06\/METEPEC-2898-240x86.jpg 240w, https:\/\/www.diarioimagen.net\/wp-content\/uploads\/2016\/06\/METEPEC-2898-768x275.jpg 768w, https:\/\/www.diarioimagen.net\/wp-content\/uploads\/2016\/06\/METEPEC-2898-420x151.jpg 420w, https:\/\/www.diarioimagen.net\/wp-content\/uploads\/2016\/06\/METEPEC-2898.jpg 1012w\" sizes=\"auto, (max-width: 240px) 100vw, 240px\" \/><\/a><\/p>\n"},"caption":{"rendered":"<p>El gobierno de David L\u00f3pez C\u00e1rdenas instal\u00f3 el Consejo Municipal de la Juventud en Metepec.<\/p>\n"},"alt_text":"","media_type":"image","mime_type":"image\/jpeg","media_details":{"width":1012,"height":363,"file":"2016\/06\/METEPEC-2898.jpg","sizes":{"thumbnail":{"file":"METEPEC-2898-150x150.jpg","width":150,"height":150,"mime_type":"image\/jpeg","source_url":"https:\/\/www.diarioimagen.net\/wp-content\/uploads\/2016\/06\/METEPEC-2898-150x150.jpg"},"medium":{"file":"METEPEC-2898-240x86.jpg","width":240,"height":86,"mime_type":"image\/jpeg","source_url":"https:\/\/www.diarioimagen.net\/wp-content\/uploads\/2016\/06\/METEPEC-2898-240x86.jpg"},"medium_large":{"file":"METEPEC-2898-768x275.jpg","width":768,"height":275,"mime_type":"image\/jpeg","source_url":"https:\/\/www.diarioimagen.net\/wp-content\/uploads\/2016\/06\/METEPEC-2898-768x275.jpg"},"large":{"file":"METEPEC-2898-420x151.jpg","width":420,"height":151,"mime_type":"image\/jpeg","source_url":"https:\/\/www.diarioimagen.net\/wp-content\/uploads\/2016\/06\/METEPEC-2898-420x151.jpg"},"post-thumbnail":{"file":"METEPEC-2898-50x50.jpg","width":50,"height":50,"mime_type":"image\/jpeg","source_url":"https:\/\/www.diarioimagen.net\/wp-content\/uploads\/2016\/06\/METEPEC-2898-50x50.jpg"},"blgn-featured":{"file":"METEPEC-2898-480x270.jpg","width":480,"height":270,"mime_type":"image\/jpeg","source_url":"https:\/\/www.diarioimagen.net\/wp-content\/uploads\/2016\/06\/METEPEC-2898-480x270.jpg"},"blgn-below_featured":{"file":"METEPEC-2898-235x132.jpg","width":235,"height":132,"mime_type":"image\/jpeg","source_url":"https:\/\/www.diarioimagen.net\/wp-content\/uploads\/2016\/06\/METEPEC-2898-235x132.jpg"},"blgn-mediabar":{"file":"METEPEC-2898-202x114.jpg","width":202,"height":114,"mime_type":"image\/jpeg","source_url":"https:\/\/www.diarioimagen.net\/wp-content\/uploads\/2016\/06\/METEPEC-2898-202x114.jpg"},"blgn-secondary_left":{"file":"METEPEC-2898-75x75.jpg","width":75,"height":75,"mime_type":"image\/jpeg","source_url":"https:\/\/www.diarioimagen.net\/wp-content\/uploads\/2016\/06\/METEPEC-2898-75x75.jpg"},"blgn-secondary_right":{"file":"METEPEC-2898-75x75.jpg","width":75,"height":75,"mime_type":"image\/jpeg","source_url":"https:\/\/www.diarioimagen.net\/wp-content\/uploads\/2016\/06\/METEPEC-2898-75x75.jpg"},"blgn-secondary_mid_big":{"file":"METEPEC-2898-350x196.jpg","width":350,"height":196,"mime_type":"image\/jpeg","source_url":"https:\/\/www.diarioimagen.net\/wp-content\/uploads\/2016\/06\/METEPEC-2898-350x196.jpg"},"blgn-secondary_mid_small":{"file":"METEPEC-2898-70x70.jpg","width":70,"height":70,"mime_type":"image\/jpeg","source_url":"https:\/\/www.diarioimagen.net\/wp-content\/uploads\/2016\/06\/METEPEC-2898-70x70.jpg"},"blgn-subnews":{"file":"METEPEC-2898-220x123.jpg","width":220,"height":123,"mime_type":"image\/jpeg","source_url":"https:\/\/www.diarioimagen.net\/wp-content\/uploads\/2016\/06\/METEPEC-2898-220x123.jpg"},"blgn-excerpt_thumb":{"file":"METEPEC-2898-90x65.jpg","width":90,"height":65,"mime_type":"image\/jpeg","source_url":"https:\/\/www.diarioimagen.net\/wp-content\/uploads\/2016\/06\/METEPEC-2898-90x65.jpg"},"blgn-media_gallery":{"file":"METEPEC-2898-237x132.jpg","width":237,"height":132,"mime_type":"image\/jpeg","source_url":"https:\/\/www.diarioimagen.net\/wp-content\/uploads\/2016\/06\/METEPEC-2898-237x132.jpg"},"full":{"file":"METEPEC-2898.jpg","width":1012,"height":363,"mime_type":"image\/jpeg","source_url":"https:\/\/www.diarioimagen.net\/wp-content\/uploads\/2016\/06\/METEPEC-2898.jpg"}},"image_meta":{"aperture":"0","credit":"","camera":"","caption":"","created_timestamp":"0","copyright":"","focal_length":"0","iso":"0","shutter_speed":"0","title":"","orientation":"0","keywords":[]}},"post":276431,"source_url":"https:\/\/www.diarioimagen.net\/wp-content\/uploads\/2016\/06\/METEPEC-2898.jpg","_links":{"self":[{"href":"https:\/\/www.diarioimagen.net\/index.php?rest_route=\/wp\/v2\/media\/276530","targetHints":{"allow":["GET"]}}],"collection":[{"href":"https:\/\/www.diarioimagen.net\/index.php?rest_route=\/wp\/v2\/media"}],"about":[{"href":"https:\/\/www.diarioimagen.net\/index.php?rest_route=\/wp\/v2\/types\/attachment"}],"author":[{"embeddable":true,"href":"https:\/\/www.diarioimagen.net\/index.php?rest_route=\/wp\/v2\/users\/1"}],"replies":[{"embeddable":true,"href":"https:\/\/www.diarioimagen.net\/index.php?rest_route=%2Fwp%2Fv2%2Fcomments&post=276530"}]}}

<p>El gobierno de David López Cárdenas instaló el Consejo Municipal de la Juventud en Metepec.</p>
