{"id":307744,"date":"2017-01-17T21:53:24","date_gmt":"2017-01-18T03:53:24","guid":{"rendered":"http:\/\/www.diarioimagen.net\/wp-content\/uploads\/2017\/01\/televisa-poortal.jpg"},"modified":"2017-01-17T21:53:28","modified_gmt":"2017-01-18T03:53:28","slug":"televisa-poortal","status":"inherit","type":"attachment","link":"https:\/\/www.diarioimagen.net\/?attachment_id=307744","title":{"rendered":"televisa-poortal"},"author":5,"featured_media":0,"comment_status":"open","ping_status":"closed","template":"","meta":{"_monsterinsights_skip_tracking":false,"_monsterinsights_sitenote_active":false,"_monsterinsights_sitenote_note":"","_monsterinsights_sitenote_category":0},"class_list":["post-307744","attachment","type-attachment","status-inherit","hentry"],"description":{"rendered":"<p class=\"attachment\"><a href='https:\/\/www.diarioimagen.net\/wp-content\/uploads\/2017\/01\/televisa-poortal.jpg'><img loading=\"lazy\" decoding=\"async\" width=\"159\" height=\"240\" src=\"https:\/\/www.diarioimagen.net\/wp-content\/uploads\/2017\/01\/televisa-poortal-159x240.jpg\" class=\"attachment-medium size-medium\" alt=\"\" srcset=\"https:\/\/www.diarioimagen.net\/wp-content\/uploads\/2017\/01\/televisa-poortal-159x240.jpg 159w, https:\/\/www.diarioimagen.net\/wp-content\/uploads\/2017\/01\/televisa-poortal-305x460.jpg 305w, https:\/\/www.diarioimagen.net\/wp-content\/uploads\/2017\/01\/televisa-poortal.jpg 700w\" sizes=\"auto, (max-width: 159px) 100vw, 159px\" \/><\/a><\/p>\n"},"caption":{"rendered":"<p>Televisa anunci\u00f3 que Jos\u00e9 Bast\u00f3n Pati\u00f1o asumir\u00e1 el cargo de presidente de Televisa Internacional, reportando directamente a Azc\u00e1rraga. Bast\u00f3n ser\u00e1 responsable de la expansi\u00f3n de Televisa m\u00e1s all\u00e1 de M\u00e9xico y Estados Unidos, y seguir\u00e1 siendo miembro del consejo de administraci\u00f3n de Televisa.<\/p>\n"},"alt_text":"","media_type":"image","mime_type":"image\/jpeg","media_details":{"width":700,"height":1057,"file":"2017\/01\/televisa-poortal.jpg","sizes":{"thumbnail":{"file":"televisa-poortal-150x150.jpg","width":150,"height":150,"mime_type":"image\/jpeg","source_url":"https:\/\/www.diarioimagen.net\/wp-content\/uploads\/2017\/01\/televisa-poortal-150x150.jpg"},"medium":{"file":"televisa-poortal-159x240.jpg","width":159,"height":240,"mime_type":"image\/jpeg","source_url":"https:\/\/www.diarioimagen.net\/wp-content\/uploads\/2017\/01\/televisa-poortal-159x240.jpg"},"large":{"file":"televisa-poortal-305x460.jpg","width":305,"height":460,"mime_type":"image\/jpeg","source_url":"https:\/\/www.diarioimagen.net\/wp-content\/uploads\/2017\/01\/televisa-poortal-305x460.jpg"},"post-thumbnail":{"file":"televisa-poortal-50x50.jpg","width":50,"height":50,"mime_type":"image\/jpeg","source_url":"https:\/\/www.diarioimagen.net\/wp-content\/uploads\/2017\/01\/televisa-poortal-50x50.jpg"},"blgn-featured":{"file":"televisa-poortal-480x270.jpg","width":480,"height":270,"mime_type":"image\/jpeg","source_url":"https:\/\/www.diarioimagen.net\/wp-content\/uploads\/2017\/01\/televisa-poortal-480x270.jpg"},"blgn-below_featured":{"file":"televisa-poortal-235x132.jpg","width":235,"height":132,"mime_type":"image\/jpeg","source_url":"https:\/\/www.diarioimagen.net\/wp-content\/uploads\/2017\/01\/televisa-poortal-235x132.jpg"},"blgn-mediabar":{"file":"televisa-poortal-202x114.jpg","width":202,"height":114,"mime_type":"image\/jpeg","source_url":"https:\/\/www.diarioimagen.net\/wp-content\/uploads\/2017\/01\/televisa-poortal-202x114.jpg"},"blgn-secondary_left":{"file":"televisa-poortal-75x75.jpg","width":75,"height":75,"mime_type":"image\/jpeg","source_url":"https:\/\/www.diarioimagen.net\/wp-content\/uploads\/2017\/01\/televisa-poortal-75x75.jpg"},"blgn-secondary_right":{"file":"televisa-poortal-75x75.jpg","width":75,"height":75,"mime_type":"image\/jpeg","source_url":"https:\/\/www.diarioimagen.net\/wp-content\/uploads\/2017\/01\/televisa-poortal-75x75.jpg"},"blgn-secondary_mid_big":{"file":"televisa-poortal-350x196.jpg","width":350,"height":196,"mime_type":"image\/jpeg","source_url":"https:\/\/www.diarioimagen.net\/wp-content\/uploads\/2017\/01\/televisa-poortal-350x196.jpg"},"blgn-secondary_mid_small":{"file":"televisa-poortal-70x70.jpg","width":70,"height":70,"mime_type":"image\/jpeg","source_url":"https:\/\/www.diarioimagen.net\/wp-content\/uploads\/2017\/01\/televisa-poortal-70x70.jpg"},"blgn-subnews":{"file":"televisa-poortal-220x123.jpg","width":220,"height":123,"mime_type":"image\/jpeg","source_url":"https:\/\/www.diarioimagen.net\/wp-content\/uploads\/2017\/01\/televisa-poortal-220x123.jpg"},"blgn-excerpt_thumb":{"file":"televisa-poortal-90x65.jpg","width":90,"height":65,"mime_type":"image\/jpeg","source_url":"https:\/\/www.diarioimagen.net\/wp-content\/uploads\/2017\/01\/televisa-poortal-90x65.jpg"},"blgn-media_gallery":{"file":"televisa-poortal-237x132.jpg","width":237,"height":132,"mime_type":"image\/jpeg","source_url":"https:\/\/www.diarioimagen.net\/wp-content\/uploads\/2017\/01\/televisa-poortal-237x132.jpg"},"full":{"file":"televisa-poortal.jpg","width":700,"height":1057,"mime_type":"image\/jpeg","source_url":"https:\/\/www.diarioimagen.net\/wp-content\/uploads\/2017\/01\/televisa-poortal.jpg"}},"image_meta":{"aperture":"0","credit":"","camera":"","caption":"","created_timestamp":"0","copyright":"2015 Getty Images","focal_length":"0","iso":"0","shutter_speed":"0","title":"","orientation":"0","keywords":[]}},"post":307743,"source_url":"https:\/\/www.diarioimagen.net\/wp-content\/uploads\/2017\/01\/televisa-poortal.jpg","_links":{"self":[{"href":"https:\/\/www.diarioimagen.net\/index.php?rest_route=\/wp\/v2\/media\/307744","targetHints":{"allow":["GET"]}}],"collection":[{"href":"https:\/\/www.diarioimagen.net\/index.php?rest_route=\/wp\/v2\/media"}],"about":[{"href":"https:\/\/www.diarioimagen.net\/index.php?rest_route=\/wp\/v2\/types\/attachment"}],"author":[{"embeddable":true,"href":"https:\/\/www.diarioimagen.net\/index.php?rest_route=\/wp\/v2\/users\/5"}],"replies":[{"embeddable":true,"href":"https:\/\/www.diarioimagen.net\/index.php?rest_route=%2Fwp%2Fv2%2Fcomments&post=307744"}]}}

<p>Televisa anunció que José Bastón Patiño asumirá el cargo de presidente de Televisa Internacional, reportando directamente a Azcárraga. Bastón será responsable de la expansión de Televisa más allá de México y Estados Unidos, y seguirá siendo miembro del consejo de administración de Televisa.</p>
