{"id":323419,"date":"2017-04-26T21:43:51","date_gmt":"2017-04-27T02:43:51","guid":{"rendered":"http:\/\/www.diarioimagen.net\/wp-content\/uploads\/2017\/04\/paquita-1-POOORTAL.jpg"},"modified":"2017-04-26T21:44:07","modified_gmt":"2017-04-27T02:44:07","slug":"paquita-1-pooortal","status":"inherit","type":"attachment","link":"https:\/\/www.diarioimagen.net\/?attachment_id=323419","title":{"rendered":"paquita-1-POOORTAL"},"author":5,"featured_media":0,"comment_status":"open","ping_status":"closed","template":"","meta":{"_monsterinsights_skip_tracking":false,"_monsterinsights_sitenote_active":false,"_monsterinsights_sitenote_note":"","_monsterinsights_sitenote_category":0},"class_list":["post-323419","attachment","type-attachment","status-inherit","hentry"],"description":{"rendered":"<p class=\"attachment\"><a href='https:\/\/www.diarioimagen.net\/wp-content\/uploads\/2017\/04\/paquita-1-POOORTAL.jpg'><img loading=\"lazy\" decoding=\"async\" width=\"232\" height=\"240\" src=\"https:\/\/www.diarioimagen.net\/wp-content\/uploads\/2017\/04\/paquita-1-POOORTAL-232x240.jpg\" class=\"attachment-medium size-medium\" alt=\"\" srcset=\"https:\/\/www.diarioimagen.net\/wp-content\/uploads\/2017\/04\/paquita-1-POOORTAL-232x240.jpg 232w, https:\/\/www.diarioimagen.net\/wp-content\/uploads\/2017\/04\/paquita-1-POOORTAL-444x460.jpg 444w, https:\/\/www.diarioimagen.net\/wp-content\/uploads\/2017\/04\/paquita-1-POOORTAL.jpg 700w\" sizes=\"auto, (max-width: 232px) 100vw, 232px\" \/><\/a><\/p>\n"},"caption":{"rendered":"<p>La serie se estren\u00f3 el martes 25 de abril en M\u00e9xico, que narra c\u00f3mo una ni\u00f1a de bajos recursos se convirti\u00f3 en la  \u201cReina del pueblo\u201d y una de las cantantes m\u00e1s representativas de la m\u00fasica vern\u00e1cula. (Fotos: Arturo Arellano)<\/p>\n"},"alt_text":"","media_type":"image","mime_type":"image\/jpeg","media_details":{"width":700,"height":725,"file":"2017\/04\/paquita-1-POOORTAL.jpg","sizes":{"thumbnail":{"file":"paquita-1-POOORTAL-150x150.jpg","width":150,"height":150,"mime_type":"image\/jpeg","source_url":"https:\/\/www.diarioimagen.net\/wp-content\/uploads\/2017\/04\/paquita-1-POOORTAL-150x150.jpg"},"medium":{"file":"paquita-1-POOORTAL-232x240.jpg","width":232,"height":240,"mime_type":"image\/jpeg","source_url":"https:\/\/www.diarioimagen.net\/wp-content\/uploads\/2017\/04\/paquita-1-POOORTAL-232x240.jpg"},"large":{"file":"paquita-1-POOORTAL-444x460.jpg","width":444,"height":460,"mime_type":"image\/jpeg","source_url":"https:\/\/www.diarioimagen.net\/wp-content\/uploads\/2017\/04\/paquita-1-POOORTAL-444x460.jpg"},"post-thumbnail":{"file":"paquita-1-POOORTAL-50x50.jpg","width":50,"height":50,"mime_type":"image\/jpeg","source_url":"https:\/\/www.diarioimagen.net\/wp-content\/uploads\/2017\/04\/paquita-1-POOORTAL-50x50.jpg"},"blgn-featured":{"file":"paquita-1-POOORTAL-480x270.jpg","width":480,"height":270,"mime_type":"image\/jpeg","source_url":"https:\/\/www.diarioimagen.net\/wp-content\/uploads\/2017\/04\/paquita-1-POOORTAL-480x270.jpg"},"blgn-below_featured":{"file":"paquita-1-POOORTAL-235x132.jpg","width":235,"height":132,"mime_type":"image\/jpeg","source_url":"https:\/\/www.diarioimagen.net\/wp-content\/uploads\/2017\/04\/paquita-1-POOORTAL-235x132.jpg"},"blgn-mediabar":{"file":"paquita-1-POOORTAL-202x114.jpg","width":202,"height":114,"mime_type":"image\/jpeg","source_url":"https:\/\/www.diarioimagen.net\/wp-content\/uploads\/2017\/04\/paquita-1-POOORTAL-202x114.jpg"},"blgn-secondary_left":{"file":"paquita-1-POOORTAL-75x75.jpg","width":75,"height":75,"mime_type":"image\/jpeg","source_url":"https:\/\/www.diarioimagen.net\/wp-content\/uploads\/2017\/04\/paquita-1-POOORTAL-75x75.jpg"},"blgn-secondary_right":{"file":"paquita-1-POOORTAL-75x75.jpg","width":75,"height":75,"mime_type":"image\/jpeg","source_url":"https:\/\/www.diarioimagen.net\/wp-content\/uploads\/2017\/04\/paquita-1-POOORTAL-75x75.jpg"},"blgn-secondary_mid_big":{"file":"paquita-1-POOORTAL-350x196.jpg","width":350,"height":196,"mime_type":"image\/jpeg","source_url":"https:\/\/www.diarioimagen.net\/wp-content\/uploads\/2017\/04\/paquita-1-POOORTAL-350x196.jpg"},"blgn-secondary_mid_small":{"file":"paquita-1-POOORTAL-70x70.jpg","width":70,"height":70,"mime_type":"image\/jpeg","source_url":"https:\/\/www.diarioimagen.net\/wp-content\/uploads\/2017\/04\/paquita-1-POOORTAL-70x70.jpg"},"blgn-subnews":{"file":"paquita-1-POOORTAL-220x123.jpg","width":220,"height":123,"mime_type":"image\/jpeg","source_url":"https:\/\/www.diarioimagen.net\/wp-content\/uploads\/2017\/04\/paquita-1-POOORTAL-220x123.jpg"},"blgn-excerpt_thumb":{"file":"paquita-1-POOORTAL-90x65.jpg","width":90,"height":65,"mime_type":"image\/jpeg","source_url":"https:\/\/www.diarioimagen.net\/wp-content\/uploads\/2017\/04\/paquita-1-POOORTAL-90x65.jpg"},"blgn-media_gallery":{"file":"paquita-1-POOORTAL-237x132.jpg","width":237,"height":132,"mime_type":"image\/jpeg","source_url":"https:\/\/www.diarioimagen.net\/wp-content\/uploads\/2017\/04\/paquita-1-POOORTAL-237x132.jpg"},"full":{"file":"paquita-1-POOORTAL.jpg","width":700,"height":725,"mime_type":"image\/jpeg","source_url":"https:\/\/www.diarioimagen.net\/wp-content\/uploads\/2017\/04\/paquita-1-POOORTAL.jpg"}},"image_meta":{"aperture":"0","credit":"","camera":"","caption":"","created_timestamp":"0","copyright":"","focal_length":"0","iso":"0","shutter_speed":"0","title":"","orientation":"0","keywords":[]}},"post":323418,"source_url":"https:\/\/www.diarioimagen.net\/wp-content\/uploads\/2017\/04\/paquita-1-POOORTAL.jpg","_links":{"self":[{"href":"https:\/\/www.diarioimagen.net\/index.php?rest_route=\/wp\/v2\/media\/323419","targetHints":{"allow":["GET"]}}],"collection":[{"href":"https:\/\/www.diarioimagen.net\/index.php?rest_route=\/wp\/v2\/media"}],"about":[{"href":"https:\/\/www.diarioimagen.net\/index.php?rest_route=\/wp\/v2\/types\/attachment"}],"author":[{"embeddable":true,"href":"https:\/\/www.diarioimagen.net\/index.php?rest_route=\/wp\/v2\/users\/5"}],"replies":[{"embeddable":true,"href":"https:\/\/www.diarioimagen.net\/index.php?rest_route=%2Fwp%2Fv2%2Fcomments&post=323419"}]}}

<p>La serie se estrenó el martes 25 de abril en México, que narra cómo una niña de bajos recursos se convirtió en la  “Reina del pueblo” y una de las cantantes más representativas de la música vernácula. (Fotos: Arturo Arellano)</p>
