{"id":378193,"date":"2018-05-28T01:50:20","date_gmt":"2018-05-28T06:50:20","guid":{"rendered":"http:\/\/www.diarioimagen.net\/wp-content\/uploads\/2018\/05\/beto-diaz-3376.jpg"},"modified":"2018-05-28T01:50:24","modified_gmt":"2018-05-28T06:50:24","slug":"beto-diaz-3376","status":"inherit","type":"attachment","link":"https:\/\/www.diarioimagen.net\/?attachment_id=378193","title":{"rendered":"beto-diaz-3376"},"author":1,"featured_media":0,"comment_status":"open","ping_status":"closed","template":"","meta":{"_monsterinsights_skip_tracking":false,"_monsterinsights_sitenote_active":false,"_monsterinsights_sitenote_note":"","_monsterinsights_sitenote_category":0},"class_list":["post-378193","attachment","type-attachment","status-inherit","hentry"],"description":{"rendered":"<p class=\"attachment\"><a href='https:\/\/www.diarioimagen.net\/wp-content\/uploads\/2018\/05\/beto-diaz-3376.jpg'><img loading=\"lazy\" decoding=\"async\" width=\"240\" height=\"135\" src=\"https:\/\/www.diarioimagen.net\/wp-content\/uploads\/2018\/05\/beto-diaz-3376-240x135.jpg\" class=\"attachment-medium size-medium\" alt=\"\" srcset=\"https:\/\/www.diarioimagen.net\/wp-content\/uploads\/2018\/05\/beto-diaz-3376-240x135.jpg 240w, https:\/\/www.diarioimagen.net\/wp-content\/uploads\/2018\/05\/beto-diaz-3376-460x259.jpg 460w, https:\/\/www.diarioimagen.net\/wp-content\/uploads\/2018\/05\/beto-diaz-3376-235x132.jpg 235w, https:\/\/www.diarioimagen.net\/wp-content\/uploads\/2018\/05\/beto-diaz-3376-202x114.jpg 202w, https:\/\/www.diarioimagen.net\/wp-content\/uploads\/2018\/05\/beto-diaz-3376-350x196.jpg 350w, https:\/\/www.diarioimagen.net\/wp-content\/uploads\/2018\/05\/beto-diaz-3376-220x123.jpg 220w, https:\/\/www.diarioimagen.net\/wp-content\/uploads\/2018\/05\/beto-diaz-3376-237x132.jpg 237w, https:\/\/www.diarioimagen.net\/wp-content\/uploads\/2018\/05\/beto-diaz-3376.jpg 480w\" sizes=\"auto, (max-width: 240px) 100vw, 240px\" \/><\/a><\/p>\n"},"caption":{"rendered":"<p>El candidato de la coalici\u00f3n Por M\u00e9xico al Frente, Beto D\u00edaz, resalt\u00f3 que para \u00e9l todos los ciudadanos son iguales y merecen el mismo trato.<\/p>\n"},"alt_text":"","media_type":"image","mime_type":"image\/jpeg","media_details":{"width":480,"height":270,"file":"2018\/05\/beto-diaz-3376.jpg","sizes":{"thumbnail":{"file":"beto-diaz-3376-150x150.jpg","width":150,"height":150,"mime_type":"image\/jpeg","source_url":"https:\/\/www.diarioimagen.net\/wp-content\/uploads\/2018\/05\/beto-diaz-3376-150x150.jpg"},"medium":{"file":"beto-diaz-3376-240x135.jpg","width":240,"height":135,"mime_type":"image\/jpeg","source_url":"https:\/\/www.diarioimagen.net\/wp-content\/uploads\/2018\/05\/beto-diaz-3376-240x135.jpg"},"large":{"file":"beto-diaz-3376-460x259.jpg","width":460,"height":259,"mime_type":"image\/jpeg","source_url":"https:\/\/www.diarioimagen.net\/wp-content\/uploads\/2018\/05\/beto-diaz-3376-460x259.jpg"},"post-thumbnail":{"file":"beto-diaz-3376-50x50.jpg","width":50,"height":50,"mime_type":"image\/jpeg","source_url":"https:\/\/www.diarioimagen.net\/wp-content\/uploads\/2018\/05\/beto-diaz-3376-50x50.jpg"},"blgn-below_featured":{"file":"beto-diaz-3376-235x132.jpg","width":235,"height":132,"mime_type":"image\/jpeg","source_url":"https:\/\/www.diarioimagen.net\/wp-content\/uploads\/2018\/05\/beto-diaz-3376-235x132.jpg"},"blgn-mediabar":{"file":"beto-diaz-3376-202x114.jpg","width":202,"height":114,"mime_type":"image\/jpeg","source_url":"https:\/\/www.diarioimagen.net\/wp-content\/uploads\/2018\/05\/beto-diaz-3376-202x114.jpg"},"blgn-secondary_left":{"file":"beto-diaz-3376-75x75.jpg","width":75,"height":75,"mime_type":"image\/jpeg","source_url":"https:\/\/www.diarioimagen.net\/wp-content\/uploads\/2018\/05\/beto-diaz-3376-75x75.jpg"},"blgn-secondary_right":{"file":"beto-diaz-3376-75x75.jpg","width":75,"height":75,"mime_type":"image\/jpeg","source_url":"https:\/\/www.diarioimagen.net\/wp-content\/uploads\/2018\/05\/beto-diaz-3376-75x75.jpg"},"blgn-secondary_mid_big":{"file":"beto-diaz-3376-350x196.jpg","width":350,"height":196,"mime_type":"image\/jpeg","source_url":"https:\/\/www.diarioimagen.net\/wp-content\/uploads\/2018\/05\/beto-diaz-3376-350x196.jpg"},"blgn-secondary_mid_small":{"file":"beto-diaz-3376-70x70.jpg","width":70,"height":70,"mime_type":"image\/jpeg","source_url":"https:\/\/www.diarioimagen.net\/wp-content\/uploads\/2018\/05\/beto-diaz-3376-70x70.jpg"},"blgn-subnews":{"file":"beto-diaz-3376-220x123.jpg","width":220,"height":123,"mime_type":"image\/jpeg","source_url":"https:\/\/www.diarioimagen.net\/wp-content\/uploads\/2018\/05\/beto-diaz-3376-220x123.jpg"},"blgn-excerpt_thumb":{"file":"beto-diaz-3376-90x65.jpg","width":90,"height":65,"mime_type":"image\/jpeg","source_url":"https:\/\/www.diarioimagen.net\/wp-content\/uploads\/2018\/05\/beto-diaz-3376-90x65.jpg"},"blgn-media_gallery":{"file":"beto-diaz-3376-237x132.jpg","width":237,"height":132,"mime_type":"image\/jpeg","source_url":"https:\/\/www.diarioimagen.net\/wp-content\/uploads\/2018\/05\/beto-diaz-3376-237x132.jpg"},"full":{"file":"beto-diaz-3376.jpg","width":480,"height":270,"mime_type":"image\/jpeg","source_url":"https:\/\/www.diarioimagen.net\/wp-content\/uploads\/2018\/05\/beto-diaz-3376.jpg"}},"image_meta":{"aperture":"0","credit":"","camera":"","caption":"","created_timestamp":"0","copyright":"","focal_length":"0","iso":"0","shutter_speed":"0","title":"","orientation":"0","keywords":[]}},"post":378084,"source_url":"https:\/\/www.diarioimagen.net\/wp-content\/uploads\/2018\/05\/beto-diaz-3376.jpg","_links":{"self":[{"href":"https:\/\/www.diarioimagen.net\/index.php?rest_route=\/wp\/v2\/media\/378193","targetHints":{"allow":["GET"]}}],"collection":[{"href":"https:\/\/www.diarioimagen.net\/index.php?rest_route=\/wp\/v2\/media"}],"about":[{"href":"https:\/\/www.diarioimagen.net\/index.php?rest_route=\/wp\/v2\/types\/attachment"}],"author":[{"embeddable":true,"href":"https:\/\/www.diarioimagen.net\/index.php?rest_route=\/wp\/v2\/users\/1"}],"replies":[{"embeddable":true,"href":"https:\/\/www.diarioimagen.net\/index.php?rest_route=%2Fwp%2Fv2%2Fcomments&post=378193"}]}}

<p>El candidato de la coalición Por México al Frente, Beto Díaz, resaltó que para él todos los ciudadanos son iguales y merecen el mismo trato.</p>
