{"id":397514,"date":"2018-10-03T05:19:20","date_gmt":"2018-10-03T10:19:20","guid":{"rendered":"https:\/\/www.diarioimagen.net\/wp-content\/uploads\/2018\/10\/marcha-zocalo-3468.jpg"},"modified":"2018-10-03T05:19:26","modified_gmt":"2018-10-03T10:19:26","slug":"marcha-zocalo-3468","status":"inherit","type":"attachment","link":"https:\/\/www.diarioimagen.net\/?attachment_id=397514","title":{"rendered":"marcha-zocalo-3468"},"author":1,"featured_media":0,"comment_status":"open","ping_status":"closed","template":"","meta":{"_monsterinsights_skip_tracking":false,"_monsterinsights_sitenote_active":false,"_monsterinsights_sitenote_note":"","_monsterinsights_sitenote_category":0},"class_list":["post-397514","attachment","type-attachment","status-inherit","hentry"],"description":{"rendered":"<p class=\"attachment\"><a href='https:\/\/www.diarioimagen.net\/wp-content\/uploads\/2018\/10\/marcha-zocalo-3468.jpg'><img loading=\"lazy\" decoding=\"async\" width=\"240\" height=\"147\" src=\"https:\/\/www.diarioimagen.net\/wp-content\/uploads\/2018\/10\/marcha-zocalo-3468-240x147.jpg\" class=\"attachment-medium size-medium\" alt=\"\" srcset=\"https:\/\/www.diarioimagen.net\/wp-content\/uploads\/2018\/10\/marcha-zocalo-3468-240x147.jpg 240w, https:\/\/www.diarioimagen.net\/wp-content\/uploads\/2018\/10\/marcha-zocalo-3468-460x283.jpg 460w, https:\/\/www.diarioimagen.net\/wp-content\/uploads\/2018\/10\/marcha-zocalo-3468.jpg 651w\" sizes=\"auto, (max-width: 240px) 100vw, 240px\" \/><\/a><\/p>\n"},"caption":{"rendered":"<p>En el Z\u00f3calo de la Ciudad de M\u00e9xico tambi\u00e9n se efectu\u00f3 pase de lista de activistas que participaron en el movimiento y se lanz\u00f3 la consigna de \u201c2 de octubre no se olvida, es de lucha combativa\u201d.<\/p>\n"},"alt_text":"","media_type":"image","mime_type":"image\/jpeg","media_details":{"width":651,"height":400,"file":"2018\/10\/marcha-zocalo-3468.jpg","sizes":{"thumbnail":{"file":"marcha-zocalo-3468-150x150.jpg","width":150,"height":150,"mime_type":"image\/jpeg","source_url":"https:\/\/www.diarioimagen.net\/wp-content\/uploads\/2018\/10\/marcha-zocalo-3468-150x150.jpg"},"medium":{"file":"marcha-zocalo-3468-240x147.jpg","width":240,"height":147,"mime_type":"image\/jpeg","source_url":"https:\/\/www.diarioimagen.net\/wp-content\/uploads\/2018\/10\/marcha-zocalo-3468-240x147.jpg"},"large":{"file":"marcha-zocalo-3468-460x283.jpg","width":460,"height":283,"mime_type":"image\/jpeg","source_url":"https:\/\/www.diarioimagen.net\/wp-content\/uploads\/2018\/10\/marcha-zocalo-3468-460x283.jpg"},"post-thumbnail":{"file":"marcha-zocalo-3468-50x50.jpg","width":50,"height":50,"mime_type":"image\/jpeg","source_url":"https:\/\/www.diarioimagen.net\/wp-content\/uploads\/2018\/10\/marcha-zocalo-3468-50x50.jpg"},"blgn-featured":{"file":"marcha-zocalo-3468-480x270.jpg","width":480,"height":270,"mime_type":"image\/jpeg","source_url":"https:\/\/www.diarioimagen.net\/wp-content\/uploads\/2018\/10\/marcha-zocalo-3468-480x270.jpg"},"blgn-below_featured":{"file":"marcha-zocalo-3468-235x132.jpg","width":235,"height":132,"mime_type":"image\/jpeg","source_url":"https:\/\/www.diarioimagen.net\/wp-content\/uploads\/2018\/10\/marcha-zocalo-3468-235x132.jpg"},"blgn-mediabar":{"file":"marcha-zocalo-3468-202x114.jpg","width":202,"height":114,"mime_type":"image\/jpeg","source_url":"https:\/\/www.diarioimagen.net\/wp-content\/uploads\/2018\/10\/marcha-zocalo-3468-202x114.jpg"},"blgn-secondary_left":{"file":"marcha-zocalo-3468-75x75.jpg","width":75,"height":75,"mime_type":"image\/jpeg","source_url":"https:\/\/www.diarioimagen.net\/wp-content\/uploads\/2018\/10\/marcha-zocalo-3468-75x75.jpg"},"blgn-secondary_right":{"file":"marcha-zocalo-3468-75x75.jpg","width":75,"height":75,"mime_type":"image\/jpeg","source_url":"https:\/\/www.diarioimagen.net\/wp-content\/uploads\/2018\/10\/marcha-zocalo-3468-75x75.jpg"},"blgn-secondary_mid_big":{"file":"marcha-zocalo-3468-350x196.jpg","width":350,"height":196,"mime_type":"image\/jpeg","source_url":"https:\/\/www.diarioimagen.net\/wp-content\/uploads\/2018\/10\/marcha-zocalo-3468-350x196.jpg"},"blgn-secondary_mid_small":{"file":"marcha-zocalo-3468-70x70.jpg","width":70,"height":70,"mime_type":"image\/jpeg","source_url":"https:\/\/www.diarioimagen.net\/wp-content\/uploads\/2018\/10\/marcha-zocalo-3468-70x70.jpg"},"blgn-subnews":{"file":"marcha-zocalo-3468-220x123.jpg","width":220,"height":123,"mime_type":"image\/jpeg","source_url":"https:\/\/www.diarioimagen.net\/wp-content\/uploads\/2018\/10\/marcha-zocalo-3468-220x123.jpg"},"blgn-excerpt_thumb":{"file":"marcha-zocalo-3468-90x65.jpg","width":90,"height":65,"mime_type":"image\/jpeg","source_url":"https:\/\/www.diarioimagen.net\/wp-content\/uploads\/2018\/10\/marcha-zocalo-3468-90x65.jpg"},"blgn-media_gallery":{"file":"marcha-zocalo-3468-237x132.jpg","width":237,"height":132,"mime_type":"image\/jpeg","source_url":"https:\/\/www.diarioimagen.net\/wp-content\/uploads\/2018\/10\/marcha-zocalo-3468-237x132.jpg"},"full":{"file":"marcha-zocalo-3468.jpg","width":651,"height":400,"mime_type":"image\/jpeg","source_url":"https:\/\/www.diarioimagen.net\/wp-content\/uploads\/2018\/10\/marcha-zocalo-3468.jpg"}},"image_meta":{"aperture":"0","credit":"","camera":"","caption":"","created_timestamp":"0","copyright":"","focal_length":"0","iso":"0","shutter_speed":"0","title":"","orientation":"0","keywords":[]}},"post":397452,"source_url":"https:\/\/www.diarioimagen.net\/wp-content\/uploads\/2018\/10\/marcha-zocalo-3468.jpg","_links":{"self":[{"href":"https:\/\/www.diarioimagen.net\/index.php?rest_route=\/wp\/v2\/media\/397514","targetHints":{"allow":["GET"]}}],"collection":[{"href":"https:\/\/www.diarioimagen.net\/index.php?rest_route=\/wp\/v2\/media"}],"about":[{"href":"https:\/\/www.diarioimagen.net\/index.php?rest_route=\/wp\/v2\/types\/attachment"}],"author":[{"embeddable":true,"href":"https:\/\/www.diarioimagen.net\/index.php?rest_route=\/wp\/v2\/users\/1"}],"replies":[{"embeddable":true,"href":"https:\/\/www.diarioimagen.net\/index.php?rest_route=%2Fwp%2Fv2%2Fcomments&post=397514"}]}}

<p>En el Zócalo de la Ciudad de México también se efectuó pase de lista de activistas que participaron en el movimiento y se lanzó la consigna de “2 de octubre no se olvida, es de lucha combativa”.</p>
