{"id":402350,"date":"2018-11-07T08:33:00","date_gmt":"2018-11-07T14:33:00","guid":{"rendered":"https:\/\/www.diarioimagen.net\/wp-content\/uploads\/2018\/11\/IFREM7.jpg"},"modified":"2018-11-07T08:33:06","modified_gmt":"2018-11-07T14:33:06","slug":"ifrem7","status":"inherit","type":"attachment","link":"https:\/\/www.diarioimagen.net\/?attachment_id=402350","title":{"rendered":"IFREM7"},"author":1,"featured_media":0,"comment_status":"open","ping_status":"closed","template":"","meta":{"_monsterinsights_skip_tracking":false,"_monsterinsights_sitenote_active":false,"_monsterinsights_sitenote_note":"","_monsterinsights_sitenote_category":0},"class_list":["post-402350","attachment","type-attachment","status-inherit","hentry"],"description":{"rendered":"<p class=\"attachment\"><a href='https:\/\/www.diarioimagen.net\/wp-content\/uploads\/2018\/11\/IFREM7.jpg'><img loading=\"lazy\" decoding=\"async\" width=\"240\" height=\"180\" src=\"https:\/\/www.diarioimagen.net\/wp-content\/uploads\/2018\/11\/IFREM7-240x180.jpg\" class=\"attachment-medium size-medium\" alt=\"\" srcset=\"https:\/\/www.diarioimagen.net\/wp-content\/uploads\/2018\/11\/IFREM7-240x180.jpg 240w, https:\/\/www.diarioimagen.net\/wp-content\/uploads\/2018\/11\/IFREM7-460x345.jpg 460w, https:\/\/www.diarioimagen.net\/wp-content\/uploads\/2018\/11\/IFREM7.jpg 700w\" sizes=\"auto, (max-width: 240px) 100vw, 240px\" \/><\/a><\/p>\n"},"caption":{"rendered":"<p>Porfirio Garc\u00eda recibi\u00f3 una silla de ruedas que empleados del Instituto de la Funci\u00f3n Registral del Estado de M\u00e9xico consiguieron reuniendo y reciclando grapas.<\/p>\n"},"alt_text":"","media_type":"image","mime_type":"image\/jpeg","media_details":{"width":700,"height":525,"file":"2018\/11\/IFREM7.jpg","sizes":{"thumbnail":{"file":"IFREM7-150x150.jpg","width":150,"height":150,"mime_type":"image\/jpeg","source_url":"https:\/\/www.diarioimagen.net\/wp-content\/uploads\/2018\/11\/IFREM7-150x150.jpg"},"medium":{"file":"IFREM7-240x180.jpg","width":240,"height":180,"mime_type":"image\/jpeg","source_url":"https:\/\/www.diarioimagen.net\/wp-content\/uploads\/2018\/11\/IFREM7-240x180.jpg"},"large":{"file":"IFREM7-460x345.jpg","width":460,"height":345,"mime_type":"image\/jpeg","source_url":"https:\/\/www.diarioimagen.net\/wp-content\/uploads\/2018\/11\/IFREM7-460x345.jpg"},"post-thumbnail":{"file":"IFREM7-50x50.jpg","width":50,"height":50,"mime_type":"image\/jpeg","source_url":"https:\/\/www.diarioimagen.net\/wp-content\/uploads\/2018\/11\/IFREM7-50x50.jpg"},"blgn-featured":{"file":"IFREM7-480x270.jpg","width":480,"height":270,"mime_type":"image\/jpeg","source_url":"https:\/\/www.diarioimagen.net\/wp-content\/uploads\/2018\/11\/IFREM7-480x270.jpg"},"blgn-below_featured":{"file":"IFREM7-235x132.jpg","width":235,"height":132,"mime_type":"image\/jpeg","source_url":"https:\/\/www.diarioimagen.net\/wp-content\/uploads\/2018\/11\/IFREM7-235x132.jpg"},"blgn-mediabar":{"file":"IFREM7-202x114.jpg","width":202,"height":114,"mime_type":"image\/jpeg","source_url":"https:\/\/www.diarioimagen.net\/wp-content\/uploads\/2018\/11\/IFREM7-202x114.jpg"},"blgn-secondary_left":{"file":"IFREM7-75x75.jpg","width":75,"height":75,"mime_type":"image\/jpeg","source_url":"https:\/\/www.diarioimagen.net\/wp-content\/uploads\/2018\/11\/IFREM7-75x75.jpg"},"blgn-secondary_right":{"file":"IFREM7-75x75.jpg","width":75,"height":75,"mime_type":"image\/jpeg","source_url":"https:\/\/www.diarioimagen.net\/wp-content\/uploads\/2018\/11\/IFREM7-75x75.jpg"},"blgn-secondary_mid_big":{"file":"IFREM7-350x196.jpg","width":350,"height":196,"mime_type":"image\/jpeg","source_url":"https:\/\/www.diarioimagen.net\/wp-content\/uploads\/2018\/11\/IFREM7-350x196.jpg"},"blgn-secondary_mid_small":{"file":"IFREM7-70x70.jpg","width":70,"height":70,"mime_type":"image\/jpeg","source_url":"https:\/\/www.diarioimagen.net\/wp-content\/uploads\/2018\/11\/IFREM7-70x70.jpg"},"blgn-subnews":{"file":"IFREM7-220x123.jpg","width":220,"height":123,"mime_type":"image\/jpeg","source_url":"https:\/\/www.diarioimagen.net\/wp-content\/uploads\/2018\/11\/IFREM7-220x123.jpg"},"blgn-excerpt_thumb":{"file":"IFREM7-90x65.jpg","width":90,"height":65,"mime_type":"image\/jpeg","source_url":"https:\/\/www.diarioimagen.net\/wp-content\/uploads\/2018\/11\/IFREM7-90x65.jpg"},"blgn-media_gallery":{"file":"IFREM7-237x132.jpg","width":237,"height":132,"mime_type":"image\/jpeg","source_url":"https:\/\/www.diarioimagen.net\/wp-content\/uploads\/2018\/11\/IFREM7-237x132.jpg"},"full":{"file":"IFREM7.jpg","width":700,"height":525,"mime_type":"image\/jpeg","source_url":"https:\/\/www.diarioimagen.net\/wp-content\/uploads\/2018\/11\/IFREM7.jpg"}},"image_meta":{"aperture":"0","credit":"","camera":"","caption":"","created_timestamp":"0","copyright":"","focal_length":"0","iso":"0","shutter_speed":"0","title":"","orientation":"0","keywords":[]}},"post":402273,"source_url":"https:\/\/www.diarioimagen.net\/wp-content\/uploads\/2018\/11\/IFREM7.jpg","_links":{"self":[{"href":"https:\/\/www.diarioimagen.net\/index.php?rest_route=\/wp\/v2\/media\/402350","targetHints":{"allow":["GET"]}}],"collection":[{"href":"https:\/\/www.diarioimagen.net\/index.php?rest_route=\/wp\/v2\/media"}],"about":[{"href":"https:\/\/www.diarioimagen.net\/index.php?rest_route=\/wp\/v2\/types\/attachment"}],"author":[{"embeddable":true,"href":"https:\/\/www.diarioimagen.net\/index.php?rest_route=\/wp\/v2\/users\/1"}],"replies":[{"embeddable":true,"href":"https:\/\/www.diarioimagen.net\/index.php?rest_route=%2Fwp%2Fv2%2Fcomments&post=402350"}]}}

<p>Porfirio García recibió una silla de ruedas que empleados del Instituto de la Función Registral del Estado de México consiguieron reuniendo y reciclando grapas.</p>
