{"id":402880,"date":"2018-11-12T04:35:12","date_gmt":"2018-11-12T10:35:12","guid":{"rendered":"https:\/\/www.diarioimagen.net\/wp-content\/uploads\/2018\/11\/FOTO-14.jpg"},"modified":"2018-11-12T04:39:14","modified_gmt":"2018-11-12T10:39:14","slug":"foto-14-3","status":"inherit","type":"attachment","link":"https:\/\/www.diarioimagen.net\/?attachment_id=402880","title":{"rendered":"FOTO-14"},"author":1,"featured_media":0,"comment_status":"open","ping_status":"closed","template":"","meta":{"_monsterinsights_skip_tracking":false,"_monsterinsights_sitenote_active":false,"_monsterinsights_sitenote_note":"","_monsterinsights_sitenote_category":0},"class_list":["post-402880","attachment","type-attachment","status-inherit","hentry"],"description":{"rendered":"<p class=\"attachment\"><a href='https:\/\/www.diarioimagen.net\/wp-content\/uploads\/2018\/11\/FOTO-14.jpg'><img loading=\"lazy\" decoding=\"async\" width=\"232\" height=\"240\" src=\"https:\/\/www.diarioimagen.net\/wp-content\/uploads\/2018\/11\/FOTO-14-232x240.jpg\" class=\"attachment-medium size-medium\" alt=\"\" srcset=\"https:\/\/www.diarioimagen.net\/wp-content\/uploads\/2018\/11\/FOTO-14-232x240.jpg 232w, https:\/\/www.diarioimagen.net\/wp-content\/uploads\/2018\/11\/FOTO-14-444x460.jpg 444w, https:\/\/www.diarioimagen.net\/wp-content\/uploads\/2018\/11\/FOTO-14.jpg 600w\" sizes=\"auto, (max-width: 232px) 100vw, 232px\" \/><\/a><\/p>\n"},"caption":{"rendered":"<p>El nuevo presidente del Tribunal, Rafael Guerra \u00c1lvarez, de 56 a\u00f1os de edad, es Doctor en Ciencias Penales y presidir\u00e1 el TSJCDMX a partir del 1 de enero de 2019. Desde 2011 es magistrado de la S\u00e9ptima Sala Penal.<\/p>\n"},"alt_text":"","media_type":"image","mime_type":"image\/jpeg","media_details":{"width":600,"height":621,"file":"2018\/11\/FOTO-14.jpg","sizes":{"thumbnail":{"file":"FOTO-14-150x150.jpg","width":150,"height":150,"mime_type":"image\/jpeg","source_url":"https:\/\/www.diarioimagen.net\/wp-content\/uploads\/2018\/11\/FOTO-14-150x150.jpg"},"medium":{"file":"FOTO-14-232x240.jpg","width":232,"height":240,"mime_type":"image\/jpeg","source_url":"https:\/\/www.diarioimagen.net\/wp-content\/uploads\/2018\/11\/FOTO-14-232x240.jpg"},"large":{"file":"FOTO-14-444x460.jpg","width":444,"height":460,"mime_type":"image\/jpeg","source_url":"https:\/\/www.diarioimagen.net\/wp-content\/uploads\/2018\/11\/FOTO-14-444x460.jpg"},"post-thumbnail":{"file":"FOTO-14-50x50.jpg","width":50,"height":50,"mime_type":"image\/jpeg","source_url":"https:\/\/www.diarioimagen.net\/wp-content\/uploads\/2018\/11\/FOTO-14-50x50.jpg"},"blgn-featured":{"file":"FOTO-14-480x270.jpg","width":480,"height":270,"mime_type":"image\/jpeg","source_url":"https:\/\/www.diarioimagen.net\/wp-content\/uploads\/2018\/11\/FOTO-14-480x270.jpg"},"blgn-below_featured":{"file":"FOTO-14-235x132.jpg","width":235,"height":132,"mime_type":"image\/jpeg","source_url":"https:\/\/www.diarioimagen.net\/wp-content\/uploads\/2018\/11\/FOTO-14-235x132.jpg"},"blgn-mediabar":{"file":"FOTO-14-202x114.jpg","width":202,"height":114,"mime_type":"image\/jpeg","source_url":"https:\/\/www.diarioimagen.net\/wp-content\/uploads\/2018\/11\/FOTO-14-202x114.jpg"},"blgn-secondary_left":{"file":"FOTO-14-75x75.jpg","width":75,"height":75,"mime_type":"image\/jpeg","source_url":"https:\/\/www.diarioimagen.net\/wp-content\/uploads\/2018\/11\/FOTO-14-75x75.jpg"},"blgn-secondary_right":{"file":"FOTO-14-75x75.jpg","width":75,"height":75,"mime_type":"image\/jpeg","source_url":"https:\/\/www.diarioimagen.net\/wp-content\/uploads\/2018\/11\/FOTO-14-75x75.jpg"},"blgn-secondary_mid_big":{"file":"FOTO-14-350x196.jpg","width":350,"height":196,"mime_type":"image\/jpeg","source_url":"https:\/\/www.diarioimagen.net\/wp-content\/uploads\/2018\/11\/FOTO-14-350x196.jpg"},"blgn-secondary_mid_small":{"file":"FOTO-14-70x70.jpg","width":70,"height":70,"mime_type":"image\/jpeg","source_url":"https:\/\/www.diarioimagen.net\/wp-content\/uploads\/2018\/11\/FOTO-14-70x70.jpg"},"blgn-subnews":{"file":"FOTO-14-220x123.jpg","width":220,"height":123,"mime_type":"image\/jpeg","source_url":"https:\/\/www.diarioimagen.net\/wp-content\/uploads\/2018\/11\/FOTO-14-220x123.jpg"},"blgn-excerpt_thumb":{"file":"FOTO-14-90x65.jpg","width":90,"height":65,"mime_type":"image\/jpeg","source_url":"https:\/\/www.diarioimagen.net\/wp-content\/uploads\/2018\/11\/FOTO-14-90x65.jpg"},"blgn-media_gallery":{"file":"FOTO-14-237x132.jpg","width":237,"height":132,"mime_type":"image\/jpeg","source_url":"https:\/\/www.diarioimagen.net\/wp-content\/uploads\/2018\/11\/FOTO-14-237x132.jpg"},"full":{"file":"FOTO-14.jpg","width":600,"height":621,"mime_type":"image\/jpeg","source_url":"https:\/\/www.diarioimagen.net\/wp-content\/uploads\/2018\/11\/FOTO-14.jpg"}},"image_meta":{"aperture":"0","credit":"","camera":"","caption":"","created_timestamp":"0","copyright":"","focal_length":"0","iso":"0","shutter_speed":"0","title":"","orientation":"0","keywords":[]}},"post":402808,"source_url":"https:\/\/www.diarioimagen.net\/wp-content\/uploads\/2018\/11\/FOTO-14.jpg","_links":{"self":[{"href":"https:\/\/www.diarioimagen.net\/index.php?rest_route=\/wp\/v2\/media\/402880","targetHints":{"allow":["GET"]}}],"collection":[{"href":"https:\/\/www.diarioimagen.net\/index.php?rest_route=\/wp\/v2\/media"}],"about":[{"href":"https:\/\/www.diarioimagen.net\/index.php?rest_route=\/wp\/v2\/types\/attachment"}],"author":[{"embeddable":true,"href":"https:\/\/www.diarioimagen.net\/index.php?rest_route=\/wp\/v2\/users\/1"}],"replies":[{"embeddable":true,"href":"https:\/\/www.diarioimagen.net\/index.php?rest_route=%2Fwp%2Fv2%2Fcomments&post=402880"}]}}

<p>El nuevo presidente del Tribunal, Rafael Guerra Álvarez, de 56 años de edad, es Doctor en Ciencias Penales y presidirá el TSJCDMX a partir del 1 de enero de 2019. Desde 2011 es magistrado de la Séptima Sala Penal.</p>
