{"id":409857,"date":"2019-01-08T05:49:38","date_gmt":"2019-01-08T11:49:38","guid":{"rendered":"https:\/\/www.diarioimagen.net\/wp-content\/uploads\/2019\/01\/GOBERNACION8.jpg"},"modified":"2019-01-08T05:49:55","modified_gmt":"2019-01-08T11:49:55","slug":"gobernacion8","status":"inherit","type":"attachment","link":"https:\/\/www.diarioimagen.net\/?attachment_id=409857","title":{"rendered":"GOBERNACION8"},"author":1,"featured_media":0,"comment_status":"open","ping_status":"closed","template":"","meta":{"_monsterinsights_skip_tracking":false,"_monsterinsights_sitenote_active":false,"_monsterinsights_sitenote_note":"","_monsterinsights_sitenote_category":0},"class_list":["post-409857","attachment","type-attachment","status-inherit","hentry"],"description":{"rendered":"<p class=\"attachment\"><a href='https:\/\/www.diarioimagen.net\/wp-content\/uploads\/2019\/01\/GOBERNACION8.jpg'><img loading=\"lazy\" decoding=\"async\" width=\"240\" height=\"135\" src=\"https:\/\/www.diarioimagen.net\/wp-content\/uploads\/2019\/01\/GOBERNACION8-240x135.jpg\" class=\"attachment-medium size-medium\" alt=\"\" srcset=\"https:\/\/www.diarioimagen.net\/wp-content\/uploads\/2019\/01\/GOBERNACION8-240x135.jpg 240w, https:\/\/www.diarioimagen.net\/wp-content\/uploads\/2019\/01\/GOBERNACION8-460x259.jpg 460w, https:\/\/www.diarioimagen.net\/wp-content\/uploads\/2019\/01\/GOBERNACION8-235x132.jpg 235w, https:\/\/www.diarioimagen.net\/wp-content\/uploads\/2019\/01\/GOBERNACION8-202x114.jpg 202w, https:\/\/www.diarioimagen.net\/wp-content\/uploads\/2019\/01\/GOBERNACION8-350x196.jpg 350w, https:\/\/www.diarioimagen.net\/wp-content\/uploads\/2019\/01\/GOBERNACION8-220x123.jpg 220w, https:\/\/www.diarioimagen.net\/wp-content\/uploads\/2019\/01\/GOBERNACION8-237x132.jpg 237w, https:\/\/www.diarioimagen.net\/wp-content\/uploads\/2019\/01\/GOBERNACION8.jpg 480w\" sizes=\"auto, (max-width: 240px) 100vw, 240px\" \/><\/a><\/p>\n"},"caption":{"rendered":"<p>Olga S\u00e1nchez Cordero se\u00f1al\u00f3 que se tienen identificados 370 puntos de cruce ilegal, no documentado, por lo que se intensificar\u00e1 la atenci\u00f3n.<\/p>\n"},"alt_text":"","media_type":"image","mime_type":"image\/jpeg","media_details":{"width":480,"height":270,"file":"2019\/01\/GOBERNACION8.jpg","sizes":{"thumbnail":{"file":"GOBERNACION8-150x150.jpg","width":150,"height":150,"mime_type":"image\/jpeg","source_url":"https:\/\/www.diarioimagen.net\/wp-content\/uploads\/2019\/01\/GOBERNACION8-150x150.jpg"},"medium":{"file":"GOBERNACION8-240x135.jpg","width":240,"height":135,"mime_type":"image\/jpeg","source_url":"https:\/\/www.diarioimagen.net\/wp-content\/uploads\/2019\/01\/GOBERNACION8-240x135.jpg"},"large":{"file":"GOBERNACION8-460x259.jpg","width":460,"height":259,"mime_type":"image\/jpeg","source_url":"https:\/\/www.diarioimagen.net\/wp-content\/uploads\/2019\/01\/GOBERNACION8-460x259.jpg"},"post-thumbnail":{"file":"GOBERNACION8-50x50.jpg","width":50,"height":50,"mime_type":"image\/jpeg","source_url":"https:\/\/www.diarioimagen.net\/wp-content\/uploads\/2019\/01\/GOBERNACION8-50x50.jpg"},"blgn-below_featured":{"file":"GOBERNACION8-235x132.jpg","width":235,"height":132,"mime_type":"image\/jpeg","source_url":"https:\/\/www.diarioimagen.net\/wp-content\/uploads\/2019\/01\/GOBERNACION8-235x132.jpg"},"blgn-mediabar":{"file":"GOBERNACION8-202x114.jpg","width":202,"height":114,"mime_type":"image\/jpeg","source_url":"https:\/\/www.diarioimagen.net\/wp-content\/uploads\/2019\/01\/GOBERNACION8-202x114.jpg"},"blgn-secondary_left":{"file":"GOBERNACION8-75x75.jpg","width":75,"height":75,"mime_type":"image\/jpeg","source_url":"https:\/\/www.diarioimagen.net\/wp-content\/uploads\/2019\/01\/GOBERNACION8-75x75.jpg"},"blgn-secondary_right":{"file":"GOBERNACION8-75x75.jpg","width":75,"height":75,"mime_type":"image\/jpeg","source_url":"https:\/\/www.diarioimagen.net\/wp-content\/uploads\/2019\/01\/GOBERNACION8-75x75.jpg"},"blgn-secondary_mid_big":{"file":"GOBERNACION8-350x196.jpg","width":350,"height":196,"mime_type":"image\/jpeg","source_url":"https:\/\/www.diarioimagen.net\/wp-content\/uploads\/2019\/01\/GOBERNACION8-350x196.jpg"},"blgn-secondary_mid_small":{"file":"GOBERNACION8-70x70.jpg","width":70,"height":70,"mime_type":"image\/jpeg","source_url":"https:\/\/www.diarioimagen.net\/wp-content\/uploads\/2019\/01\/GOBERNACION8-70x70.jpg"},"blgn-subnews":{"file":"GOBERNACION8-220x123.jpg","width":220,"height":123,"mime_type":"image\/jpeg","source_url":"https:\/\/www.diarioimagen.net\/wp-content\/uploads\/2019\/01\/GOBERNACION8-220x123.jpg"},"blgn-excerpt_thumb":{"file":"GOBERNACION8-90x65.jpg","width":90,"height":65,"mime_type":"image\/jpeg","source_url":"https:\/\/www.diarioimagen.net\/wp-content\/uploads\/2019\/01\/GOBERNACION8-90x65.jpg"},"blgn-media_gallery":{"file":"GOBERNACION8-237x132.jpg","width":237,"height":132,"mime_type":"image\/jpeg","source_url":"https:\/\/www.diarioimagen.net\/wp-content\/uploads\/2019\/01\/GOBERNACION8-237x132.jpg"},"full":{"file":"GOBERNACION8.jpg","width":480,"height":270,"mime_type":"image\/jpeg","source_url":"https:\/\/www.diarioimagen.net\/wp-content\/uploads\/2019\/01\/GOBERNACION8.jpg"}},"image_meta":{"aperture":"0","credit":"","camera":"","caption":"","created_timestamp":"0","copyright":"","focal_length":"0","iso":"0","shutter_speed":"0","title":"","orientation":"0","keywords":[]}},"post":409740,"source_url":"https:\/\/www.diarioimagen.net\/wp-content\/uploads\/2019\/01\/GOBERNACION8.jpg","_links":{"self":[{"href":"https:\/\/www.diarioimagen.net\/index.php?rest_route=\/wp\/v2\/media\/409857","targetHints":{"allow":["GET"]}}],"collection":[{"href":"https:\/\/www.diarioimagen.net\/index.php?rest_route=\/wp\/v2\/media"}],"about":[{"href":"https:\/\/www.diarioimagen.net\/index.php?rest_route=\/wp\/v2\/types\/attachment"}],"author":[{"embeddable":true,"href":"https:\/\/www.diarioimagen.net\/index.php?rest_route=\/wp\/v2\/users\/1"}],"replies":[{"embeddable":true,"href":"https:\/\/www.diarioimagen.net\/index.php?rest_route=%2Fwp%2Fv2%2Fcomments&post=409857"}]}}

<p>Olga Sánchez Cordero señaló que se tienen identificados 370 puntos de cruce ilegal, no documentado, por lo que se intensificará la atención.</p>
