{"id":411031,"date":"2019-01-16T05:34:23","date_gmt":"2019-01-16T11:34:23","guid":{"rendered":"https:\/\/www.diarioimagen.net\/wp-content\/uploads\/2019\/01\/PREINSCRIPCIONES16.jpg"},"modified":"2019-01-16T05:34:33","modified_gmt":"2019-01-16T11:34:33","slug":"preinscripciones16","status":"inherit","type":"attachment","link":"https:\/\/www.diarioimagen.net\/?attachment_id=411031","title":{"rendered":"PREINSCRIPCIONES16"},"author":1,"featured_media":0,"comment_status":"open","ping_status":"closed","template":"","meta":{"_monsterinsights_skip_tracking":false,"_monsterinsights_sitenote_active":false,"_monsterinsights_sitenote_note":"","_monsterinsights_sitenote_category":0},"class_list":["post-411031","attachment","type-attachment","status-inherit","hentry"],"description":{"rendered":"<p class=\"attachment\"><a href='https:\/\/www.diarioimagen.net\/wp-content\/uploads\/2019\/01\/PREINSCRIPCIONES16.jpg'><img loading=\"lazy\" decoding=\"async\" width=\"240\" height=\"135\" src=\"https:\/\/www.diarioimagen.net\/wp-content\/uploads\/2019\/01\/PREINSCRIPCIONES16-240x135.jpg\" class=\"attachment-medium size-medium\" alt=\"\" srcset=\"https:\/\/www.diarioimagen.net\/wp-content\/uploads\/2019\/01\/PREINSCRIPCIONES16-240x135.jpg 240w, https:\/\/www.diarioimagen.net\/wp-content\/uploads\/2019\/01\/PREINSCRIPCIONES16-460x259.jpg 460w, https:\/\/www.diarioimagen.net\/wp-content\/uploads\/2019\/01\/PREINSCRIPCIONES16-235x132.jpg 235w, https:\/\/www.diarioimagen.net\/wp-content\/uploads\/2019\/01\/PREINSCRIPCIONES16-202x114.jpg 202w, https:\/\/www.diarioimagen.net\/wp-content\/uploads\/2019\/01\/PREINSCRIPCIONES16-350x196.jpg 350w, https:\/\/www.diarioimagen.net\/wp-content\/uploads\/2019\/01\/PREINSCRIPCIONES16-220x123.jpg 220w, https:\/\/www.diarioimagen.net\/wp-content\/uploads\/2019\/01\/PREINSCRIPCIONES16-237x132.jpg 237w, https:\/\/www.diarioimagen.net\/wp-content\/uploads\/2019\/01\/PREINSCRIPCIONES16.jpg 480w\" sizes=\"auto, (max-width: 240px) 100vw, 240px\" \/><\/a><\/p>\n"},"caption":{"rendered":"<p>Comienza el Sistema Anticipado de Inscripci\u00f3n y Distribuci\u00f3n (SAID) para educaci\u00f3n b\u00e1sica, del lunes 21 de enero al viernes 1 de marzo, las 24 horas del d\u00eda.<\/p>\n"},"alt_text":"","media_type":"image","mime_type":"image\/jpeg","media_details":{"width":480,"height":270,"file":"2019\/01\/PREINSCRIPCIONES16.jpg","sizes":{"thumbnail":{"file":"PREINSCRIPCIONES16-150x150.jpg","width":150,"height":150,"mime_type":"image\/jpeg","source_url":"https:\/\/www.diarioimagen.net\/wp-content\/uploads\/2019\/01\/PREINSCRIPCIONES16-150x150.jpg"},"medium":{"file":"PREINSCRIPCIONES16-240x135.jpg","width":240,"height":135,"mime_type":"image\/jpeg","source_url":"https:\/\/www.diarioimagen.net\/wp-content\/uploads\/2019\/01\/PREINSCRIPCIONES16-240x135.jpg"},"large":{"file":"PREINSCRIPCIONES16-460x259.jpg","width":460,"height":259,"mime_type":"image\/jpeg","source_url":"https:\/\/www.diarioimagen.net\/wp-content\/uploads\/2019\/01\/PREINSCRIPCIONES16-460x259.jpg"},"post-thumbnail":{"file":"PREINSCRIPCIONES16-50x50.jpg","width":50,"height":50,"mime_type":"image\/jpeg","source_url":"https:\/\/www.diarioimagen.net\/wp-content\/uploads\/2019\/01\/PREINSCRIPCIONES16-50x50.jpg"},"blgn-below_featured":{"file":"PREINSCRIPCIONES16-235x132.jpg","width":235,"height":132,"mime_type":"image\/jpeg","source_url":"https:\/\/www.diarioimagen.net\/wp-content\/uploads\/2019\/01\/PREINSCRIPCIONES16-235x132.jpg"},"blgn-mediabar":{"file":"PREINSCRIPCIONES16-202x114.jpg","width":202,"height":114,"mime_type":"image\/jpeg","source_url":"https:\/\/www.diarioimagen.net\/wp-content\/uploads\/2019\/01\/PREINSCRIPCIONES16-202x114.jpg"},"blgn-secondary_left":{"file":"PREINSCRIPCIONES16-75x75.jpg","width":75,"height":75,"mime_type":"image\/jpeg","source_url":"https:\/\/www.diarioimagen.net\/wp-content\/uploads\/2019\/01\/PREINSCRIPCIONES16-75x75.jpg"},"blgn-secondary_right":{"file":"PREINSCRIPCIONES16-75x75.jpg","width":75,"height":75,"mime_type":"image\/jpeg","source_url":"https:\/\/www.diarioimagen.net\/wp-content\/uploads\/2019\/01\/PREINSCRIPCIONES16-75x75.jpg"},"blgn-secondary_mid_big":{"file":"PREINSCRIPCIONES16-350x196.jpg","width":350,"height":196,"mime_type":"image\/jpeg","source_url":"https:\/\/www.diarioimagen.net\/wp-content\/uploads\/2019\/01\/PREINSCRIPCIONES16-350x196.jpg"},"blgn-secondary_mid_small":{"file":"PREINSCRIPCIONES16-70x70.jpg","width":70,"height":70,"mime_type":"image\/jpeg","source_url":"https:\/\/www.diarioimagen.net\/wp-content\/uploads\/2019\/01\/PREINSCRIPCIONES16-70x70.jpg"},"blgn-subnews":{"file":"PREINSCRIPCIONES16-220x123.jpg","width":220,"height":123,"mime_type":"image\/jpeg","source_url":"https:\/\/www.diarioimagen.net\/wp-content\/uploads\/2019\/01\/PREINSCRIPCIONES16-220x123.jpg"},"blgn-excerpt_thumb":{"file":"PREINSCRIPCIONES16-90x65.jpg","width":90,"height":65,"mime_type":"image\/jpeg","source_url":"https:\/\/www.diarioimagen.net\/wp-content\/uploads\/2019\/01\/PREINSCRIPCIONES16-90x65.jpg"},"blgn-media_gallery":{"file":"PREINSCRIPCIONES16-237x132.jpg","width":237,"height":132,"mime_type":"image\/jpeg","source_url":"https:\/\/www.diarioimagen.net\/wp-content\/uploads\/2019\/01\/PREINSCRIPCIONES16-237x132.jpg"},"full":{"file":"PREINSCRIPCIONES16.jpg","width":480,"height":270,"mime_type":"image\/jpeg","source_url":"https:\/\/www.diarioimagen.net\/wp-content\/uploads\/2019\/01\/PREINSCRIPCIONES16.jpg"}},"image_meta":{"aperture":"0","credit":"","camera":"","caption":"","created_timestamp":"0","copyright":"","focal_length":"0","iso":"0","shutter_speed":"0","title":"","orientation":"0","keywords":[]}},"post":410931,"source_url":"https:\/\/www.diarioimagen.net\/wp-content\/uploads\/2019\/01\/PREINSCRIPCIONES16.jpg","_links":{"self":[{"href":"https:\/\/www.diarioimagen.net\/index.php?rest_route=\/wp\/v2\/media\/411031","targetHints":{"allow":["GET"]}}],"collection":[{"href":"https:\/\/www.diarioimagen.net\/index.php?rest_route=\/wp\/v2\/media"}],"about":[{"href":"https:\/\/www.diarioimagen.net\/index.php?rest_route=\/wp\/v2\/types\/attachment"}],"author":[{"embeddable":true,"href":"https:\/\/www.diarioimagen.net\/index.php?rest_route=\/wp\/v2\/users\/1"}],"replies":[{"embeddable":true,"href":"https:\/\/www.diarioimagen.net\/index.php?rest_route=%2Fwp%2Fv2%2Fcomments&post=411031"}]}}

<p>Comienza el Sistema Anticipado de Inscripción y Distribución (SAID) para educación básica, del lunes 21 de enero al viernes 1 de marzo, las 24 horas del día.</p>
