{"id":411449,"date":"2019-01-18T07:18:34","date_gmt":"2019-01-18T13:18:34","guid":{"rendered":"https:\/\/www.diarioimagen.net\/wp-content\/uploads\/2019\/01\/SENADO18-ok.jpg"},"modified":"2019-01-18T07:18:45","modified_gmt":"2019-01-18T13:18:45","slug":"senado18-ok","status":"inherit","type":"attachment","link":"https:\/\/www.diarioimagen.net\/?attachment_id=411449","title":{"rendered":"SENADO18-ok"},"author":1,"featured_media":0,"comment_status":"open","ping_status":"closed","template":"","meta":{"_monsterinsights_skip_tracking":false,"_monsterinsights_sitenote_active":false,"_monsterinsights_sitenote_note":"","_monsterinsights_sitenote_category":0},"class_list":["post-411449","attachment","type-attachment","status-inherit","hentry"],"description":{"rendered":"<p class=\"attachment\"><a href='https:\/\/www.diarioimagen.net\/wp-content\/uploads\/2019\/01\/SENADO18-ok.jpg'><img loading=\"lazy\" decoding=\"async\" width=\"240\" height=\"167\" src=\"https:\/\/www.diarioimagen.net\/wp-content\/uploads\/2019\/01\/SENADO18-ok-240x167.jpg\" class=\"attachment-medium size-medium\" alt=\"\" srcset=\"https:\/\/www.diarioimagen.net\/wp-content\/uploads\/2019\/01\/SENADO18-ok-240x167.jpg 240w, https:\/\/www.diarioimagen.net\/wp-content\/uploads\/2019\/01\/SENADO18-ok-460x320.jpg 460w, https:\/\/www.diarioimagen.net\/wp-content\/uploads\/2019\/01\/SENADO18-ok.jpg 700w\" sizes=\"auto, (max-width: 240px) 100vw, 240px\" \/><\/a><\/p>\n"},"caption":{"rendered":"<p>Ricardo Monreal, coordinador de Morena en el Senado, anunci\u00f3 que el dictamen aprobado por la C\u00e1mara de Diputados que crea la Guardia Nacional, sufrir\u00e1 importantes modificaciones.<\/p>\n"},"alt_text":"","media_type":"image","mime_type":"image\/jpeg","media_details":{"width":700,"height":487,"file":"2019\/01\/SENADO18-ok.jpg","sizes":{"thumbnail":{"file":"SENADO18-ok-150x150.jpg","width":150,"height":150,"mime_type":"image\/jpeg","source_url":"https:\/\/www.diarioimagen.net\/wp-content\/uploads\/2019\/01\/SENADO18-ok-150x150.jpg"},"medium":{"file":"SENADO18-ok-240x167.jpg","width":240,"height":167,"mime_type":"image\/jpeg","source_url":"https:\/\/www.diarioimagen.net\/wp-content\/uploads\/2019\/01\/SENADO18-ok-240x167.jpg"},"large":{"file":"SENADO18-ok-460x320.jpg","width":460,"height":320,"mime_type":"image\/jpeg","source_url":"https:\/\/www.diarioimagen.net\/wp-content\/uploads\/2019\/01\/SENADO18-ok-460x320.jpg"},"post-thumbnail":{"file":"SENADO18-ok-50x50.jpg","width":50,"height":50,"mime_type":"image\/jpeg","source_url":"https:\/\/www.diarioimagen.net\/wp-content\/uploads\/2019\/01\/SENADO18-ok-50x50.jpg"},"blgn-featured":{"file":"SENADO18-ok-480x270.jpg","width":480,"height":270,"mime_type":"image\/jpeg","source_url":"https:\/\/www.diarioimagen.net\/wp-content\/uploads\/2019\/01\/SENADO18-ok-480x270.jpg"},"blgn-below_featured":{"file":"SENADO18-ok-235x132.jpg","width":235,"height":132,"mime_type":"image\/jpeg","source_url":"https:\/\/www.diarioimagen.net\/wp-content\/uploads\/2019\/01\/SENADO18-ok-235x132.jpg"},"blgn-mediabar":{"file":"SENADO18-ok-202x114.jpg","width":202,"height":114,"mime_type":"image\/jpeg","source_url":"https:\/\/www.diarioimagen.net\/wp-content\/uploads\/2019\/01\/SENADO18-ok-202x114.jpg"},"blgn-secondary_left":{"file":"SENADO18-ok-75x75.jpg","width":75,"height":75,"mime_type":"image\/jpeg","source_url":"https:\/\/www.diarioimagen.net\/wp-content\/uploads\/2019\/01\/SENADO18-ok-75x75.jpg"},"blgn-secondary_right":{"file":"SENADO18-ok-75x75.jpg","width":75,"height":75,"mime_type":"image\/jpeg","source_url":"https:\/\/www.diarioimagen.net\/wp-content\/uploads\/2019\/01\/SENADO18-ok-75x75.jpg"},"blgn-secondary_mid_big":{"file":"SENADO18-ok-350x196.jpg","width":350,"height":196,"mime_type":"image\/jpeg","source_url":"https:\/\/www.diarioimagen.net\/wp-content\/uploads\/2019\/01\/SENADO18-ok-350x196.jpg"},"blgn-secondary_mid_small":{"file":"SENADO18-ok-70x70.jpg","width":70,"height":70,"mime_type":"image\/jpeg","source_url":"https:\/\/www.diarioimagen.net\/wp-content\/uploads\/2019\/01\/SENADO18-ok-70x70.jpg"},"blgn-subnews":{"file":"SENADO18-ok-220x123.jpg","width":220,"height":123,"mime_type":"image\/jpeg","source_url":"https:\/\/www.diarioimagen.net\/wp-content\/uploads\/2019\/01\/SENADO18-ok-220x123.jpg"},"blgn-excerpt_thumb":{"file":"SENADO18-ok-90x65.jpg","width":90,"height":65,"mime_type":"image\/jpeg","source_url":"https:\/\/www.diarioimagen.net\/wp-content\/uploads\/2019\/01\/SENADO18-ok-90x65.jpg"},"blgn-media_gallery":{"file":"SENADO18-ok-237x132.jpg","width":237,"height":132,"mime_type":"image\/jpeg","source_url":"https:\/\/www.diarioimagen.net\/wp-content\/uploads\/2019\/01\/SENADO18-ok-237x132.jpg"},"full":{"file":"SENADO18-ok.jpg","width":700,"height":487,"mime_type":"image\/jpeg","source_url":"https:\/\/www.diarioimagen.net\/wp-content\/uploads\/2019\/01\/SENADO18-ok.jpg"}},"image_meta":{"aperture":"0","credit":"","camera":"","caption":"","created_timestamp":"0","copyright":"","focal_length":"0","iso":"0","shutter_speed":"0","title":"","orientation":"0","keywords":[]}},"post":411373,"source_url":"https:\/\/www.diarioimagen.net\/wp-content\/uploads\/2019\/01\/SENADO18-ok.jpg","_links":{"self":[{"href":"https:\/\/www.diarioimagen.net\/index.php?rest_route=\/wp\/v2\/media\/411449","targetHints":{"allow":["GET"]}}],"collection":[{"href":"https:\/\/www.diarioimagen.net\/index.php?rest_route=\/wp\/v2\/media"}],"about":[{"href":"https:\/\/www.diarioimagen.net\/index.php?rest_route=\/wp\/v2\/types\/attachment"}],"author":[{"embeddable":true,"href":"https:\/\/www.diarioimagen.net\/index.php?rest_route=\/wp\/v2\/users\/1"}],"replies":[{"embeddable":true,"href":"https:\/\/www.diarioimagen.net\/index.php?rest_route=%2Fwp%2Fv2%2Fcomments&post=411449"}]}}

<p>Ricardo Monreal, coordinador de Morena en el Senado, anunció que el dictamen aprobado por la Cámara de Diputados que crea la Guardia Nacional, sufrirá importantes modificaciones.</p>
