{"id":422578,"date":"2019-04-06T07:55:16","date_gmt":"2019-04-06T13:55:16","guid":{"rendered":"https:\/\/www.diarioimagen.net\/wp-content\/uploads\/2019\/04\/fashion-inner.jpg"},"modified":"2019-04-06T07:55:23","modified_gmt":"2019-04-06T13:55:23","slug":"fashion-inner","status":"inherit","type":"attachment","link":"https:\/\/www.diarioimagen.net\/?attachment_id=422578","title":{"rendered":"fashion-inner"},"author":1,"featured_media":0,"comment_status":"open","ping_status":"closed","template":"","meta":{"_monsterinsights_skip_tracking":false,"_monsterinsights_sitenote_active":false,"_monsterinsights_sitenote_note":"","_monsterinsights_sitenote_category":0},"class_list":["post-422578","attachment","type-attachment","status-inherit","hentry"],"description":{"rendered":"<p class=\"attachment\"><a href='https:\/\/www.diarioimagen.net\/wp-content\/uploads\/2019\/04\/fashion-inner.jpg'><img loading=\"lazy\" decoding=\"async\" width=\"160\" height=\"240\" src=\"https:\/\/www.diarioimagen.net\/wp-content\/uploads\/2019\/04\/fashion-inner-160x240.jpg\" class=\"attachment-medium size-medium\" alt=\"\" srcset=\"https:\/\/www.diarioimagen.net\/wp-content\/uploads\/2019\/04\/fashion-inner-160x240.jpg 160w, https:\/\/www.diarioimagen.net\/wp-content\/uploads\/2019\/04\/fashion-inner-307x460.jpg 307w, https:\/\/www.diarioimagen.net\/wp-content\/uploads\/2019\/04\/fashion-inner.jpg 467w\" sizes=\"auto, (max-width: 160px) 100vw, 160px\" \/><\/a><\/p>\n"},"caption":{"rendered":"<p>Nunca busc\u00f3 ser modelo ni quiso dedicarse profesionalmente a ello. Pero desde que la industria de la moda la encontr\u00f3, comenz\u00f3 a so\u00f1ar con formar parte de un desfile de Prada, seg\u00fan confes\u00f3 a \u201cVogue M\u00e9xico\u201d.\u00a0 Y lo cierto es que lo logr\u00f3.<\/p>\n"},"alt_text":"","media_type":"image","mime_type":"image\/jpeg","media_details":{"width":467,"height":700,"file":"2019\/04\/fashion-inner.jpg","sizes":{"thumbnail":{"file":"fashion-inner-150x150.jpg","width":150,"height":150,"mime_type":"image\/jpeg","source_url":"https:\/\/www.diarioimagen.net\/wp-content\/uploads\/2019\/04\/fashion-inner-150x150.jpg"},"medium":{"file":"fashion-inner-160x240.jpg","width":160,"height":240,"mime_type":"image\/jpeg","source_url":"https:\/\/www.diarioimagen.net\/wp-content\/uploads\/2019\/04\/fashion-inner-160x240.jpg"},"large":{"file":"fashion-inner-307x460.jpg","width":307,"height":460,"mime_type":"image\/jpeg","source_url":"https:\/\/www.diarioimagen.net\/wp-content\/uploads\/2019\/04\/fashion-inner-307x460.jpg"},"post-thumbnail":{"file":"fashion-inner-50x50.jpg","width":50,"height":50,"mime_type":"image\/jpeg","source_url":"https:\/\/www.diarioimagen.net\/wp-content\/uploads\/2019\/04\/fashion-inner-50x50.jpg"},"blgn-featured":{"file":"fashion-inner-467x270.jpg","width":467,"height":270,"mime_type":"image\/jpeg","source_url":"https:\/\/www.diarioimagen.net\/wp-content\/uploads\/2019\/04\/fashion-inner-467x270.jpg"},"blgn-below_featured":{"file":"fashion-inner-235x132.jpg","width":235,"height":132,"mime_type":"image\/jpeg","source_url":"https:\/\/www.diarioimagen.net\/wp-content\/uploads\/2019\/04\/fashion-inner-235x132.jpg"},"blgn-mediabar":{"file":"fashion-inner-202x114.jpg","width":202,"height":114,"mime_type":"image\/jpeg","source_url":"https:\/\/www.diarioimagen.net\/wp-content\/uploads\/2019\/04\/fashion-inner-202x114.jpg"},"blgn-secondary_left":{"file":"fashion-inner-75x75.jpg","width":75,"height":75,"mime_type":"image\/jpeg","source_url":"https:\/\/www.diarioimagen.net\/wp-content\/uploads\/2019\/04\/fashion-inner-75x75.jpg"},"blgn-secondary_right":{"file":"fashion-inner-75x75.jpg","width":75,"height":75,"mime_type":"image\/jpeg","source_url":"https:\/\/www.diarioimagen.net\/wp-content\/uploads\/2019\/04\/fashion-inner-75x75.jpg"},"blgn-secondary_mid_big":{"file":"fashion-inner-350x196.jpg","width":350,"height":196,"mime_type":"image\/jpeg","source_url":"https:\/\/www.diarioimagen.net\/wp-content\/uploads\/2019\/04\/fashion-inner-350x196.jpg"},"blgn-secondary_mid_small":{"file":"fashion-inner-70x70.jpg","width":70,"height":70,"mime_type":"image\/jpeg","source_url":"https:\/\/www.diarioimagen.net\/wp-content\/uploads\/2019\/04\/fashion-inner-70x70.jpg"},"blgn-subnews":{"file":"fashion-inner-220x123.jpg","width":220,"height":123,"mime_type":"image\/jpeg","source_url":"https:\/\/www.diarioimagen.net\/wp-content\/uploads\/2019\/04\/fashion-inner-220x123.jpg"},"blgn-excerpt_thumb":{"file":"fashion-inner-90x65.jpg","width":90,"height":65,"mime_type":"image\/jpeg","source_url":"https:\/\/www.diarioimagen.net\/wp-content\/uploads\/2019\/04\/fashion-inner-90x65.jpg"},"blgn-media_gallery":{"file":"fashion-inner-237x132.jpg","width":237,"height":132,"mime_type":"image\/jpeg","source_url":"https:\/\/www.diarioimagen.net\/wp-content\/uploads\/2019\/04\/fashion-inner-237x132.jpg"},"full":{"file":"fashion-inner.jpg","width":467,"height":700,"mime_type":"image\/jpeg","source_url":"https:\/\/www.diarioimagen.net\/wp-content\/uploads\/2019\/04\/fashion-inner.jpg"}},"image_meta":{"aperture":"0","credit":"","camera":"","caption":"","created_timestamp":"0","copyright":"","focal_length":"0","iso":"0","shutter_speed":"0","title":"","orientation":"0","keywords":[]}},"post":422577,"source_url":"https:\/\/www.diarioimagen.net\/wp-content\/uploads\/2019\/04\/fashion-inner.jpg","_links":{"self":[{"href":"https:\/\/www.diarioimagen.net\/index.php?rest_route=\/wp\/v2\/media\/422578","targetHints":{"allow":["GET"]}}],"collection":[{"href":"https:\/\/www.diarioimagen.net\/index.php?rest_route=\/wp\/v2\/media"}],"about":[{"href":"https:\/\/www.diarioimagen.net\/index.php?rest_route=\/wp\/v2\/types\/attachment"}],"author":[{"embeddable":true,"href":"https:\/\/www.diarioimagen.net\/index.php?rest_route=\/wp\/v2\/users\/1"}],"replies":[{"embeddable":true,"href":"https:\/\/www.diarioimagen.net\/index.php?rest_route=%2Fwp%2Fv2%2Fcomments&post=422578"}]}}

<p>Nunca buscó ser modelo ni quiso dedicarse profesionalmente a ello. Pero desde que la industria de la moda la encontró, comenzó a soñar con formar parte de un desfile de Prada, según confesó a “Vogue México”.  Y lo cierto es que lo logró.</p>
