{"id":457335,"date":"2020-01-24T01:17:13","date_gmt":"2020-01-24T07:17:13","guid":{"rendered":"https:\/\/www.diarioimagen.net\/wp-content\/uploads\/2020\/01\/UAEM-3.jpg"},"modified":"2020-01-24T01:18:25","modified_gmt":"2020-01-24T07:18:25","slug":"uaem-91","status":"inherit","type":"attachment","link":"https:\/\/www.diarioimagen.net\/?attachment_id=457335","title":{"rendered":"UAEM"},"author":1,"featured_media":0,"comment_status":"open","ping_status":"closed","template":"","meta":{"_monsterinsights_skip_tracking":false,"_monsterinsights_sitenote_active":false,"_monsterinsights_sitenote_note":"","_monsterinsights_sitenote_category":0},"class_list":["post-457335","attachment","type-attachment","status-inherit","hentry"],"description":{"rendered":"<p class=\"attachment\"><a href='https:\/\/www.diarioimagen.net\/wp-content\/uploads\/2020\/01\/UAEM-3.jpg'><img loading=\"lazy\" decoding=\"async\" width=\"240\" height=\"135\" src=\"https:\/\/www.diarioimagen.net\/wp-content\/uploads\/2020\/01\/UAEM-3-240x135.jpg\" class=\"attachment-medium size-medium\" alt=\"\" srcset=\"https:\/\/www.diarioimagen.net\/wp-content\/uploads\/2020\/01\/UAEM-3-240x135.jpg 240w, https:\/\/www.diarioimagen.net\/wp-content\/uploads\/2020\/01\/UAEM-3-460x259.jpg 460w, https:\/\/www.diarioimagen.net\/wp-content\/uploads\/2020\/01\/UAEM-3-235x132.jpg 235w, https:\/\/www.diarioimagen.net\/wp-content\/uploads\/2020\/01\/UAEM-3-202x114.jpg 202w, https:\/\/www.diarioimagen.net\/wp-content\/uploads\/2020\/01\/UAEM-3-350x196.jpg 350w, https:\/\/www.diarioimagen.net\/wp-content\/uploads\/2020\/01\/UAEM-3-220x123.jpg 220w, https:\/\/www.diarioimagen.net\/wp-content\/uploads\/2020\/01\/UAEM-3-237x132.jpg 237w, https:\/\/www.diarioimagen.net\/wp-content\/uploads\/2020\/01\/UAEM-3.jpg 480w\" sizes=\"auto, (max-width: 240px) 100vw, 240px\" \/><\/a><\/p>\n"},"caption":{"rendered":"<p>El rector Alfredo Barrera y la secretaria general de la FAAPAUAEM, Gilda Gonz\u00e1lez, firmaron el acuerdo de negociaci\u00f3n salarial 2020 entre la Universidad Aut\u00f3noma del Estado de M\u00e9xico y dicha agrupaci\u00f3n sindical.<\/p>\n"},"alt_text":"","media_type":"image","mime_type":"image\/jpeg","media_details":{"width":480,"height":270,"file":"2020\/01\/UAEM-3.jpg","sizes":{"medium":{"file":"UAEM-3-240x135.jpg","width":240,"height":135,"mime_type":"image\/jpeg","source_url":"https:\/\/www.diarioimagen.net\/wp-content\/uploads\/2020\/01\/UAEM-3-240x135.jpg"},"large":{"file":"UAEM-3-460x259.jpg","width":460,"height":259,"mime_type":"image\/jpeg","source_url":"https:\/\/www.diarioimagen.net\/wp-content\/uploads\/2020\/01\/UAEM-3-460x259.jpg"},"thumbnail":{"file":"UAEM-3-150x150.jpg","width":150,"height":150,"mime_type":"image\/jpeg","source_url":"https:\/\/www.diarioimagen.net\/wp-content\/uploads\/2020\/01\/UAEM-3-150x150.jpg"},"post-thumbnail":{"file":"UAEM-3-50x50.jpg","width":50,"height":50,"mime_type":"image\/jpeg","source_url":"https:\/\/www.diarioimagen.net\/wp-content\/uploads\/2020\/01\/UAEM-3-50x50.jpg"},"blgn-below_featured":{"file":"UAEM-3-235x132.jpg","width":235,"height":132,"mime_type":"image\/jpeg","source_url":"https:\/\/www.diarioimagen.net\/wp-content\/uploads\/2020\/01\/UAEM-3-235x132.jpg"},"blgn-mediabar":{"file":"UAEM-3-202x114.jpg","width":202,"height":114,"mime_type":"image\/jpeg","source_url":"https:\/\/www.diarioimagen.net\/wp-content\/uploads\/2020\/01\/UAEM-3-202x114.jpg"},"blgn-secondary_left":{"file":"UAEM-3-75x75.jpg","width":75,"height":75,"mime_type":"image\/jpeg","source_url":"https:\/\/www.diarioimagen.net\/wp-content\/uploads\/2020\/01\/UAEM-3-75x75.jpg"},"blgn-secondary_right":{"file":"UAEM-3-75x75.jpg","width":75,"height":75,"mime_type":"image\/jpeg","source_url":"https:\/\/www.diarioimagen.net\/wp-content\/uploads\/2020\/01\/UAEM-3-75x75.jpg"},"blgn-secondary_mid_big":{"file":"UAEM-3-350x196.jpg","width":350,"height":196,"mime_type":"image\/jpeg","source_url":"https:\/\/www.diarioimagen.net\/wp-content\/uploads\/2020\/01\/UAEM-3-350x196.jpg"},"blgn-secondary_mid_small":{"file":"UAEM-3-70x70.jpg","width":70,"height":70,"mime_type":"image\/jpeg","source_url":"https:\/\/www.diarioimagen.net\/wp-content\/uploads\/2020\/01\/UAEM-3-70x70.jpg"},"blgn-subnews":{"file":"UAEM-3-220x123.jpg","width":220,"height":123,"mime_type":"image\/jpeg","source_url":"https:\/\/www.diarioimagen.net\/wp-content\/uploads\/2020\/01\/UAEM-3-220x123.jpg"},"blgn-excerpt_thumb":{"file":"UAEM-3-90x65.jpg","width":90,"height":65,"mime_type":"image\/jpeg","source_url":"https:\/\/www.diarioimagen.net\/wp-content\/uploads\/2020\/01\/UAEM-3-90x65.jpg"},"blgn-media_gallery":{"file":"UAEM-3-237x132.jpg","width":237,"height":132,"mime_type":"image\/jpeg","source_url":"https:\/\/www.diarioimagen.net\/wp-content\/uploads\/2020\/01\/UAEM-3-237x132.jpg"},"full":{"file":"UAEM-3.jpg","width":480,"height":270,"mime_type":"image\/jpeg","source_url":"https:\/\/www.diarioimagen.net\/wp-content\/uploads\/2020\/01\/UAEM-3.jpg"}},"image_meta":{"aperture":"0","credit":"","camera":"","caption":"","created_timestamp":"0","copyright":"","focal_length":"0","iso":"0","shutter_speed":"0","title":"","orientation":"0","keywords":[]}},"post":457270,"source_url":"https:\/\/www.diarioimagen.net\/wp-content\/uploads\/2020\/01\/UAEM-3.jpg","_links":{"self":[{"href":"https:\/\/www.diarioimagen.net\/index.php?rest_route=\/wp\/v2\/media\/457335","targetHints":{"allow":["GET"]}}],"collection":[{"href":"https:\/\/www.diarioimagen.net\/index.php?rest_route=\/wp\/v2\/media"}],"about":[{"href":"https:\/\/www.diarioimagen.net\/index.php?rest_route=\/wp\/v2\/types\/attachment"}],"author":[{"embeddable":true,"href":"https:\/\/www.diarioimagen.net\/index.php?rest_route=\/wp\/v2\/users\/1"}],"replies":[{"embeddable":true,"href":"https:\/\/www.diarioimagen.net\/index.php?rest_route=%2Fwp%2Fv2%2Fcomments&post=457335"}]}}

<p>El rector Alfredo Barrera y la secretaria general de la FAAPAUAEM, Gilda González, firmaron el acuerdo de negociación salarial 2020 entre la Universidad Autónoma del Estado de México y dicha agrupación sindical.</p>
