{"id":461094,"date":"2020-02-24T06:16:53","date_gmt":"2020-02-24T12:16:53","guid":{"rendered":"https:\/\/www.diarioimagen.net\/wp-content\/uploads\/2020\/02\/Derecho-5.jpg"},"modified":"2020-02-24T06:17:04","modified_gmt":"2020-02-24T12:17:04","slug":"derecho-48","status":"inherit","type":"attachment","link":"https:\/\/www.diarioimagen.net\/?attachment_id=461094","title":{"rendered":"Derecho"},"author":1,"featured_media":0,"comment_status":"open","ping_status":"closed","template":"","meta":{"_monsterinsights_skip_tracking":false,"_monsterinsights_sitenote_active":false,"_monsterinsights_sitenote_note":"","_monsterinsights_sitenote_category":0},"class_list":["post-461094","attachment","type-attachment","status-inherit","hentry"],"description":{"rendered":"<p class=\"attachment\"><a href='https:\/\/www.diarioimagen.net\/wp-content\/uploads\/2020\/02\/Derecho-5.jpg'><img loading=\"lazy\" decoding=\"async\" width=\"240\" height=\"164\" src=\"https:\/\/www.diarioimagen.net\/wp-content\/uploads\/2020\/02\/Derecho-5-240x164.jpg\" class=\"attachment-medium size-medium\" alt=\"\" srcset=\"https:\/\/www.diarioimagen.net\/wp-content\/uploads\/2020\/02\/Derecho-5-240x164.jpg 240w, https:\/\/www.diarioimagen.net\/wp-content\/uploads\/2020\/02\/Derecho-5-460x313.jpg 460w, https:\/\/www.diarioimagen.net\/wp-content\/uploads\/2020\/02\/Derecho-5.jpg 700w\" sizes=\"auto, (max-width: 240px) 100vw, 240px\" \/><\/a><\/p>\n"},"caption":{"rendered":"<p>El gobernador Carlos Joaqu\u00edn a trav\u00e9s de su cuenta oficial de Twitter afirm\u00f3 que apoyar\u00e1n a las compa\u00f1eras que decidan unirse a \u201cUn d\u00eda sin nosotras\u201d.<\/p>\n"},"alt_text":"","media_type":"image","mime_type":"image\/jpeg","media_details":{"width":700,"height":477,"file":"2020\/02\/Derecho-5.jpg","sizes":{"medium":{"file":"Derecho-5-240x164.jpg","width":240,"height":164,"mime_type":"image\/jpeg","source_url":"https:\/\/www.diarioimagen.net\/wp-content\/uploads\/2020\/02\/Derecho-5-240x164.jpg"},"large":{"file":"Derecho-5-460x313.jpg","width":460,"height":313,"mime_type":"image\/jpeg","source_url":"https:\/\/www.diarioimagen.net\/wp-content\/uploads\/2020\/02\/Derecho-5-460x313.jpg"},"thumbnail":{"file":"Derecho-5-150x150.jpg","width":150,"height":150,"mime_type":"image\/jpeg","source_url":"https:\/\/www.diarioimagen.net\/wp-content\/uploads\/2020\/02\/Derecho-5-150x150.jpg"},"post-thumbnail":{"file":"Derecho-5-50x50.jpg","width":50,"height":50,"mime_type":"image\/jpeg","source_url":"https:\/\/www.diarioimagen.net\/wp-content\/uploads\/2020\/02\/Derecho-5-50x50.jpg"},"blgn-featured":{"file":"Derecho-5-480x270.jpg","width":480,"height":270,"mime_type":"image\/jpeg","source_url":"https:\/\/www.diarioimagen.net\/wp-content\/uploads\/2020\/02\/Derecho-5-480x270.jpg"},"blgn-below_featured":{"file":"Derecho-5-235x132.jpg","width":235,"height":132,"mime_type":"image\/jpeg","source_url":"https:\/\/www.diarioimagen.net\/wp-content\/uploads\/2020\/02\/Derecho-5-235x132.jpg"},"blgn-mediabar":{"file":"Derecho-5-202x114.jpg","width":202,"height":114,"mime_type":"image\/jpeg","source_url":"https:\/\/www.diarioimagen.net\/wp-content\/uploads\/2020\/02\/Derecho-5-202x114.jpg"},"blgn-secondary_left":{"file":"Derecho-5-75x75.jpg","width":75,"height":75,"mime_type":"image\/jpeg","source_url":"https:\/\/www.diarioimagen.net\/wp-content\/uploads\/2020\/02\/Derecho-5-75x75.jpg"},"blgn-secondary_right":{"file":"Derecho-5-75x75.jpg","width":75,"height":75,"mime_type":"image\/jpeg","source_url":"https:\/\/www.diarioimagen.net\/wp-content\/uploads\/2020\/02\/Derecho-5-75x75.jpg"},"blgn-secondary_mid_big":{"file":"Derecho-5-350x196.jpg","width":350,"height":196,"mime_type":"image\/jpeg","source_url":"https:\/\/www.diarioimagen.net\/wp-content\/uploads\/2020\/02\/Derecho-5-350x196.jpg"},"blgn-secondary_mid_small":{"file":"Derecho-5-70x70.jpg","width":70,"height":70,"mime_type":"image\/jpeg","source_url":"https:\/\/www.diarioimagen.net\/wp-content\/uploads\/2020\/02\/Derecho-5-70x70.jpg"},"blgn-subnews":{"file":"Derecho-5-220x123.jpg","width":220,"height":123,"mime_type":"image\/jpeg","source_url":"https:\/\/www.diarioimagen.net\/wp-content\/uploads\/2020\/02\/Derecho-5-220x123.jpg"},"blgn-excerpt_thumb":{"file":"Derecho-5-90x65.jpg","width":90,"height":65,"mime_type":"image\/jpeg","source_url":"https:\/\/www.diarioimagen.net\/wp-content\/uploads\/2020\/02\/Derecho-5-90x65.jpg"},"blgn-media_gallery":{"file":"Derecho-5-237x132.jpg","width":237,"height":132,"mime_type":"image\/jpeg","source_url":"https:\/\/www.diarioimagen.net\/wp-content\/uploads\/2020\/02\/Derecho-5-237x132.jpg"},"full":{"file":"Derecho-5.jpg","width":700,"height":477,"mime_type":"image\/jpeg","source_url":"https:\/\/www.diarioimagen.net\/wp-content\/uploads\/2020\/02\/Derecho-5.jpg"}},"image_meta":{"aperture":"0","credit":"","camera":"","caption":"","created_timestamp":"0","copyright":"","focal_length":"0","iso":"0","shutter_speed":"0","title":"","orientation":"0","keywords":[]}},"post":461021,"source_url":"https:\/\/www.diarioimagen.net\/wp-content\/uploads\/2020\/02\/Derecho-5.jpg","_links":{"self":[{"href":"https:\/\/www.diarioimagen.net\/index.php?rest_route=\/wp\/v2\/media\/461094","targetHints":{"allow":["GET"]}}],"collection":[{"href":"https:\/\/www.diarioimagen.net\/index.php?rest_route=\/wp\/v2\/media"}],"about":[{"href":"https:\/\/www.diarioimagen.net\/index.php?rest_route=\/wp\/v2\/types\/attachment"}],"author":[{"embeddable":true,"href":"https:\/\/www.diarioimagen.net\/index.php?rest_route=\/wp\/v2\/users\/1"}],"replies":[{"embeddable":true,"href":"https:\/\/www.diarioimagen.net\/index.php?rest_route=%2Fwp%2Fv2%2Fcomments&post=461094"}]}}

<p>El gobernador Carlos Joaquín a través de su cuenta oficial de Twitter afirmó que apoyarán a las compañeras que decidan unirse a “Un día sin nosotras”.</p>
