{"id":462942,"date":"2020-03-09T05:03:25","date_gmt":"2020-03-09T11:03:25","guid":{"rendered":"https:\/\/www.diarioimagen.net\/wp-content\/uploads\/2020\/03\/tribunal2.jpg"},"modified":"2020-03-09T05:03:34","modified_gmt":"2020-03-09T11:03:34","slug":"tribunal2-2","status":"inherit","type":"attachment","link":"https:\/\/www.diarioimagen.net\/?attachment_id=462942","title":{"rendered":"tribunal2"},"author":1,"featured_media":0,"comment_status":"open","ping_status":"closed","template":"","meta":{"_monsterinsights_skip_tracking":false,"_monsterinsights_sitenote_active":false,"_monsterinsights_sitenote_note":"","_monsterinsights_sitenote_category":0},"class_list":["post-462942","attachment","type-attachment","status-inherit","hentry"],"description":{"rendered":"<p class=\"attachment\"><a href='https:\/\/www.diarioimagen.net\/wp-content\/uploads\/2020\/03\/tribunal2.jpg'><img loading=\"lazy\" decoding=\"async\" width=\"240\" height=\"135\" src=\"https:\/\/www.diarioimagen.net\/wp-content\/uploads\/2020\/03\/tribunal2-240x135.jpg\" class=\"attachment-medium size-medium\" alt=\"\" srcset=\"https:\/\/www.diarioimagen.net\/wp-content\/uploads\/2020\/03\/tribunal2-240x135.jpg 240w, https:\/\/www.diarioimagen.net\/wp-content\/uploads\/2020\/03\/tribunal2-460x259.jpg 460w, https:\/\/www.diarioimagen.net\/wp-content\/uploads\/2020\/03\/tribunal2-235x132.jpg 235w, https:\/\/www.diarioimagen.net\/wp-content\/uploads\/2020\/03\/tribunal2-202x114.jpg 202w, https:\/\/www.diarioimagen.net\/wp-content\/uploads\/2020\/03\/tribunal2-350x196.jpg 350w, https:\/\/www.diarioimagen.net\/wp-content\/uploads\/2020\/03\/tribunal2-220x123.jpg 220w, https:\/\/www.diarioimagen.net\/wp-content\/uploads\/2020\/03\/tribunal2-237x132.jpg 237w, https:\/\/www.diarioimagen.net\/wp-content\/uploads\/2020\/03\/tribunal2.jpg 480w\" sizes=\"auto, (max-width: 240px) 100vw, 240px\" \/><\/a><\/p>\n"},"caption":{"rendered":"<p>El presidente del PJCDMX, magistrado Rafael Guerra \u00c1lvarez, pronunci\u00f3 un discurso en la conmemoraci\u00f3n del D\u00eda Internacional de la Mujer, acto al que asistieron la presidenta de la Comisi\u00f3n de Derechos Humanos capitalina, Nashieli Ram\u00edrez Hern\u00e1ndez; la presidenta del Consejo para Prevenir y Eliminar la Discriminaci\u00f3n local, Geraldina Gonz\u00e1lez de la Vega; los consejeros de la Judicatura, Blanca Estela Zamudio Vald\u00e9s, Susana B\u00e1tiz Zavala y Jorge Mart\u00ednez Arregu\u00edn, as\u00ed como la magistrada Celia Mar\u00edn Sasaki, presidenta de la Comisi\u00f3n de Igualdad de G\u00e9nero del Pleno de magistrados, magistradas, jueces y juezas.<\/p>\n"},"alt_text":"","media_type":"image","mime_type":"image\/jpeg","media_details":{"width":480,"height":270,"file":"2020\/03\/tribunal2.jpg","sizes":{"medium":{"file":"tribunal2-240x135.jpg","width":240,"height":135,"mime_type":"image\/jpeg","source_url":"https:\/\/www.diarioimagen.net\/wp-content\/uploads\/2020\/03\/tribunal2-240x135.jpg"},"large":{"file":"tribunal2-460x259.jpg","width":460,"height":259,"mime_type":"image\/jpeg","source_url":"https:\/\/www.diarioimagen.net\/wp-content\/uploads\/2020\/03\/tribunal2-460x259.jpg"},"thumbnail":{"file":"tribunal2-150x150.jpg","width":150,"height":150,"mime_type":"image\/jpeg","source_url":"https:\/\/www.diarioimagen.net\/wp-content\/uploads\/2020\/03\/tribunal2-150x150.jpg"},"post-thumbnail":{"file":"tribunal2-50x50.jpg","width":50,"height":50,"mime_type":"image\/jpeg","source_url":"https:\/\/www.diarioimagen.net\/wp-content\/uploads\/2020\/03\/tribunal2-50x50.jpg"},"blgn-below_featured":{"file":"tribunal2-235x132.jpg","width":235,"height":132,"mime_type":"image\/jpeg","source_url":"https:\/\/www.diarioimagen.net\/wp-content\/uploads\/2020\/03\/tribunal2-235x132.jpg"},"blgn-mediabar":{"file":"tribunal2-202x114.jpg","width":202,"height":114,"mime_type":"image\/jpeg","source_url":"https:\/\/www.diarioimagen.net\/wp-content\/uploads\/2020\/03\/tribunal2-202x114.jpg"},"blgn-secondary_left":{"file":"tribunal2-75x75.jpg","width":75,"height":75,"mime_type":"image\/jpeg","source_url":"https:\/\/www.diarioimagen.net\/wp-content\/uploads\/2020\/03\/tribunal2-75x75.jpg"},"blgn-secondary_right":{"file":"tribunal2-75x75.jpg","width":75,"height":75,"mime_type":"image\/jpeg","source_url":"https:\/\/www.diarioimagen.net\/wp-content\/uploads\/2020\/03\/tribunal2-75x75.jpg"},"blgn-secondary_mid_big":{"file":"tribunal2-350x196.jpg","width":350,"height":196,"mime_type":"image\/jpeg","source_url":"https:\/\/www.diarioimagen.net\/wp-content\/uploads\/2020\/03\/tribunal2-350x196.jpg"},"blgn-secondary_mid_small":{"file":"tribunal2-70x70.jpg","width":70,"height":70,"mime_type":"image\/jpeg","source_url":"https:\/\/www.diarioimagen.net\/wp-content\/uploads\/2020\/03\/tribunal2-70x70.jpg"},"blgn-subnews":{"file":"tribunal2-220x123.jpg","width":220,"height":123,"mime_type":"image\/jpeg","source_url":"https:\/\/www.diarioimagen.net\/wp-content\/uploads\/2020\/03\/tribunal2-220x123.jpg"},"blgn-excerpt_thumb":{"file":"tribunal2-90x65.jpg","width":90,"height":65,"mime_type":"image\/jpeg","source_url":"https:\/\/www.diarioimagen.net\/wp-content\/uploads\/2020\/03\/tribunal2-90x65.jpg"},"blgn-media_gallery":{"file":"tribunal2-237x132.jpg","width":237,"height":132,"mime_type":"image\/jpeg","source_url":"https:\/\/www.diarioimagen.net\/wp-content\/uploads\/2020\/03\/tribunal2-237x132.jpg"},"full":{"file":"tribunal2.jpg","width":480,"height":270,"mime_type":"image\/jpeg","source_url":"https:\/\/www.diarioimagen.net\/wp-content\/uploads\/2020\/03\/tribunal2.jpg"}},"image_meta":{"aperture":"0","credit":"","camera":"","caption":"","created_timestamp":"0","copyright":"","focal_length":"0","iso":"0","shutter_speed":"0","title":"","orientation":"0","keywords":[]}},"post":462861,"source_url":"https:\/\/www.diarioimagen.net\/wp-content\/uploads\/2020\/03\/tribunal2.jpg","_links":{"self":[{"href":"https:\/\/www.diarioimagen.net\/index.php?rest_route=\/wp\/v2\/media\/462942","targetHints":{"allow":["GET"]}}],"collection":[{"href":"https:\/\/www.diarioimagen.net\/index.php?rest_route=\/wp\/v2\/media"}],"about":[{"href":"https:\/\/www.diarioimagen.net\/index.php?rest_route=\/wp\/v2\/types\/attachment"}],"author":[{"embeddable":true,"href":"https:\/\/www.diarioimagen.net\/index.php?rest_route=\/wp\/v2\/users\/1"}],"replies":[{"embeddable":true,"href":"https:\/\/www.diarioimagen.net\/index.php?rest_route=%2Fwp%2Fv2%2Fcomments&post=462942"}]}}

<p>El presidente del PJCDMX, magistrado Rafael Guerra Álvarez, pronunció un discurso en la conmemoración del Día Internacional de la Mujer, acto al que asistieron la presidenta de la Comisión de Derechos Humanos capitalina, Nashieli Ramírez Hernández; la presidenta del Consejo para Prevenir y Eliminar la Discriminación local, Geraldina González de la Vega; los consejeros de la Judicatura, Blanca Estela Zamudio Valdés, Susana Bátiz Zavala y Jorge Martínez Arreguín, así como la magistrada Celia Marín Sasaki, presidenta de la Comisión de Igualdad de Género del Pleno de magistrados, magistradas, jueces y juezas.</p>
