{"id":480279,"date":"2020-09-15T02:11:38","date_gmt":"2020-09-15T07:11:38","guid":{"rendered":"https:\/\/www.diarioimagen.net\/wp-content\/uploads\/2020\/09\/CONSULTA.jpg"},"modified":"2020-09-15T02:11:43","modified_gmt":"2020-09-15T07:11:43","slug":"consulta-3","status":"inherit","type":"attachment","link":"https:\/\/www.diarioimagen.net\/?attachment_id=480279","title":{"rendered":"CONSULTA"},"author":1,"featured_media":0,"comment_status":"open","ping_status":"closed","template":"","meta":{"_monsterinsights_skip_tracking":false,"_monsterinsights_sitenote_active":false,"_monsterinsights_sitenote_note":"","_monsterinsights_sitenote_category":0},"class_list":["post-480279","attachment","type-attachment","status-inherit","hentry"],"description":{"rendered":"<p class=\"attachment\"><a href='https:\/\/www.diarioimagen.net\/wp-content\/uploads\/2020\/09\/CONSULTA.jpg'><img loading=\"lazy\" decoding=\"async\" width=\"240\" height=\"135\" src=\"https:\/\/www.diarioimagen.net\/wp-content\/uploads\/2020\/09\/CONSULTA.jpg\" class=\"attachment-medium size-medium\" alt=\"\" \/><\/a><\/p>\n"},"caption":{"rendered":"<p>Hasta ayer, s\u00f3lo se hab\u00edan recabado un mill\u00f3n de firmas en el pa\u00eds para solicitar la consulta ciudadana sobre un juicio a ex presidentes.<\/p>\n"},"alt_text":"","media_type":"image","mime_type":"image\/jpeg","media_details":{"width":480,"height":270,"file":"2020\/09\/CONSULTA.jpg","sizes":{},"image_meta":{"aperture":"0","credit":"","camera":"","caption":"","created_timestamp":"0","copyright":"","focal_length":"0","iso":"0","shutter_speed":"0","title":"","orientation":"0","keywords":[]}},"post":480214,"source_url":"https:\/\/www.diarioimagen.net\/wp-content\/uploads\/2020\/09\/CONSULTA.jpg","_links":{"self":[{"href":"https:\/\/www.diarioimagen.net\/index.php?rest_route=\/wp\/v2\/media\/480279","targetHints":{"allow":["GET"]}}],"collection":[{"href":"https:\/\/www.diarioimagen.net\/index.php?rest_route=\/wp\/v2\/media"}],"about":[{"href":"https:\/\/www.diarioimagen.net\/index.php?rest_route=\/wp\/v2\/types\/attachment"}],"author":[{"embeddable":true,"href":"https:\/\/www.diarioimagen.net\/index.php?rest_route=\/wp\/v2\/users\/1"}],"replies":[{"embeddable":true,"href":"https:\/\/www.diarioimagen.net\/index.php?rest_route=%2Fwp%2Fv2%2Fcomments&post=480279"}]}}

<p>Hasta ayer, sólo se habían recabado un millón de firmas en el país para solicitar la consulta ciudadana sobre un juicio a ex presidentes.</p>
