{"id":480410,"date":"2020-09-17T02:36:03","date_gmt":"2020-09-17T07:36:03","guid":{"rendered":"https:\/\/www.diarioimagen.net\/wp-content\/uploads\/2020\/09\/CONSULTA-1.jpg"},"modified":"2020-09-17T02:36:08","modified_gmt":"2020-09-17T07:36:08","slug":"consulta-4","status":"inherit","type":"attachment","link":"https:\/\/www.diarioimagen.net\/?attachment_id=480410","title":{"rendered":"CONSULTA"},"author":1,"featured_media":0,"comment_status":"open","ping_status":"closed","template":"","meta":{"_monsterinsights_skip_tracking":false,"_monsterinsights_sitenote_active":false,"_monsterinsights_sitenote_note":"","_monsterinsights_sitenote_category":0},"class_list":["post-480410","attachment","type-attachment","status-inherit","hentry"],"description":{"rendered":"<p class=\"attachment\"><a href='https:\/\/www.diarioimagen.net\/wp-content\/uploads\/2020\/09\/CONSULTA-1.jpg'><img loading=\"lazy\" decoding=\"async\" width=\"240\" height=\"135\" src=\"https:\/\/www.diarioimagen.net\/wp-content\/uploads\/2020\/09\/CONSULTA-1.jpg\" class=\"attachment-medium size-medium\" alt=\"\" \/><\/a><\/p>\n"},"caption":{"rendered":"<p>La Suprema Corte contar\u00e1 con un m\u00e1ximo de 20 d\u00edas naturales para informar si la consulta es constitucional y si la pregunta es correcta.<\/p>\n"},"alt_text":"","media_type":"image","mime_type":"image\/jpeg","media_details":{"width":480,"height":270,"file":"2020\/09\/CONSULTA-1.jpg","sizes":{},"image_meta":{"aperture":"0","credit":"","camera":"","caption":"","created_timestamp":"0","copyright":"","focal_length":"0","iso":"0","shutter_speed":"0","title":"","orientation":"0","keywords":[]}},"post":480337,"source_url":"https:\/\/www.diarioimagen.net\/wp-content\/uploads\/2020\/09\/CONSULTA-1.jpg","_links":{"self":[{"href":"https:\/\/www.diarioimagen.net\/index.php?rest_route=\/wp\/v2\/media\/480410","targetHints":{"allow":["GET"]}}],"collection":[{"href":"https:\/\/www.diarioimagen.net\/index.php?rest_route=\/wp\/v2\/media"}],"about":[{"href":"https:\/\/www.diarioimagen.net\/index.php?rest_route=\/wp\/v2\/types\/attachment"}],"author":[{"embeddable":true,"href":"https:\/\/www.diarioimagen.net\/index.php?rest_route=\/wp\/v2\/users\/1"}],"replies":[{"embeddable":true,"href":"https:\/\/www.diarioimagen.net\/index.php?rest_route=%2Fwp%2Fv2%2Fcomments&post=480410"}]}}

<p>La Suprema Corte contará con un máximo de 20 días naturales para informar si la consulta es constitucional y si la pregunta es correcta.</p>
