{"id":480607,"date":"2020-09-20T16:29:59","date_gmt":"2020-09-20T21:29:59","guid":{"rendered":"https:\/\/www.diarioimagen.net\/wp-content\/uploads\/2020\/09\/UAEM21por.jpg"},"modified":"2020-09-20T16:30:04","modified_gmt":"2020-09-20T21:30:04","slug":"uaem21por","status":"inherit","type":"attachment","link":"https:\/\/www.diarioimagen.net\/?attachment_id=480607","title":{"rendered":"UAEM21por"},"author":1,"featured_media":0,"comment_status":"open","ping_status":"closed","template":"","meta":{"_monsterinsights_skip_tracking":false,"_monsterinsights_sitenote_active":false,"_monsterinsights_sitenote_note":"","_monsterinsights_sitenote_category":0},"class_list":["post-480607","attachment","type-attachment","status-inherit","hentry"],"description":{"rendered":"<p class=\"attachment\"><a href='https:\/\/www.diarioimagen.net\/wp-content\/uploads\/2020\/09\/UAEM21por.jpg'><img loading=\"lazy\" decoding=\"async\" width=\"174\" height=\"240\" src=\"https:\/\/www.diarioimagen.net\/wp-content\/uploads\/2020\/09\/UAEM21por.jpg\" class=\"attachment-medium size-medium\" alt=\"\" \/><\/a><\/p>\n"},"caption":{"rendered":"<p>El secretario de Rector\u00eda de la UAEM, Juvenal Vargas Mu\u00f1oz, presidi\u00f3 la ceremonia luctuosa conmemorativa a los sismos de 1985 y 2017, en el Patio del Centenario, donde se guard\u00f3 un minuto de silencio.<\/p>\n"},"alt_text":"","media_type":"image","mime_type":"image\/jpeg","media_details":{"width":930,"height":1280,"file":"2020\/09\/UAEM21por.jpg","sizes":{},"image_meta":{"aperture":"0","credit":"","camera":"","caption":"","created_timestamp":"0","copyright":"","focal_length":"0","iso":"0","shutter_speed":"0","title":"","orientation":"0","keywords":[]}},"post":480606,"source_url":"https:\/\/www.diarioimagen.net\/wp-content\/uploads\/2020\/09\/UAEM21por.jpg","_links":{"self":[{"href":"https:\/\/www.diarioimagen.net\/index.php?rest_route=\/wp\/v2\/media\/480607","targetHints":{"allow":["GET"]}}],"collection":[{"href":"https:\/\/www.diarioimagen.net\/index.php?rest_route=\/wp\/v2\/media"}],"about":[{"href":"https:\/\/www.diarioimagen.net\/index.php?rest_route=\/wp\/v2\/types\/attachment"}],"author":[{"embeddable":true,"href":"https:\/\/www.diarioimagen.net\/index.php?rest_route=\/wp\/v2\/users\/1"}],"replies":[{"embeddable":true,"href":"https:\/\/www.diarioimagen.net\/index.php?rest_route=%2Fwp%2Fv2%2Fcomments&post=480607"}]}}

<p>El secretario de Rectoría de la UAEM, Juvenal Vargas Muñoz, presidió la ceremonia luctuosa conmemorativa a los sismos de 1985 y 2017, en el Patio del Centenario, donde se guardó un minuto de silencio.</p>
