{"id":482609,"date":"2020-10-08T04:16:05","date_gmt":"2020-10-08T09:16:05","guid":{"rendered":"https:\/\/www.diarioimagen.net\/wp-content\/uploads\/2020\/10\/delgado.jpg"},"modified":"2020-10-08T04:16:10","modified_gmt":"2020-10-08T09:16:10","slug":"delgado","status":"inherit","type":"attachment","link":"https:\/\/www.diarioimagen.net\/?attachment_id=482609","title":{"rendered":"delgado"},"author":1,"featured_media":0,"comment_status":"open","ping_status":"closed","template":"","meta":{"_monsterinsights_skip_tracking":false,"_monsterinsights_sitenote_active":false,"_monsterinsights_sitenote_note":"","_monsterinsights_sitenote_category":0},"class_list":["post-482609","attachment","type-attachment","status-inherit","hentry"],"description":{"rendered":"<p class=\"attachment\"><a href='https:\/\/www.diarioimagen.net\/wp-content\/uploads\/2020\/10\/delgado.jpg'><img loading=\"lazy\" decoding=\"async\" width=\"240\" height=\"141\" src=\"https:\/\/www.diarioimagen.net\/wp-content\/uploads\/2020\/10\/delgado.jpg\" class=\"attachment-medium size-medium\" alt=\"\" \/><\/a><\/p>\n"},"caption":{"rendered":"<p>Hace unos d\u00edas, el diputado Porfirio Mu\u00f1oz Ledo result\u00f3 a la cabeza de la encuesta de reconocimiento que realizaron las empresas para el INE.<\/p>\n"},"alt_text":"","media_type":"image","mime_type":"image\/jpeg","media_details":{"width":460,"height":270,"file":"2020\/10\/delgado.jpg","sizes":{},"image_meta":{"aperture":"0","credit":"","camera":"","caption":"","created_timestamp":"0","copyright":"Graciela L\u00f3pez @Cuartoscuro","focal_length":"0","iso":"0","shutter_speed":"0","title":"","orientation":"0","keywords":[]}},"post":482512,"source_url":"https:\/\/www.diarioimagen.net\/wp-content\/uploads\/2020\/10\/delgado.jpg","_links":{"self":[{"href":"https:\/\/www.diarioimagen.net\/index.php?rest_route=\/wp\/v2\/media\/482609","targetHints":{"allow":["GET"]}}],"collection":[{"href":"https:\/\/www.diarioimagen.net\/index.php?rest_route=\/wp\/v2\/media"}],"about":[{"href":"https:\/\/www.diarioimagen.net\/index.php?rest_route=\/wp\/v2\/types\/attachment"}],"author":[{"embeddable":true,"href":"https:\/\/www.diarioimagen.net\/index.php?rest_route=\/wp\/v2\/users\/1"}],"replies":[{"embeddable":true,"href":"https:\/\/www.diarioimagen.net\/index.php?rest_route=%2Fwp%2Fv2%2Fcomments&post=482609"}]}}

<p>Hace unos días, el diputado Porfirio Muñoz Ledo resultó a la cabeza de la encuesta de reconocimiento que realizaron las empresas para el INE.</p>

Graciela López @Cuartoscuro
