{"id":484171,"date":"2020-10-23T05:56:33","date_gmt":"2020-10-23T10:56:33","guid":{"rendered":"https:\/\/www.diarioimagen.net\/wp-content\/uploads\/2020\/10\/horario.jpg"},"modified":"2020-10-23T05:59:10","modified_gmt":"2020-10-23T10:59:10","slug":"horario","status":"inherit","type":"attachment","link":"https:\/\/www.diarioimagen.net\/?attachment_id=484171","title":{"rendered":"horario"},"author":1,"featured_media":0,"comment_status":"open","ping_status":"closed","template":"","meta":{"_monsterinsights_skip_tracking":false,"_monsterinsights_sitenote_active":false,"_monsterinsights_sitenote_note":"","_monsterinsights_sitenote_category":0},"class_list":["post-484171","attachment","type-attachment","status-inherit","hentry"],"description":{"rendered":"<p class=\"attachment\"><a href='https:\/\/www.diarioimagen.net\/wp-content\/uploads\/2020\/10\/horario.jpg'><img loading=\"lazy\" decoding=\"async\" width=\"240\" height=\"141\" src=\"https:\/\/www.diarioimagen.net\/wp-content\/uploads\/2020\/10\/horario.jpg\" class=\"attachment-medium size-medium\" alt=\"\" \/><\/a><\/p>\n"},"caption":{"rendered":"<p>Este domingo se deber\u00e1 atrasar el reloj una hora al entrar en vigor el Horario de Invierno, el cual se mantendr\u00e1 hasta el d\u00eda 4 de abril de 2021.<\/p>\n"},"alt_text":"","media_type":"image","mime_type":"image\/jpeg","media_details":{"width":460,"height":270,"file":"2020\/10\/horario.jpg","sizes":{},"image_meta":{"aperture":"0","credit":"","camera":"","caption":"","created_timestamp":"0","copyright":"","focal_length":"0","iso":"0","shutter_speed":"0","title":"","orientation":"0","keywords":[]}},"post":484097,"source_url":"https:\/\/www.diarioimagen.net\/wp-content\/uploads\/2020\/10\/horario.jpg","_links":{"self":[{"href":"https:\/\/www.diarioimagen.net\/index.php?rest_route=\/wp\/v2\/media\/484171","targetHints":{"allow":["GET"]}}],"collection":[{"href":"https:\/\/www.diarioimagen.net\/index.php?rest_route=\/wp\/v2\/media"}],"about":[{"href":"https:\/\/www.diarioimagen.net\/index.php?rest_route=\/wp\/v2\/types\/attachment"}],"author":[{"embeddable":true,"href":"https:\/\/www.diarioimagen.net\/index.php?rest_route=\/wp\/v2\/users\/1"}],"replies":[{"embeddable":true,"href":"https:\/\/www.diarioimagen.net\/index.php?rest_route=%2Fwp%2Fv2%2Fcomments&post=484171"}]}}

<p>Este domingo se deberá atrasar el reloj una hora al entrar en vigor el Horario de Invierno, el cual se mantendrá hasta el día 4 de abril de 2021.</p>
