{"id":484772,"date":"2020-10-29T06:13:36","date_gmt":"2020-10-29T12:13:36","guid":{"rendered":"https:\/\/www.diarioimagen.net\/wp-content\/uploads\/2020\/10\/INTERPOL-PF.jpg"},"modified":"2020-10-29T06:14:06","modified_gmt":"2020-10-29T12:14:06","slug":"interpol-pf","status":"inherit","type":"attachment","link":"https:\/\/www.diarioimagen.net\/?attachment_id=484772","title":{"rendered":"INTERPOL-PF"},"author":1,"featured_media":0,"comment_status":"open","ping_status":"closed","template":"","meta":{"_monsterinsights_skip_tracking":false,"_monsterinsights_sitenote_active":false,"_monsterinsights_sitenote_note":"","_monsterinsights_sitenote_category":0},"class_list":["post-484772","attachment","type-attachment","status-inherit","hentry"],"description":{"rendered":"<p class=\"attachment\"><a href='https:\/\/www.diarioimagen.net\/wp-content\/uploads\/2020\/10\/INTERPOL-PF.jpg'><img loading=\"lazy\" decoding=\"async\" width=\"240\" height=\"141\" src=\"https:\/\/www.diarioimagen.net\/wp-content\/uploads\/2020\/10\/INTERPOL-PF.jpg\" class=\"attachment-medium size-medium\" alt=\"\" \/><\/a><\/p>\n"},"caption":{"rendered":"<p>Jes\u00fas Orta Mart\u00ednez y Frida Mart\u00ednez Zamora, ex funcionarios de la PF son buscados en 195 pa\u00edses.<\/p>\n"},"alt_text":"","media_type":"image","mime_type":"image\/jpeg","media_details":{"width":460,"height":270,"file":"2020\/10\/INTERPOL-PF.jpg","sizes":{},"image_meta":{"aperture":"0","credit":"","camera":"","caption":"","created_timestamp":"0","copyright":"","focal_length":"0","iso":"0","shutter_speed":"0","title":"","orientation":"0","keywords":[]}},"post":484708,"source_url":"https:\/\/www.diarioimagen.net\/wp-content\/uploads\/2020\/10\/INTERPOL-PF.jpg","_links":{"self":[{"href":"https:\/\/www.diarioimagen.net\/index.php?rest_route=\/wp\/v2\/media\/484772","targetHints":{"allow":["GET"]}}],"collection":[{"href":"https:\/\/www.diarioimagen.net\/index.php?rest_route=\/wp\/v2\/media"}],"about":[{"href":"https:\/\/www.diarioimagen.net\/index.php?rest_route=\/wp\/v2\/types\/attachment"}],"author":[{"embeddable":true,"href":"https:\/\/www.diarioimagen.net\/index.php?rest_route=\/wp\/v2\/users\/1"}],"replies":[{"embeddable":true,"href":"https:\/\/www.diarioimagen.net\/index.php?rest_route=%2Fwp%2Fv2%2Fcomments&post=484772"}]}}

<p>Jesús Orta Martínez y Frida Martínez Zamora, ex funcionarios de la PF son buscados en 195 países.</p>
