{"id":485242,"date":"2020-11-03T02:47:13","date_gmt":"2020-11-03T08:47:13","guid":{"rendered":"https:\/\/www.diarioimagen.net\/wp-content\/uploads\/2020\/11\/uaem-odo.jpg"},"modified":"2020-11-03T02:47:19","modified_gmt":"2020-11-03T08:47:19","slug":"uaem-odo","status":"inherit","type":"attachment","link":"https:\/\/www.diarioimagen.net\/?attachment_id=485242","title":{"rendered":"uaem-odo"},"author":1,"featured_media":0,"comment_status":"open","ping_status":"closed","template":"","meta":{"_monsterinsights_skip_tracking":false,"_monsterinsights_sitenote_active":false,"_monsterinsights_sitenote_note":"","_monsterinsights_sitenote_category":0},"class_list":["post-485242","attachment","type-attachment","status-inherit","hentry"],"description":{"rendered":"<p class=\"attachment\"><a href='https:\/\/www.diarioimagen.net\/wp-content\/uploads\/2020\/11\/uaem-odo.jpg'><img loading=\"lazy\" decoding=\"async\" width=\"240\" height=\"171\" src=\"https:\/\/www.diarioimagen.net\/wp-content\/uploads\/2020\/11\/uaem-odo.jpg\" class=\"attachment-medium size-medium\" alt=\"\" \/><\/a><\/p>\n"},"caption":{"rendered":"<p>La Secretar\u00eda de Cooperaci\u00f3n Internacional y la Facultad de Odontolog\u00eda de la UAEM llevaron a cabo el conversatorio \u201cExperiencia de las universidades de Asahi y Meikai, Jap\u00f3n, y la Facultad de Odontolog\u00eda de la UAEM ante la COVID-19&#8243;, en el que compartieron experiencias acad\u00e9micas y culturales en torno a la emergencia sanitaria que se vive a nivel mundial.<\/p>\n"},"alt_text":"","media_type":"image","mime_type":"image\/jpeg","media_details":{"width":460,"height":327,"file":"2020\/11\/uaem-odo.jpg","sizes":{},"image_meta":{"aperture":"0","credit":"","camera":"","caption":"","created_timestamp":"0","copyright":"","focal_length":"0","iso":"0","shutter_speed":"0","title":"","orientation":"0","keywords":[]}},"post":485163,"source_url":"https:\/\/www.diarioimagen.net\/wp-content\/uploads\/2020\/11\/uaem-odo.jpg","_links":{"self":[{"href":"https:\/\/www.diarioimagen.net\/index.php?rest_route=\/wp\/v2\/media\/485242","targetHints":{"allow":["GET"]}}],"collection":[{"href":"https:\/\/www.diarioimagen.net\/index.php?rest_route=\/wp\/v2\/media"}],"about":[{"href":"https:\/\/www.diarioimagen.net\/index.php?rest_route=\/wp\/v2\/types\/attachment"}],"author":[{"embeddable":true,"href":"https:\/\/www.diarioimagen.net\/index.php?rest_route=\/wp\/v2\/users\/1"}],"replies":[{"embeddable":true,"href":"https:\/\/www.diarioimagen.net\/index.php?rest_route=%2Fwp%2Fv2%2Fcomments&post=485242"}]}}

<p>La Secretaría de Cooperación Internacional y la Facultad de Odontología de la UAEM llevaron a cabo el conversatorio “Experiencia de las universidades de Asahi y Meikai, Japón, y la Facultad de Odontología de la UAEM ante la COVID-19&#8243;, en el que compartieron experiencias académicas y culturales en torno a la emergencia sanitaria que se vive a nivel mundial.</p>
