{"id":486770,"date":"2020-11-17T01:21:10","date_gmt":"2020-11-17T07:21:10","guid":{"rendered":"https:\/\/www.diarioimagen.net\/wp-content\/uploads\/2020\/11\/HURACAN-IOTA.jpg"},"modified":"2020-11-17T01:21:19","modified_gmt":"2020-11-17T07:21:19","slug":"huracan-iota","status":"inherit","type":"attachment","link":"https:\/\/www.diarioimagen.net\/?attachment_id=486770","title":{"rendered":"HURACAN-IOTA"},"author":1,"featured_media":0,"comment_status":"open","ping_status":"closed","template":"","meta":{"_monsterinsights_skip_tracking":false,"_monsterinsights_sitenote_active":false,"_monsterinsights_sitenote_note":"","_monsterinsights_sitenote_category":0},"class_list":["post-486770","attachment","type-attachment","status-inherit","hentry"],"description":{"rendered":"<p class=\"attachment\"><a href='https:\/\/www.diarioimagen.net\/wp-content\/uploads\/2020\/11\/HURACAN-IOTA.jpg'><img loading=\"lazy\" decoding=\"async\" width=\"240\" height=\"186\" src=\"https:\/\/www.diarioimagen.net\/wp-content\/uploads\/2020\/11\/HURACAN-IOTA.jpg\" class=\"attachment-medium size-medium\" alt=\"\" \/><\/a><\/p>\n"},"caption":{"rendered":"<p>El hurac\u00e1n \u201cIota\u201d alcanza la categor\u00eda 4 en su camino hacia la misma zona de Centroam\u00e9rica golpeada hace una semana por el hurac\u00e1n &#8216;Eta&#8217;<\/p>\n"},"alt_text":"","media_type":"image","mime_type":"image\/jpeg","media_details":{"width":460,"height":357,"file":"2020\/11\/HURACAN-IOTA.jpg","sizes":{},"image_meta":{"aperture":"0","credit":"","camera":"","caption":"","created_timestamp":"0","copyright":"","focal_length":"0","iso":"0","shutter_speed":"0","title":"","orientation":"0","keywords":[]}},"post":486737,"source_url":"https:\/\/www.diarioimagen.net\/wp-content\/uploads\/2020\/11\/HURACAN-IOTA.jpg","_links":{"self":[{"href":"https:\/\/www.diarioimagen.net\/index.php?rest_route=\/wp\/v2\/media\/486770","targetHints":{"allow":["GET"]}}],"collection":[{"href":"https:\/\/www.diarioimagen.net\/index.php?rest_route=\/wp\/v2\/media"}],"about":[{"href":"https:\/\/www.diarioimagen.net\/index.php?rest_route=\/wp\/v2\/types\/attachment"}],"author":[{"embeddable":true,"href":"https:\/\/www.diarioimagen.net\/index.php?rest_route=\/wp\/v2\/users\/1"}],"replies":[{"embeddable":true,"href":"https:\/\/www.diarioimagen.net\/index.php?rest_route=%2Fwp%2Fv2%2Fcomments&post=486770"}]}}

<p>El huracán “Iota” alcanza la categoría 4 en su camino hacia la misma zona de Centroamérica golpeada hace una semana por el huracán &#8216;Eta&#8217;</p>
