{"id":487253,"date":"2020-11-20T03:54:46","date_gmt":"2020-11-20T09:54:46","guid":{"rendered":"https:\/\/www.diarioimagen.net\/wp-content\/uploads\/2020\/11\/HOMICIDIOS-MEXICO.jpg"},"modified":"2020-11-20T03:54:52","modified_gmt":"2020-11-20T09:54:52","slug":"homicidios-mexico","status":"inherit","type":"attachment","link":"https:\/\/www.diarioimagen.net\/?attachment_id=487253","title":{"rendered":"HOMICIDIOS-MEXICO"},"author":1,"featured_media":0,"comment_status":"open","ping_status":"closed","template":"","meta":{"_monsterinsights_skip_tracking":false,"_monsterinsights_sitenote_active":false,"_monsterinsights_sitenote_note":"","_monsterinsights_sitenote_category":0},"class_list":["post-487253","attachment","type-attachment","status-inherit","hentry"],"description":{"rendered":"<p class=\"attachment\"><a href='https:\/\/www.diarioimagen.net\/wp-content\/uploads\/2020\/11\/HOMICIDIOS-MEXICO.jpg'><img loading=\"lazy\" decoding=\"async\" width=\"240\" height=\"141\" src=\"https:\/\/www.diarioimagen.net\/wp-content\/uploads\/2020\/11\/HOMICIDIOS-MEXICO.jpg\" class=\"attachment-medium size-medium\" alt=\"\" \/><\/a><\/p>\n"},"caption":{"rendered":"<p>M\u00e9xico registr\u00f3 un aumento mensual en los homicidios dolosos en octubre, al reportar 2,944 v\u00edctimas, frente a las 2 mil 733 de septiembre.<\/p>\n"},"alt_text":"","media_type":"image","mime_type":"image\/jpeg","media_details":{"width":460,"height":270,"file":"2020\/11\/HOMICIDIOS-MEXICO.jpg","sizes":{},"image_meta":{"aperture":"0","credit":"","camera":"","caption":"","created_timestamp":"0","copyright":"","focal_length":"0","iso":"0","shutter_speed":"0","title":"","orientation":"0","keywords":[]}},"post":487223,"source_url":"https:\/\/www.diarioimagen.net\/wp-content\/uploads\/2020\/11\/HOMICIDIOS-MEXICO.jpg","_links":{"self":[{"href":"https:\/\/www.diarioimagen.net\/index.php?rest_route=\/wp\/v2\/media\/487253","targetHints":{"allow":["GET"]}}],"collection":[{"href":"https:\/\/www.diarioimagen.net\/index.php?rest_route=\/wp\/v2\/media"}],"about":[{"href":"https:\/\/www.diarioimagen.net\/index.php?rest_route=\/wp\/v2\/types\/attachment"}],"author":[{"embeddable":true,"href":"https:\/\/www.diarioimagen.net\/index.php?rest_route=\/wp\/v2\/users\/1"}],"replies":[{"embeddable":true,"href":"https:\/\/www.diarioimagen.net\/index.php?rest_route=%2Fwp%2Fv2%2Fcomments&post=487253"}]}}

<p>México registró un aumento mensual en los homicidios dolosos en octubre, al reportar 2,944 víctimas, frente a las 2 mil 733 de septiembre.</p>
