{"id":489163,"date":"2020-12-08T03:34:24","date_gmt":"2020-12-08T09:34:24","guid":{"rendered":"https:\/\/www.diarioimagen.net\/wp-content\/uploads\/2020\/12\/CDMX-AGLOMERACIONES.jpg"},"modified":"2020-12-08T03:34:29","modified_gmt":"2020-12-08T09:34:29","slug":"cdmx-aglomeraciones","status":"inherit","type":"attachment","link":"https:\/\/www.diarioimagen.net\/?attachment_id=489163","title":{"rendered":"CDMX-AGLOMERACIONES"},"author":1,"featured_media":0,"comment_status":"open","ping_status":"closed","template":"","meta":{"_monsterinsights_skip_tracking":false,"_monsterinsights_sitenote_active":false,"_monsterinsights_sitenote_note":"","_monsterinsights_sitenote_category":0},"class_list":["post-489163","attachment","type-attachment","status-inherit","hentry"],"description":{"rendered":"<p class=\"attachment\"><a href='https:\/\/www.diarioimagen.net\/wp-content\/uploads\/2020\/12\/CDMX-AGLOMERACIONES.jpg'><img loading=\"lazy\" decoding=\"async\" width=\"240\" height=\"141\" src=\"https:\/\/www.diarioimagen.net\/wp-content\/uploads\/2020\/12\/CDMX-AGLOMERACIONES.jpg\" class=\"attachment-medium size-medium\" alt=\"\" \/><\/a><\/p>\n"},"caption":{"rendered":"<p>Las cifras de ocupaci\u00f3n hospitalaria en la capital del pa\u00eds aumentan y pese a ello miles de ciudadanos contin\u00faan saliendo a las calles<\/p>\n"},"alt_text":"","media_type":"image","mime_type":"image\/jpeg","media_details":{"width":460,"height":270,"file":"2020\/12\/CDMX-AGLOMERACIONES.jpg","sizes":{},"image_meta":{"aperture":"0","credit":"","camera":"","caption":"","created_timestamp":"0","copyright":"","focal_length":"0","iso":"0","shutter_speed":"0","title":"","orientation":"0","keywords":[]}},"post":489112,"source_url":"https:\/\/www.diarioimagen.net\/wp-content\/uploads\/2020\/12\/CDMX-AGLOMERACIONES.jpg","_links":{"self":[{"href":"https:\/\/www.diarioimagen.net\/index.php?rest_route=\/wp\/v2\/media\/489163","targetHints":{"allow":["GET"]}}],"collection":[{"href":"https:\/\/www.diarioimagen.net\/index.php?rest_route=\/wp\/v2\/media"}],"about":[{"href":"https:\/\/www.diarioimagen.net\/index.php?rest_route=\/wp\/v2\/types\/attachment"}],"author":[{"embeddable":true,"href":"https:\/\/www.diarioimagen.net\/index.php?rest_route=\/wp\/v2\/users\/1"}],"replies":[{"embeddable":true,"href":"https:\/\/www.diarioimagen.net\/index.php?rest_route=%2Fwp%2Fv2%2Fcomments&post=489163"}]}}

<p>Las cifras de ocupación hospitalaria en la capital del país aumentan y pese a ello miles de ciudadanos continúan saliendo a las calles</p>
