{"id":489908,"date":"2020-12-15T05:14:16","date_gmt":"2020-12-15T11:14:16","guid":{"rendered":"https:\/\/www.diarioimagen.net\/wp-content\/uploads\/2020\/12\/VACUNA-CANADA.jpg"},"modified":"2020-12-15T05:15:06","modified_gmt":"2020-12-15T11:15:06","slug":"vacuna-canada","status":"inherit","type":"attachment","link":"https:\/\/www.diarioimagen.net\/?attachment_id=489908","title":{"rendered":"VACUNA-CANADA"},"author":1,"featured_media":0,"comment_status":"open","ping_status":"closed","template":"","meta":{"_monsterinsights_skip_tracking":false,"_monsterinsights_sitenote_active":false,"_monsterinsights_sitenote_note":"","_monsterinsights_sitenote_category":0},"class_list":["post-489908","attachment","type-attachment","status-inherit","hentry"],"description":{"rendered":"<p class=\"attachment\"><a href='https:\/\/www.diarioimagen.net\/wp-content\/uploads\/2020\/12\/VACUNA-CANADA.jpg'><img loading=\"lazy\" decoding=\"async\" width=\"240\" height=\"141\" src=\"https:\/\/www.diarioimagen.net\/wp-content\/uploads\/2020\/12\/VACUNA-CANADA.jpg\" class=\"attachment-medium size-medium\" alt=\"\" \/><\/a><\/p>\n"},"caption":{"rendered":"<p>Las primeras vacunas de Pfizer que llegar\u00e1n a M\u00e9xico proceder\u00e1n de B\u00e9lgica, no de Estados Unidos.<\/p>\n"},"alt_text":"","media_type":"image","mime_type":"image\/jpeg","media_details":{"width":460,"height":270,"file":"2020\/12\/VACUNA-CANADA.jpg","sizes":{},"image_meta":{"aperture":"0","credit":"","camera":"","caption":"","created_timestamp":"0","copyright":"","focal_length":"0","iso":"0","shutter_speed":"0","title":"","orientation":"0","keywords":[]}},"post":489840,"source_url":"https:\/\/www.diarioimagen.net\/wp-content\/uploads\/2020\/12\/VACUNA-CANADA.jpg","_links":{"self":[{"href":"https:\/\/www.diarioimagen.net\/index.php?rest_route=\/wp\/v2\/media\/489908","targetHints":{"allow":["GET"]}}],"collection":[{"href":"https:\/\/www.diarioimagen.net\/index.php?rest_route=\/wp\/v2\/media"}],"about":[{"href":"https:\/\/www.diarioimagen.net\/index.php?rest_route=\/wp\/v2\/types\/attachment"}],"author":[{"embeddable":true,"href":"https:\/\/www.diarioimagen.net\/index.php?rest_route=\/wp\/v2\/users\/1"}],"replies":[{"embeddable":true,"href":"https:\/\/www.diarioimagen.net\/index.php?rest_route=%2Fwp%2Fv2%2Fcomments&post=489908"}]}}

<p>Las primeras vacunas de Pfizer que llegarán a México procederán de Bélgica, no de Estados Unidos.</p>
