{"id":494510,"date":"2021-01-28T00:38:41","date_gmt":"2021-01-28T06:38:41","guid":{"rendered":"https:\/\/www.diarioimagen.net\/wp-content\/uploads\/2021\/01\/los-destructores.jpg"},"modified":"2021-01-28T00:38:53","modified_gmt":"2021-01-28T06:38:53","slug":"los-destructores-2","status":"inherit","type":"attachment","link":"https:\/\/www.diarioimagen.net\/?attachment_id=494510","title":{"rendered":"los-destructores"},"author":1,"featured_media":0,"comment_status":"open","ping_status":"closed","template":"","meta":{"_monsterinsights_skip_tracking":false,"_monsterinsights_sitenote_active":false,"_monsterinsights_sitenote_note":"","_monsterinsights_sitenote_category":0},"class_list":["post-494510","attachment","type-attachment","status-inherit","hentry"],"description":{"rendered":"<p class=\"attachment\"><a href='https:\/\/www.diarioimagen.net\/wp-content\/uploads\/2021\/01\/los-destructores.jpg'><img loading=\"lazy\" decoding=\"async\" width=\"186\" height=\"240\" src=\"https:\/\/www.diarioimagen.net\/wp-content\/uploads\/2021\/01\/los-destructores.jpg\" class=\"attachment-medium size-medium\" alt=\"\" \/><\/a><\/p>\n"},"caption":{"rendered":"<p>Guillermo Ocampo compr\u00f3 su primer toro \u201cEl Rey\u201d en 1972, fue ah\u00ed donde naci\u00f3 la historia m\u00e1s grande de la ganader\u00eda y los jaripeos en M\u00e9xico:\u00a0 el rancho Los Destructores de Memo Ocampo.<\/p>\n"},"alt_text":"","media_type":"image","mime_type":"image\/jpeg","media_details":{"width":460,"height":595,"file":"2021\/01\/los-destructores.jpg","sizes":{},"image_meta":{"aperture":"0","credit":"","camera":"","caption":"","created_timestamp":"0","copyright":"","focal_length":"0","iso":"0","shutter_speed":"0","title":"","orientation":"0","keywords":[]}},"post":494422,"source_url":"https:\/\/www.diarioimagen.net\/wp-content\/uploads\/2021\/01\/los-destructores.jpg","_links":{"self":[{"href":"https:\/\/www.diarioimagen.net\/index.php?rest_route=\/wp\/v2\/media\/494510","targetHints":{"allow":["GET"]}}],"collection":[{"href":"https:\/\/www.diarioimagen.net\/index.php?rest_route=\/wp\/v2\/media"}],"about":[{"href":"https:\/\/www.diarioimagen.net\/index.php?rest_route=\/wp\/v2\/types\/attachment"}],"author":[{"embeddable":true,"href":"https:\/\/www.diarioimagen.net\/index.php?rest_route=\/wp\/v2\/users\/1"}],"replies":[{"embeddable":true,"href":"https:\/\/www.diarioimagen.net\/index.php?rest_route=%2Fwp%2Fv2%2Fcomments&post=494510"}]}}

<p>Guillermo Ocampo compró su primer toro “El Rey” en 1972, fue ahí donde nació la historia más grande de la ganadería y los jaripeos en México:  el rancho Los Destructores de Memo Ocampo.</p>
