{"id":495101,"date":"2021-02-03T03:30:57","date_gmt":"2021-02-03T09:30:57","guid":{"rendered":"https:\/\/www.diarioimagen.net\/wp-content\/uploads\/2021\/02\/olga.jpg"},"modified":"2021-02-03T03:31:39","modified_gmt":"2021-02-03T09:31:39","slug":"olga-7","status":"inherit","type":"attachment","link":"https:\/\/www.diarioimagen.net\/?attachment_id=495101","title":{"rendered":"olga"},"author":1,"featured_media":0,"comment_status":"open","ping_status":"closed","template":"","meta":{"_monsterinsights_skip_tracking":false,"_monsterinsights_sitenote_active":false,"_monsterinsights_sitenote_note":"","_monsterinsights_sitenote_category":0},"class_list":["post-495101","attachment","type-attachment","status-inherit","hentry"],"description":{"rendered":"<p class=\"attachment\"><a href='https:\/\/www.diarioimagen.net\/wp-content\/uploads\/2021\/02\/olga.jpg'><img loading=\"lazy\" decoding=\"async\" width=\"240\" height=\"141\" src=\"https:\/\/www.diarioimagen.net\/wp-content\/uploads\/2021\/02\/olga.jpg\" class=\"attachment-medium size-medium\" alt=\"\" \/><\/a><\/p>\n"},"caption":{"rendered":"<p>La secretaria de Gobernaci\u00f3n, Olga S\u00e1nchez Cordero, asegur\u00f3 que la estrategia contra la pandemia de Covid-19 se encuentra alejada de cualquier pretensi\u00f3n pol\u00edtica.<\/p>\n"},"alt_text":"","media_type":"image","mime_type":"image\/jpeg","media_details":{"width":460,"height":270,"file":"2021\/02\/olga.jpg","sizes":{},"image_meta":{"aperture":"0","credit":"","camera":"","caption":"","created_timestamp":"0","copyright":"","focal_length":"0","iso":"0","shutter_speed":"0","title":"","orientation":"0","keywords":[]}},"post":495042,"source_url":"https:\/\/www.diarioimagen.net\/wp-content\/uploads\/2021\/02\/olga.jpg","_links":{"self":[{"href":"https:\/\/www.diarioimagen.net\/index.php?rest_route=\/wp\/v2\/media\/495101","targetHints":{"allow":["GET"]}}],"collection":[{"href":"https:\/\/www.diarioimagen.net\/index.php?rest_route=\/wp\/v2\/media"}],"about":[{"href":"https:\/\/www.diarioimagen.net\/index.php?rest_route=\/wp\/v2\/types\/attachment"}],"author":[{"embeddable":true,"href":"https:\/\/www.diarioimagen.net\/index.php?rest_route=\/wp\/v2\/users\/1"}],"replies":[{"embeddable":true,"href":"https:\/\/www.diarioimagen.net\/index.php?rest_route=%2Fwp%2Fv2%2Fcomments&post=495101"}]}}

<p>La secretaria de Gobernación, Olga Sánchez Cordero, aseguró que la estrategia contra la pandemia de Covid-19 se encuentra alejada de cualquier pretensión política.</p>
