{"id":496350,"date":"2021-02-12T05:28:18","date_gmt":"2021-02-12T11:28:18","guid":{"rendered":"https:\/\/www.diarioimagen.net\/wp-content\/uploads\/2021\/02\/amlo-3.jpg"},"modified":"2021-02-12T05:28:25","modified_gmt":"2021-02-12T11:28:25","slug":"amlo-68","status":"inherit","type":"attachment","link":"https:\/\/www.diarioimagen.net\/?attachment_id=496350","title":{"rendered":"amlo"},"author":1,"featured_media":0,"comment_status":"open","ping_status":"closed","template":"","meta":{"_monsterinsights_skip_tracking":false,"_monsterinsights_sitenote_active":false,"_monsterinsights_sitenote_note":"","_monsterinsights_sitenote_category":0},"class_list":["post-496350","attachment","type-attachment","status-inherit","hentry"],"description":{"rendered":"<p class=\"attachment\"><a href='https:\/\/www.diarioimagen.net\/wp-content\/uploads\/2021\/02\/amlo-3.jpg'><img loading=\"lazy\" decoding=\"async\" width=\"240\" height=\"141\" src=\"https:\/\/www.diarioimagen.net\/wp-content\/uploads\/2021\/02\/amlo-3.jpg\" class=\"attachment-medium size-medium\" alt=\"\" \/><\/a><\/p>\n"},"caption":{"rendered":"<p>El Presidente Andr\u00e9s L\u00f3pez Obrador pidi\u00f3 a los migrantes no \u201cdejarse enga\u00f1ar\u201d por las nuevas pol\u00edticas de EU, pues las restricciones no han cambiado y contin\u00faan las deportaciones.<\/p>\n"},"alt_text":"","media_type":"image","mime_type":"image\/jpeg","media_details":{"width":460,"height":270,"file":"2021\/02\/amlo-3.jpg","sizes":{},"image_meta":{"aperture":"0","credit":"","camera":"","caption":"","created_timestamp":"0","copyright":"","focal_length":"0","iso":"0","shutter_speed":"0","title":"","orientation":"0","keywords":[]}},"post":496240,"source_url":"https:\/\/www.diarioimagen.net\/wp-content\/uploads\/2021\/02\/amlo-3.jpg","_links":{"self":[{"href":"https:\/\/www.diarioimagen.net\/index.php?rest_route=\/wp\/v2\/media\/496350","targetHints":{"allow":["GET"]}}],"collection":[{"href":"https:\/\/www.diarioimagen.net\/index.php?rest_route=\/wp\/v2\/media"}],"about":[{"href":"https:\/\/www.diarioimagen.net\/index.php?rest_route=\/wp\/v2\/types\/attachment"}],"author":[{"embeddable":true,"href":"https:\/\/www.diarioimagen.net\/index.php?rest_route=\/wp\/v2\/users\/1"}],"replies":[{"embeddable":true,"href":"https:\/\/www.diarioimagen.net\/index.php?rest_route=%2Fwp%2Fv2%2Fcomments&post=496350"}]}}

<p>El Presidente Andrés López Obrador pidió a los migrantes no “dejarse engañar” por las nuevas políticas de EU, pues las restricciones no han cambiado y continúan las deportaciones.</p>
