{"id":497036,"date":"2021-02-18T06:08:07","date_gmt":"2021-02-18T12:08:07","guid":{"rendered":"https:\/\/www.diarioimagen.net\/wp-content\/uploads\/2021\/02\/DelMazo-2.jpg"},"modified":"2021-02-18T06:08:22","modified_gmt":"2021-02-18T12:08:22","slug":"delmazo-7","status":"inherit","type":"attachment","link":"https:\/\/www.diarioimagen.net\/?attachment_id=497036","title":{"rendered":"DelMazo"},"author":1,"featured_media":0,"comment_status":"open","ping_status":"closed","template":"","meta":{"_monsterinsights_skip_tracking":false,"_monsterinsights_sitenote_active":false,"_monsterinsights_sitenote_note":"","_monsterinsights_sitenote_category":0},"class_list":["post-497036","attachment","type-attachment","status-inherit","hentry"],"description":{"rendered":"<p class=\"attachment\"><a href='https:\/\/www.diarioimagen.net\/wp-content\/uploads\/2021\/02\/DelMazo-2.jpg'><img loading=\"lazy\" decoding=\"async\" width=\"240\" height=\"141\" src=\"https:\/\/www.diarioimagen.net\/wp-content\/uploads\/2021\/02\/DelMazo-2.jpg\" class=\"attachment-medium size-medium\" alt=\"\" \/><\/a><\/p>\n"},"caption":{"rendered":"<p>El gobernador del Estado de M\u00e9xico, Alfredo Del Mazo, puntualiz\u00f3 que, de las 102 mil dosis que la entidad recibi\u00f3 de este f\u00e1rmaco, hasta el momento han aplicado 22 mil 657.<\/p>\n"},"alt_text":"","media_type":"image","mime_type":"image\/jpeg","media_details":{"width":460,"height":270,"file":"2021\/02\/DelMazo-2.jpg","sizes":{},"image_meta":{"aperture":"0","credit":"","camera":"","caption":"","created_timestamp":"0","copyright":"","focal_length":"0","iso":"0","shutter_speed":"0","title":"","orientation":"0","keywords":[]}},"post":496985,"source_url":"https:\/\/www.diarioimagen.net\/wp-content\/uploads\/2021\/02\/DelMazo-2.jpg","_links":{"self":[{"href":"https:\/\/www.diarioimagen.net\/index.php?rest_route=\/wp\/v2\/media\/497036","targetHints":{"allow":["GET"]}}],"collection":[{"href":"https:\/\/www.diarioimagen.net\/index.php?rest_route=\/wp\/v2\/media"}],"about":[{"href":"https:\/\/www.diarioimagen.net\/index.php?rest_route=\/wp\/v2\/types\/attachment"}],"author":[{"embeddable":true,"href":"https:\/\/www.diarioimagen.net\/index.php?rest_route=\/wp\/v2\/users\/1"}],"replies":[{"embeddable":true,"href":"https:\/\/www.diarioimagen.net\/index.php?rest_route=%2Fwp%2Fv2%2Fcomments&post=497036"}]}}

<p>El gobernador del Estado de México, Alfredo Del Mazo, puntualizó que, de las 102 mil dosis que la entidad recibió de este fármaco, hasta el momento han aplicado 22 mil 657.</p>
