{"id":498320,"date":"2021-03-02T06:53:59","date_gmt":"2021-03-02T12:53:59","guid":{"rendered":"https:\/\/www.diarioimagen.net\/wp-content\/uploads\/2021\/03\/EDOMEX.jpg"},"modified":"2021-03-02T06:54:44","modified_gmt":"2021-03-02T12:54:44","slug":"edomex-13","status":"inherit","type":"attachment","link":"https:\/\/www.diarioimagen.net\/?attachment_id=498320","title":{"rendered":"EDOMEX"},"author":1,"featured_media":0,"comment_status":"open","ping_status":"closed","template":"","meta":{"_monsterinsights_skip_tracking":false,"_monsterinsights_sitenote_active":false,"_monsterinsights_sitenote_note":"","_monsterinsights_sitenote_category":0},"class_list":["post-498320","attachment","type-attachment","status-inherit","hentry"],"description":{"rendered":"<p class=\"attachment\"><a href='https:\/\/www.diarioimagen.net\/wp-content\/uploads\/2021\/03\/EDOMEX.jpg'><img loading=\"lazy\" decoding=\"async\" width=\"240\" height=\"141\" src=\"https:\/\/www.diarioimagen.net\/wp-content\/uploads\/2021\/03\/EDOMEX.jpg\" class=\"attachment-medium size-medium\" alt=\"\" \/><\/a><\/p>\n"},"caption":{"rendered":"<p>Entrega la secretaria del Trabajo, Martha Hilda Gonz\u00e1lez Calder\u00f3n, apoyos de hasta por 25 mil pesos en equipo en Chimalhuac\u00e1n.<\/p>\n"},"alt_text":"","media_type":"image","mime_type":"image\/jpeg","media_details":{"width":460,"height":270,"file":"2021\/03\/EDOMEX.jpg","sizes":{},"image_meta":{"aperture":"0","credit":"","camera":"","caption":"","created_timestamp":"0","copyright":"","focal_length":"0","iso":"0","shutter_speed":"0","title":"","orientation":"0","keywords":[]}},"post":498221,"source_url":"https:\/\/www.diarioimagen.net\/wp-content\/uploads\/2021\/03\/EDOMEX.jpg","_links":{"self":[{"href":"https:\/\/www.diarioimagen.net\/index.php?rest_route=\/wp\/v2\/media\/498320","targetHints":{"allow":["GET"]}}],"collection":[{"href":"https:\/\/www.diarioimagen.net\/index.php?rest_route=\/wp\/v2\/media"}],"about":[{"href":"https:\/\/www.diarioimagen.net\/index.php?rest_route=\/wp\/v2\/types\/attachment"}],"author":[{"embeddable":true,"href":"https:\/\/www.diarioimagen.net\/index.php?rest_route=\/wp\/v2\/users\/1"}],"replies":[{"embeddable":true,"href":"https:\/\/www.diarioimagen.net\/index.php?rest_route=%2Fwp%2Fv2%2Fcomments&post=498320"}]}}

<p>Entrega la secretaria del Trabajo, Martha Hilda González Calderón, apoyos de hasta por 25 mil pesos en equipo en Chimalhuacán.</p>
