{"id":498482,"date":"2021-03-03T04:57:28","date_gmt":"2021-03-03T10:57:28","guid":{"rendered":"https:\/\/www.diarioimagen.net\/wp-content\/uploads\/2021\/03\/VACUNA-PFIZER.jpg"},"modified":"2021-03-03T04:57:44","modified_gmt":"2021-03-03T10:57:44","slug":"vacuna-pfizer-6","status":"inherit","type":"attachment","link":"https:\/\/www.diarioimagen.net\/?attachment_id=498482","title":{"rendered":"VACUNA-PFIZER"},"author":1,"featured_media":0,"comment_status":"open","ping_status":"closed","template":"","meta":{"_monsterinsights_skip_tracking":false,"_monsterinsights_sitenote_active":false,"_monsterinsights_sitenote_note":"","_monsterinsights_sitenote_category":0},"class_list":["post-498482","attachment","type-attachment","status-inherit","hentry"],"description":{"rendered":"<p class=\"attachment\"><a href='https:\/\/www.diarioimagen.net\/wp-content\/uploads\/2021\/03\/VACUNA-PFIZER.jpg'><img loading=\"lazy\" decoding=\"async\" width=\"240\" height=\"141\" src=\"https:\/\/www.diarioimagen.net\/wp-content\/uploads\/2021\/03\/VACUNA-PFIZER.jpg\" class=\"attachment-medium size-medium\" alt=\"\" \/><\/a><\/p>\n"},"caption":{"rendered":"<p>El vuelo 925 procedente de Bruselas, B\u00e9lgica, arrib\u00f3 a la plataforma 42 del aeropuerto de la Ciudad de M\u00e9xico con las dosis Pfizer.<\/p>\n"},"alt_text":"","media_type":"image","mime_type":"image\/jpeg","media_details":{"width":460,"height":270,"file":"2021\/03\/VACUNA-PFIZER.jpg","sizes":{},"image_meta":{"aperture":"0","credit":"","camera":"","caption":"","created_timestamp":"0","copyright":"","focal_length":"0","iso":"0","shutter_speed":"0","title":"","orientation":"0","keywords":[]}},"post":498369,"source_url":"https:\/\/www.diarioimagen.net\/wp-content\/uploads\/2021\/03\/VACUNA-PFIZER.jpg","_links":{"self":[{"href":"https:\/\/www.diarioimagen.net\/index.php?rest_route=\/wp\/v2\/media\/498482","targetHints":{"allow":["GET"]}}],"collection":[{"href":"https:\/\/www.diarioimagen.net\/index.php?rest_route=\/wp\/v2\/media"}],"about":[{"href":"https:\/\/www.diarioimagen.net\/index.php?rest_route=\/wp\/v2\/types\/attachment"}],"author":[{"embeddable":true,"href":"https:\/\/www.diarioimagen.net\/index.php?rest_route=\/wp\/v2\/users\/1"}],"replies":[{"embeddable":true,"href":"https:\/\/www.diarioimagen.net\/index.php?rest_route=%2Fwp%2Fv2%2Fcomments&post=498482"}]}}

<p>El vuelo 925 procedente de Bruselas, Bélgica, arribó a la plataforma 42 del aeropuerto de la Ciudad de México con las dosis Pfizer.</p>
