{"id":498929,"date":"2021-03-08T04:19:22","date_gmt":"2021-03-08T10:19:22","guid":{"rendered":"https:\/\/www.diarioimagen.net\/wp-content\/uploads\/2021\/03\/CollageDerecho.jpg"},"modified":"2021-03-08T04:19:35","modified_gmt":"2021-03-08T10:19:35","slug":"collagederecho","status":"inherit","type":"attachment","link":"https:\/\/www.diarioimagen.net\/?attachment_id=498929","title":{"rendered":"CollageDerecho"},"author":1,"featured_media":0,"comment_status":"open","ping_status":"closed","template":"","meta":{"_monsterinsights_skip_tracking":false,"_monsterinsights_sitenote_active":false,"_monsterinsights_sitenote_note":"","_monsterinsights_sitenote_category":0},"class_list":["post-498929","attachment","type-attachment","status-inherit","hentry"],"description":{"rendered":"<p class=\"attachment\"><a href='https:\/\/www.diarioimagen.net\/wp-content\/uploads\/2021\/03\/CollageDerecho.jpg'><img loading=\"lazy\" decoding=\"async\" width=\"170\" height=\"240\" src=\"https:\/\/www.diarioimagen.net\/wp-content\/uploads\/2021\/03\/CollageDerecho.jpg\" class=\"attachment-medium size-medium\" alt=\"\" \/><\/a><\/p>\n"},"caption":{"rendered":"<p>De un lado el mar y del otro, la laguna de Nichupt\u00e9 totalmente contaminada por las descargas de aguas negras de la zona hotelera de Canc\u00fan. Ni los hoteles ni los residenciales cuentan con los equipos adecuados de tratamiento de aguas residuales y como si esto fuera poco, ahora el enorme vaso de agua contaminada tiene un cementerio n\u00e1utico; una veintena de embarcaciones de diferentes calados se encuentran abandonadas y sumergidas parcialmente a la altura del kil\u00f3metro 5 de la Avenida Kukulk\u00e1n, precisamente donde se encuentra el Asta Monumental de la Bandera Nacional que mand\u00f3 instalar el ex presidente Ernesto Zedillo.<\/p>\n"},"alt_text":"","media_type":"image","mime_type":"image\/jpeg","media_details":{"width":460,"height":648,"file":"2021\/03\/CollageDerecho.jpg","sizes":{},"image_meta":{"aperture":"0","credit":"","camera":"","caption":"","created_timestamp":"0","copyright":"","focal_length":"0","iso":"0","shutter_speed":"0","title":"","orientation":"0","keywords":[]}},"post":498825,"source_url":"https:\/\/www.diarioimagen.net\/wp-content\/uploads\/2021\/03\/CollageDerecho.jpg","_links":{"self":[{"href":"https:\/\/www.diarioimagen.net\/index.php?rest_route=\/wp\/v2\/media\/498929","targetHints":{"allow":["GET"]}}],"collection":[{"href":"https:\/\/www.diarioimagen.net\/index.php?rest_route=\/wp\/v2\/media"}],"about":[{"href":"https:\/\/www.diarioimagen.net\/index.php?rest_route=\/wp\/v2\/types\/attachment"}],"author":[{"embeddable":true,"href":"https:\/\/www.diarioimagen.net\/index.php?rest_route=\/wp\/v2\/users\/1"}],"replies":[{"embeddable":true,"href":"https:\/\/www.diarioimagen.net\/index.php?rest_route=%2Fwp%2Fv2%2Fcomments&post=498929"}]}}

<p>De un lado el mar y del otro, la laguna de Nichupté totalmente contaminada por las descargas de aguas negras de la zona hotelera de Cancún. Ni los hoteles ni los residenciales cuentan con los equipos adecuados de tratamiento de aguas residuales y como si esto fuera poco, ahora el enorme vaso de agua contaminada tiene un cementerio náutico; una veintena de embarcaciones de diferentes calados se encuentran abandonadas y sumergidas parcialmente a la altura del kilómetro 5 de la Avenida Kukulkán, precisamente donde se encuentra el Asta Monumental de la Bandera Nacional que mandó instalar el ex presidente Ernesto Zedillo.</p>
